000
CDUS41 KBOX 182129
CLIBDL


CLIMATE REPORT
NATIONAL WEATHER SERVICE TAUNTON MA
527 PM EDT SAT OCT 18 2014


...................................

...THE HARTFORD CT CLIMATE SUMMARY FOR OCTOBER 18 2014...
VALID AS OF 0500 PM LOCAL TIME.

CLIMATE NORMAL PERIOD 1981 TO 2010
CLIMATE RECORD PERIOD 1904 TO 2014


WEATHER ITEM   OBSERVED TIME   RECORD YEAR NORMAL DEPARTURE LAST
                VALUE   (LST)  VALUE       VALUE  FROM      YEAR
                                                  NORMAL
..................................................................
TEMPERATURE (F)
 TODAY
  MAXIMUM         69    213 PM  80    1968  62      7       69
                                      1908
  MINIMUM         57    555 AM  17    1978  40     17       45
  AVERAGE         63                        51     12       57

PRECIPITATION (IN)
  TODAY            0.10          4.01 1911   0.14  -0.04     0.01
  MONTH TO DATE    2.93                      2.67   0.26     2.02
  SINCE SEP 1      4.55                      6.55  -2.00     5.60
  SINCE JAN 1     36.52                     36.82  -0.30    43.60

SNOWFALL (IN)
  TODAY            0.0           T    1972   0.0    0.0      0.0
  MONTH TO DATE    0.0                       0.0    0.0      0.0
  SINCE SEP 1      0.0                       0.0    0.0      0.0
  SINCE JUL 1      0.0                       0.0    0.0      0.0
  SNOW DEPTH       0

DEGREE DAYS
 HEATING
  TODAY            2                        14    -12        8
  MONTH TO DATE  123                       200    -77      111
  SINCE SEP 1    207                       310   -103      242
  SINCE JUL 1    209                       322   -113      244

 COOLING
  TODAY            0                         0      0        0
  MONTH TO DATE   15                         5     10        5
  SINCE SEP 1    112                        79     33       70
  SINCE JAN 1    771                       754     17      894
..................................................................


WIND (MPH)
  HIGHEST WIND SPEED    22   HIGHEST WIND DIRECTION    NW (300)
  HIGHEST GUST SPEED    27   HIGHEST GUST DIRECTION    NW (310)
  AVERAGE WIND SPEED     7.1


SKY COVER
  POSSIBLE SUNSHINE  MM
  AVERAGE SKY COVER 0.7


WEATHER CONDITIONS
 THE FOLLOWING WEATHER WAS RECORDED TODAY.
  HEAVY RAIN
  FOG


RELATIVE HUMIDITY (PERCENT)
 HIGHEST    93           600 AM
 LOWEST     63           200 PM
 AVERAGE    78

..........................................................


THE HARTFORD CT CLIMATE NORMALS FOR TOMORROW
                         NORMAL    RECORD    YEAR
 MAXIMUM TEMPERATURE (F)   62        82      1963
 MINIMUM TEMPERATURE (F)   40        18      1974


SUNRISE AND SUNSET
OCTOBER 18 2014.......SUNRISE   706 AM EDT   SUNSET   605 PM EDT
OCTOBER 19 2014.......SUNRISE   708 AM EDT   SUNSET   603 PM EDT


-  INDICATES NEGATIVE NUMBERS.
R  INDICATES RECORD WAS SET OR TIED.
MM INDICATES DATA IS MISSING.
T  INDICATES TRACE AMOUNT.




$$
