000
CDUS41 KBOX 200539
CLIBDL


CLIMATE REPORT
NATIONAL WEATHER SERVICE TAUNTON MA
1239 AM EST MON NOV 20 2017


...................................

...THE HARTFORD CT CLIMATE SUMMARY FOR NOVEMBER 19 2017...

CLIMATE NORMAL PERIOD 1981 TO 2010
CLIMATE RECORD PERIOD 1904 TO 2017


WEATHER ITEM   OBSERVED TIME   RECORD YEAR NORMAL DEPARTURE LAST
                VALUE   (LST)  VALUE       VALUE  FROM      YEAR
                                                  NORMAL
..................................................................
TEMPERATURE (F)
 YESTERDAY
  MAXIMUM         57    930 AM  71    1941  50      7       64
  MINIMUM         35   1143 PM  12    1924  33      2       32
  AVERAGE         46                        41      5       48

PRECIPITATION (IN)
  YESTERDAY        0.29          1.08 1945   0.14   0.15      T
  MONTH TO DATE    0.86                      2.43  -1.57     0.72
  SINCE SEP 1     11.88                     10.68   1.20     5.31
  SINCE JAN 1     42.99                     40.95   2.04    27.65

SNOWFALL (IN)
  YESTERDAY        0.0           4.5  1986   0.1   -0.1      0.0
  MONTH TO DATE    T                         0.9   -0.9      0.0
  SINCE SEP 1      T                         0.9   -0.9      1.5
  SINCE JUL 1      T                         0.9   -0.9      1.5
  SNOW DEPTH       0

DEGREE DAYS
 HEATING
  YESTERDAY       19                        24     -5       17
  MONTH TO DATE  450                       394     56      334
  SINCE SEP 1    695                       911   -216      743
  SINCE JUL 1    711                       923   -212      743

 COOLING
  YESTERDAY        0                         0      0        0
  MONTH TO DATE    0                         0      0        0
  SINCE SEP 1    178                        81     97      138
  SINCE JAN 1    865                       756    109     1068
..................................................................


WIND (MPH)
  RESULTANT WIND SPEED   9   RESULTANT WIND DIRECTION   W (270)
  HIGHEST WIND SPEED    35   HIGHEST WIND DIRECTION     W (280)
  HIGHEST GUST SPEED    42   HIGHEST GUST DIRECTION    NW (310)
  AVERAGE WIND SPEED    13.1


SKY COVER
  POSSIBLE SUNSHINE  MM
  AVERAGE SKY COVER 0.8


WEATHER CONDITIONS
 THE FOLLOWING WEATHER WAS RECORDED YESTERDAY.
  RAIN
  LIGHT RAIN
  FOG


RELATIVE HUMIDITY (PERCENT)
 HIGHEST   100           100 AM
 LOWEST     49           100 PM
 AVERAGE    75

..........................................................


THE HARTFORD CT CLIMATE NORMALS FOR TODAY
                         NORMAL    RECORD    YEAR
 MAXIMUM TEMPERATURE (F)   50        73      1991
                                             1985
 MINIMUM TEMPERATURE (F)   32         9      1986


SUNRISE AND SUNSET
NOVEMBER 20 2017......SUNRISE   647 AM EST   SUNSET   426 PM EST
NOVEMBER 21 2017......SUNRISE   648 AM EST   SUNSET   425 PM EST


-  INDICATES NEGATIVE NUMBERS.
R  INDICATES RECORD WAS SET OR TIED.
MM INDICATES DATA IS MISSING.
T  INDICATES TRACE AMOUNT.




$$
