000
CDUS41 KBOX 290611
CLIBDL


CLIMATE REPORT
NATIONAL WEATHER SERVICE TAUNTON MA
200 AM EDT MON SEP 29 2014


...................................

...THE HARTFORD CT CLIMATE SUMMARY FOR SEPTEMBER 28 2014...

CLIMATE NORMAL PERIOD 1981 TO 2010
CLIMATE RECORD PERIOD 1904 TO 2014


WEATHER ITEM   OBSERVED TIME   RECORD YEAR NORMAL DEPARTURE LAST
                VALUE   (LST)  VALUE       VALUE  FROM      YEAR
                                                  NORMAL
..................................................................
TEMPERATURE (F)
 YESTERDAY
  MAXIMUM         87R   309 PM  83    1959  70     17       75
                                      1954
  MINIMUM         54    618 AM  30    1947  48      6       46
  AVERAGE         71                        59     12       61

PRECIPITATION (IN)
  YESTERDAY        0.00          4.04 2003   0.15  -0.15     0.00
  MONTH TO DATE    1.60                      3.57  -1.97     3.58
  SINCE SEP 1      1.60                      3.57  -1.97     3.58
  SINCE JAN 1     33.57                     33.84  -0.27    41.58

SNOWFALL (IN)
  YESTERDAY        0.0           0.0  2001   0.0    0.0      0.0
                                      2000
  MONTH TO DATE    0.0                       0.0    0.0      0.0
  SINCE SEP 1      0.0                       0.0    0.0      0.0
  SINCE JUL 1      0.0                       0.0    0.0      0.0
  SNOW DEPTH       0

DEGREE DAYS
 HEATING
  YESTERDAY        0                         7     -7        4
  MONTH TO DATE   81                        94    -13      118
  SINCE SEP 1     81                        94    -13      118
  SINCE JUL 1     83                       106    -23      120

 COOLING
  YESTERDAY        6                         1      5        0
  MONTH TO DATE   94                        74     20       65
  SINCE SEP 1     94                        74     20       65
  SINCE JAN 1    753                       749      4      889
..................................................................


WIND (MPH)
  RESULTANT WIND SPEED   1   RESULTANT WIND DIRECTION  SW (210)
  HIGHEST WIND SPEED     9   HIGHEST WIND DIRECTION    NW (300)
  HIGHEST GUST SPEED    14   HIGHEST GUST DIRECTION     S (160)
  AVERAGE WIND SPEED     2.2


SKY COVER
  POSSIBLE SUNSHINE  MM
  AVERAGE SKY COVER 0.4


WEATHER CONDITIONS
 THE FOLLOWING WEATHER WAS RECORDED YESTERDAY.
  FOG


RELATIVE HUMIDITY (PERCENT)
 HIGHEST    93           200 AM
 LOWEST     37           300 PM
 AVERAGE    65

..........................................................


THE HARTFORD CT CLIMATE NORMALS FOR TODAY
                         NORMAL    RECORD    YEAR
 MAXIMUM TEMPERATURE (F)   70        86      1945
 MINIMUM TEMPERATURE (F)   47        30      2000
                                             1957


SUNRISE AND SUNSET
SEPTEMBER 29 2014.....SUNRISE   645 AM EDT   SUNSET   636 PM EDT
SEPTEMBER 30 2014.....SUNRISE   646 AM EDT   SUNSET   634 PM EDT


-  INDICATES NEGATIVE NUMBERS.
R  INDICATES RECORD WAS SET OR TIED.
MM INDICATES DATA IS MISSING.
T  INDICATES TRACE AMOUNT.




$$
