000
CXUS51 KOKX 011010
CF6BDR
PRELIMINARY LOCAL CLIMATOLOGICAL DATA (WS FORM: F-6)
STATION: BRIDGEPORT CT
MONTH: FEBRUARY
YEAR: 2022
LATITUDE: 41 10 N
LONGITUDE: 73 8 W
TEMPERATURE IN F: :PCPN: SNOW: WIND :SUNSHINE: SKY :PK WND
================================================================================
1 2 3 4 5 6A 6B 7 8 9 10 11 12 13 14 15 16 17 18
12Z AVG MX 2MIN
DY MAX MIN AVG DEP HDD CDD WTR SNW DPTH SPD SPD DIR MIN PSBL S-S WX SPD DR
================================================================================
1 36 16 26 -5 39 0 0.00 0.0 9 7.9 14 70 M M 4 17 10
2 40 32 36 5 29 0 0.00 0.0 M 5.3 10 60 M M 9 1 13 60
3 46 35 41 10 24 0 0.47 0.0 M 2.2 14 200 M M 10 12 19 210
4 48 26 37 6 28 0 0.89 T M 10.1 20 210 M M 10 16 26 210
5 28 16 22 -10 43 0 T T 0 13.0 23 320 M M 4 33 320
6 31 14 23 -9 42 0 0.00 0.0 0 6.8 12 10 M M 1 18 360
7 38 27 33 1 32 0 0.30 T 0 6.9 12 20 M M 10 168 14 30
8 46 32 39 7 26 0 0.18 0.0 0 10.7 22 290 M M 6 28 290
9 41 24 33 1 32 0 0.00 0.0 0 4.2 10 220 M M 0 14 270
10 52 30 41 9 24 0 0.00 0.0 0 6.8 26 270 M M 2 1 37 260
11 52 27 40 8 25 0 0.00 0.0 0 6.0 15 190 M M 1 20 190
12 60 39 50 18 15 0 0.00 0.0 0 9.9 22 270 M M 1 29 260
13 39 24 32 -1 33 0 0.14 3.4 3 9.1 18 340 M M 10 1 24 350
14 24 15 20 -13 45 0 0.00 0.0 3 14.0 25 300 M M 1 34 300
15 29 13 21 -12 44 0 0.00 0.0 2 8.6 16 210 M M 0 20 290
16 42 19 31 -2 34 0 0.00 0.0 1 6.0 15 200 M M 2 19 190
17 53 36 45 12 20 0 0.22 0.0 0 12.4 28 190 M M 6 1 35 190
18 57 25 41 7 24 0 0.35 0.0 0 18.0 36 210 M M 4 1 44 210
19 39 19 29 -5 36 0 0.02 0.5 0 13.2 31 300 M M 2 128 45 270
20 35 17 26 -8 39 0 0.00 0.0 T 11.1 23 210 M M 0 28 230
21 49 30 40 6 25 0 0.00 0.0 0 6.2 20 230 M M 0 24 230
22 52 31 42 8 23 0 0.35 0.0 0 12.4 30 210 M M 8 12 37 210
23 67 32 50 15 15 0 0.00 0.0 0 10.1 25 350 M M 4 12 34 290
24 33 26 30 -5 35 0 0.00 0.0 0 9.0 18 330 M M 5 27 340
25 38 25 32 -3 33 0 0.60 0.8 1 13.3 26 300 M M 8 16 32 300
26 35 18 27 -8 38 0 0.00 0.0 T 8.1 18 330 M M 1 24 330
27 46 27 37 1 28 0 T T T 12.6 25 300 M M 2 34 310
28 34 24 29 -7 36 0 0.00 0.0 0 10.1 21 320 M M 2 28 310
================================================================================
SM 1190 699 867 0 3.52 4.7 264.0 M 113
================================================================================
AV 42.5 25.0 9.4 FASTST M M 4 MAX(MPH)
MISC ----> 36 210 45 270
================================================================================
NOTES:
# LAST OF SEVERAL OCCURRENCES
COLUMN 17 PEAK WIND IN M.P.H.
PRELIMINARY LOCAL CLIMATOLOGICAL DATA (WS FORM: F-6) , PAGE 2
STATION: BRIDGEPORT CT
MONTH: FEBRUARY
YEAR: 2022
LATITUDE: 41 10 N
LONGITUDE: 73 8 W
[TEMPERATURE DATA] [PRECIPITATION DATA] SYMBOLS USED IN COLUMN 16
AVERAGE MONTHLY: 33.7 TOTAL FOR MONTH: 3.52 1 = FOG OR MIST
DPTR FM NORMAL: 0.6 DPTR FM NORMAL: 0.40 2 = FOG REDUCING VISIBILITY
HIGHEST: 67 ON 23 GRTST 24HR 1.00 ON 3- 4 TO 1/4 MILE OR LESS
LOWEST: 13 ON 15 3 = THUNDER
SNOW, ICE PELLETS, HAIL 4 = ICE PELLETS
TOTAL MONTH: 4.7 INCHES 5 = HAIL
GRTST 24HR 3.4 ON 13-13 6 = FREEZING RAIN OR DRIZZLE
GRTST DEPTH: 10 ON M 7 = DUSTSTORM OR SANDSTORM:
VSBY 1/2 MILE OR LESS
8 = SMOKE OR HAZE
[NO. OF DAYS WITH] [WEATHER - DAYS WITH] 9 = BLOWING SNOW
X = TORNADO
MAX 32 OR BELOW: 4 0.01 INCH OR MORE: 10
MAX 90 OR ABOVE: 0 0.10 INCH OR MORE: 9
MIN 32 OR BELOW: 25 0.50 INCH OR MORE: 2
MIN 0 OR BELOW: 0 1.00 INCH OR MORE: 0
[HDD (BASE 65) ]
TOTAL THIS MO. 867 CLEAR (SCALE 0-3) 14
DPTR FM NORMAL -26 PTCLDY (SCALE 4-7) 8
TOTAL FM JUL 1 3513 CLOUDY (SCALE 8-10) 6
DPTR FM NORMAL -189
[CDD (BASE 65) ]
TOTAL THIS MO. 0
DPTR FM NORMAL 0 [PRESSURE DATA]
TOTAL FM JAN 1 0 HIGHEST SLP M ON M
DPTR FM NORMAL 0 LOWEST SLP 29.30 ON 18
[REMARKS]
#FINAL-02-22#