682
CXUS51 KOKX 011951
CLABDR

NYCCLMBDR 000
TTAA00 KOKX 011942


CLIMATE REPORT
NATIONAL WEATHER SERVICE NEW YORK NY
242 PM EST SUN JAN 1 2017

...................................

...THE BRIDGEPORT CT CLIMATE SUMMARY FOR THE YEAR OF 2016...

CLIMATE NORMAL PERIOD 1981 TO 2010
CLIMATE RECORD PERIOD 1948 TO 2016

WEATHER         OBSERVED          NORMAL  DEPART  LAST YEAR`S
                 VALUE   DATE(S)  VALUE   FROM    VALUE  DATE(S)
                                          NORMAL
................................................................
TEMPERATURE (F)
RECORD
 HIGH             103   07/22/2011
                        07/22/1957
 LOW               -7   01/22/1984
HIGHEST            97   07/23        MM      MM       94  09/08
LOWEST             -6   02/14        MM      MM       -2  02/16
AVG. MAXIMUM     63.3              60.3     3.0     61.4
AVG. MINIMUM     47.3              44.7     2.6     45.1
MEAN             55.3              52.5     2.8     53.2
DAYS MAX >= 90     18               6.3    11.7        8
DAYS MAX <= 32     13              18.2    -5.2       34
DAYS MIN <= 32     81              92.1   -11.1       88
DAYS MIN <= 0       1               0.3     0.7        2

PRECIPITATION (INCHES)
RECORD
 MAXIMUM        73.93   1972
 MINIMUM           MM   MM
TOTALS          39.40             42.74   -3.34    35.05
DAILY AVG.       0.11              0.12   -0.01     0.10
DAYS >= .01       114             121.7    -7.7      118
DAYS >= .10        68              76.1    -8.1       74
DAYS >= .50        32              28.1     3.9       27
DAYS >= 1.00        9               9.8    -0.8        6
GREATEST
 24 HR. TOTAL    1.91   MM                       12/31 TO 12/31
                                                          12/31 TO 12/31
                                                          12/31 TO 12/31
 STORM TOTAL       MM                                 MM
 (MM/DD(HH))            MM                    12/31(00) TO 12/31(00)
                                                 12/31(00) TO 12/31(00)1
                                                 12/31(00) TO 12/31(00)1

SNOWFALL (INCHES)
RECORDS
 TOTAL             MM   MM
 24 HR TOTAL     18.5   MM
 SNOW DEPTH        30   02/09/2013
TOTALS           32.6              27.6     5.0     59.5
 LIQUID EQUIV    3.26              2.80    0.46     5.95
SINCE 7/1         6.0               5.8     0.2      0.7
 LIQUID 7/1      0.60              0.60    0.00     0.07
SNOWDEPTH AVG.      0                MM      MM        2
DAYS >= TRACE      24              14.6     9.4       42
DAYS >= 1.0         6               8.0    -2.0       17
GREATEST
 SNOW DEPTH        10   01/24                         18  03/06
                                                          03/02
 24 HR TOTAL      9.5   MM                       12/31 TO 12/31
                                                          12/31 TO 12/31
                                                          12/31 TO 12/31
 STORM TOTAL       MM                                 MM
 (MM/DD(HH))            MM                    12/31(00) TO 12/31(00)
                                                 12/31(00) TO 12/31(00)1
                                                 12/31(00) TO 12/31(00)1

DEGREE_DAYS
HEATING TOTAL    4698              5392    -694     5257
 SINCE 7/1         MM              1893      MM       MM
COOLING TOTAL    1270               825     445     1122
 SINCE 1/1       1270               825     445     1122
..................................................

WIND (MPH)
AVERAGE WIND SPEED              8.9
RESULTANT WIND SPEED/DIRECTION   2/286
HIGHEST WIND SPEED/DIRECTION    39/180    DATE  02/25
HIGHEST GUST SPEED/DIRECTION    57/160    DATE  02/24

SKY COVER
POSSIBLE SUNSHINE (PERCENT)   MM
AVERAGE SKY COVER           0.30
NUMBER OF DAYS FAIR          219
NUMBER OF DAYS PC             90
NUMBER OF DAYS CLOUDY         57

AVERAGE RH (PERCENT)     63

WEATHER CONDITIONS. NUMBER OF DAYS WITH
THUNDERSTORM              0     MIXED PRECIP               0
HEAVY RAIN               33     RAIN                      54
LIGHT RAIN              129     FREEZING RAIN              4
LT FREEZING RAIN          4     HAIL                       0
HEAVY SNOW                2     SNOW                       7
LIGHT SNOW               19     SLEET                      0
FOG                     124     FOG W/VIS <= 1/4 MILE     16
HAZE                     48

-  INDICATES NEGATIVE NUMBERS.
R  INDICATES RECORD WAS SET OR TIED.
MM INDICATES DATA IS MISSING.
T  INDICATES TRACE AMOUNT.

$$
