000
CXUS51 KOKX 051910
CLABDR

NYCCLMBDR 000
TTAA00 KOKX 051637


CLIMATE REPORT
NATIONAL WEATHER SERVICE NEW YORK NY
209 PM EST TUE JAN 5 2010

...................................

...THE BRIDGEPORT CT CLIMATE SUMMARY FOR THE YEAR OF 2009...

CLIMATE NORMAL PERIOD 1971 TO 2000
CLIMATE RECORD PERIOD 1948 TO 2010

WEATHER         OBSERVED          NORMAL  DEPART  LAST YEAR`S
                 VALUE   DATE(S)  VALUE   FROM    VALUE  DATE(S)
                                          NORMAL
................................................................
TEMPERATURE (F)
RECORD
 HIGH             103   07/22/1957
 LOW               -7   01/22/1984
HIGHEST            91   08/17        MM      MM       97  06/09
LOWEST              3   01/17        MM      MM        9  01/03
AVG. MAXIMUM     58.8              59.5    -0.7     61.1
AVG. MINIMUM     44.1              43.9     0.2     45.5
MEAN             51.4              51.7    -0.3     53.3
DAYS MAX >= 90      1               6.7    -5.7        8
DAYS MAX <= 32     28              22.3     5.7       11
DAYS MIN <= 32    101              96.4     4.6       97
DAYS MIN <= 0       0               0.7    -0.7        0

PRECIPITATION (INCHES)
RECORD
 MAXIMUM        73.98   1972
 MINIMUM        23.03   1964
TOTALS          40.27             41.58   -1.31    47.73
DAILY AVG.       0.11             10.40  -10.29     0.13
DAYS >= .01       129             120.0     9.0      133
DAYS >= .10        84              77.1     6.9       86
DAYS >= .50        31              28.8     2.2       31
DAYS >= 1.00        8              10.9    -2.9       12
GREATEST
 24 HR. TOTAL    2.16   06/18 TO 06/19              3.36  12/11 TO 12/12
 STORM TOTAL       MM   MM                            MM  MM
 (MM/DD(HH))


SNOWFALL (INCHES)
RECORDS
 TOTAL             MM   MM
 24 HR TOTAL       MM   MM
 SNOW DEPTH        MM   MM
TOTALS           40.2              25.2    15.0     30.4
 LIQUID EQUIV    4.02                MM      MM     3.04
SINCE 7/1        13.4               4.3     9.1     16.3
 LIQUID 7/1      1.34                MM      MM     1.63
SNOWDEPTH AVG.      1                MM      MM        0
DAYS >= TRACE      31              16.2    14.8       34
DAYS >= 1.0        13               7.5     5.5        9
GREATEST
 SNOW DEPTH         9   12/20                          7  12/21
 24 HR TOTAL      9.2   12/19 TO 12/20               7.0  12/19 TO 12/19
 STORM TOTAL       MM   MM                            MM  MM
 (MM/DD(HH))

DEGREE_DAYS
HEATING TOTAL    5503              5536     -33     5127
 SINCE 7/1       1871              1903     -32     1928
COOLING TOTAL     671               725     -54      943
 SINCE 1/1        671               789    -118      943

FREEZE DATES
RECORD
 EARLIEST     MM
 LATEST       MM
EARLIEST                        MM
LATEST                          MM
.................................................................

WIND (MPH)
AVERAGE WIND SPEED              8.6
RESULTANT WIND SPEED/DIRECTION   2/327
HIGHEST WIND SPEED/DIRECTION    41/300    DATE  02/12
HIGHEST GUST SPEED/DIRECTION    56/310    DATE  02/12

SKY COVER
POSSIBLE SUNSHINE (PERCENT)   MM

NUMBER OF DAYS FAIR          197
NUMBER OF DAYS PC             97
NUMBER OF DAYS CLOUDY         70

AVERAGE RH (PERCENT)     69

WEATHER CONDITIONS. NUMBER OF DAYS WITH
THUNDERSTORM              8     MIXED PRECIP               0
HEAVY RAIN               40     RAIN                      69
LIGHT RAIN              145     FREEZING RAIN              3
LT FREEZING RAIN          4     HAIL                       0
HEAVY SNOW                1     SNOW                       7
LIGHT SNOW               24     SLEET                      2
FOG                     177     FOG W/VIS <= 1/4 MILE     29
HAZE                     49

-  INDICATES NEGATIVE NUMBERS.
R  INDICATES RECORD WAS SET OR TIED.
MM INDICATES DATA IS MISSING.
T  INDICATES TRACE AMOUNT.

$$
