000
CXUS51 KOKX 012211
CLABDR

NYCCLMBDR 000
TTAA00 KOKX 012202


CLIMATE REPORT
NATIONAL WEATHER SERVICE NEW YORK NY
510 PM EST FRI JAN 1 2016

...................................

...THE BRIDGEPORT CT CLIMATE SUMMARY FOR THE YEAR OF 2015...

CLIMATE NORMAL PERIOD 1981 TO 2010
CLIMATE RECORD PERIOD 1948 TO 2015

WEATHER         OBSERVED          NORMAL  DEPART  LAST YEAR`S
                 VALUE   DATE(S)  VALUE   FROM    VALUE  DATE(S)
                                          NORMAL
................................................................
TEMPERATURE (F)
RECORD
 HIGH             103   07/22/2011
                        07/22/1957
 LOW               -7   01/22/1984
HIGHEST            94   09/08        MM      MM       91  09/02
LOWEST             -2   02/16        MM      MM        2  01/22
AVG. MAXIMUM     61.4              60.3     1.1     59.7
AVG. MINIMUM     45.1              44.7     0.4     44.5
MEAN             53.2              52.5     0.7     52.1
DAYS MAX >= 90      8               6.3     1.7        2
DAYS MAX <= 32     34              18.2    15.8       28
DAYS MIN <= 32     88              92.1    -4.1      104
DAYS MIN <= 0       2               0.3     1.7        0

PRECIPITATION (INCHES)
RECORD
 MAXIMUM        73.93   1972
 MINIMUM           MM   MM
TOTALS          35.05             42.74   -7.69    46.21
DAILY AVG.       0.10              0.12   -0.02     0.13
DAYS >= .01       118             121.7    -3.7      124
DAYS >= .10        74              76.1    -2.1       72
DAYS >= .50        27              28.1    -1.1       36
DAYS >= 1.00        6               9.8    -3.8       14
GREATEST
 24 HR. TOTAL    1.51   MM                       12/31 TO 12/31
                                                          12/31 TO 12/31
                                                          12/31 TO 12/31
 STORM TOTAL       MM                                 MM
 (MM/DD(HH))            MM                    12/31(00) TO 12/31(00)
                                                 12/31(00) TO 12/31(00)1
                                                 12/31(00) TO 12/31(00)1

SNOWFALL (INCHES)
RECORDS
 TOTAL             MM   MM
 24 HR TOTAL     18.5   MM
 SNOW DEPTH        30   02/09/2013
TOTALS           59.5              27.6    31.9     47.3
 LIQUID EQUIV    5.95              2.80    3.15     4.73
SINCE 7/1         0.7               5.8    -5.1      0.9
 LIQUID 7/1      0.07              0.60   -0.53     0.09
SNOWDEPTH AVG.      2                MM      MM        1
DAYS >= TRACE      42              14.6    27.4       37
DAYS >= 1.0        17               8.0     9.0       11
GREATEST
 SNOW DEPTH        18   03/06                         15  02/19
                        03/02                             02/14
 24 HR TOTAL     10.3   MM                       12/31 TO 12/31
                                                          12/31 TO 12/31
                                                          12/31 TO 12/31
 STORM TOTAL       MM                                 MM
 (MM/DD(HH))            MM                    12/31(00) TO 12/31(00)
                                                 12/31(00) TO 12/31(00)1
                                                 12/31(00) TO 12/31(00)1

DEGREE_DAYS
HEATING TOTAL    5257              5392    -135     5448
 SINCE 7/1         MM              1893      MM       MM
COOLING TOTAL    1122               825     297      884
 SINCE 1/1       1122               825     297      884
..................................................

WIND (MPH)
AVERAGE WIND SPEED              8.5
RESULTANT WIND SPEED/DIRECTION   2/285
HIGHEST WIND SPEED/DIRECTION    36/300    DATE  02/15
HIGHEST GUST SPEED/DIRECTION    51/340    DATE  02/15

SKY COVER
POSSIBLE SUNSHINE (PERCENT)   MM
AVERAGE SKY COVER           0.40
NUMBER OF DAYS FAIR          201
NUMBER OF DAYS PC            104
NUMBER OF DAYS CLOUDY         59

AVERAGE RH (PERCENT)     67

WEATHER CONDITIONS. NUMBER OF DAYS WITH
THUNDERSTORM              0     MIXED PRECIP               0
HEAVY RAIN               28     RAIN                      42
LIGHT RAIN              108     FREEZING RAIN              3
LT FREEZING RAIN          6     HAIL                       0
HEAVY SNOW                0     SNOW                      10
LIGHT SNOW               36     SLEET                      2
FOG                     144     FOG W/VIS <= 1/4 MILE     29
HAZE                     46

-  INDICATES NEGATIVE NUMBERS.
R  INDICATES RECORD WAS SET OR TIED.
MM INDICATES DATA IS MISSING.
T  INDICATES TRACE AMOUNT.

$$
