000
CXUS51 KOKX 022221
CLABDR

NYCCLMBDR 000
TTAA00 KOKX 011712


CLIMATE REPORT
NATIONAL WEATHER SERVICE NEW YORK NY
521 PM EST WED JAN 2 2013

...................................

...THE BRIDGEPORT CT CLIMATE SUMMARY FOR THE YEAR OF 2012...

CLIMATE NORMAL PERIOD 1981 TO 2010
CLIMATE RECORD PERIOD 1948 TO 2012

WEATHER         OBSERVED          NORMAL  DEPART  LAST YEAR`S
                 VALUE   DATE(S)  VALUE   FROM    VALUE  DATE(S)
                                          NORMAL
................................................................
TEMPERATURE (F)
RECORD
 HIGH             103   07/22/2011
                        07/22/1957
 LOW               -7   01/22/1984
HIGHEST            96   06/21        MM      MM      103  07/22
LOWEST             12   01/16        MM      MM        0  01/24
                        01/04
AVG. MAXIMUM     63.2              60.3     2.9     61.7
AVG. MINIMUM     48.1              44.7     3.4     46.4
MEAN             55.6              52.5     3.1     54.1
DAYS MAX >= 90     13               6.3     6.7        7
DAYS MAX <= 32      3              18.2   -15.2       19
DAYS MIN <= 32     67              92.1   -25.1       86
DAYS MIN <= 0       0               0.3    -0.3        1

PRECIPITATION (INCHES)
RECORD
 MAXIMUM        73.93   1972
 MINIMUM           MM     MM
TOTALS          40.99             42.74   -1.75    57.88
DAILY AVG.       0.11              0.12   -0.01     0.16
DAYS >= .01       131             121.7     9.3      125
DAYS >= .10        80              76.1     3.9       86
DAYS >= .50        21              28.1    -7.1       39
DAYS >= 1.00        7               9.8    -2.8       17
GREATEST
 24 HR. TOTAL    4.80   MM                          3.35

 STORM TOTAL       MM                                 MM
 (MM/DD(HH))            MM


SNOWFALL (INCHES)
RECORDS
 TOTAL           62.0   2005
 24 HR TOTAL       MM   MM
 SNOW DEPTH        MM   MM
TOTALS           25.8              27.6    -1.8     53.9
 LIQUID EQUIV    2.58              2.80   -0.22     5.39
SINCE 7/1        16.2               5.8    10.4      4.0
 LIQUID 7/1      1.62              0.60    1.02     0.40
SNOWDEPTH AVG.      0                MM      MM        2
DAYS >= TRACE      28              14.6    13.4       31
DAYS >= 1.0         7               8.0    -1.0       13
GREATEST
 SNOW DEPTH         7   11/08                         26  01/27
 24 HR TOTAL      6.2   MM                          15.0

 STORM TOTAL       MM                                 MM
 (MM/DD(HH))            MM


DEGREE_DAYS
HEATING TOTAL    4389              5392   -1003     4969
 SINCE 7/1         MM              1893      MM       MM
COOLING TOTAL    1075               825     250     1110
 SINCE 1/1       1075               825     250     1110
..................................................

WIND (MPH)
AVERAGE WIND SPEED              8.0
RESULTANT WIND SPEED/DIRECTION   2/286
HIGHEST WIND SPEED/DIRECTION    59/070    DATE  10/29
HIGHEST GUST SPEED/DIRECTION    76/060    DATE  10/29

SKY COVER
POSSIBLE SUNSHINE (PERCENT)   MM
AVERAGE SKY COVER           0.40
NUMBER OF DAYS FAIR          198
NUMBER OF DAYS PC             88
NUMBER OF DAYS CLOUDY         78

AVERAGE RH (PERCENT)     66

WEATHER CONDITIONS. NUMBER OF DAYS WITH
THUNDERSTORM             MM     MIXED PRECIP              MM
HEAVY RAIN               35     RAIN                      59
LIGHT RAIN              149     FREEZING RAIN             MM
LT FREEZING RAIN         MM     HAIL                      MM
HEAVY SNOW                0     SNOW                       3
LIGHT SNOW               18     SLEET                      1
FOG                     151     FOG W/VIS <= 1/4 MILE     36
HAZE                     60

-  INDICATES NEGATIVE NUMBERS.
R  INDICATES RECORD WAS SET OR TIED.
MM INDICATES DATA IS MISSING.
T  INDICATES TRACE AMOUNT.

$$
