000
CXUS51 KOKX 012228
CLABDR

NYCCLMBDR 000
TTAA00 KOKX 012211


CLIMATE REPORT
NATIONAL WEATHER SERVICE NEW YORK NY
528 PM EST SUN JAN 1 2012

...................................

...THE BRIDGEPORT CT CLIMATE SUMMARY FOR THE YEAR OF 2011...

CLIMATE NORMAL PERIOD 1981 TO 2010
CLIMATE RECORD PERIOD 1948 TO 2011

WEATHER         OBSERVED          NORMAL  DEPART  LAST YEAR`S
                 VALUE   DATE(S)  VALUE   FROM    VALUE  DATE(S)
                                          NORMAL
................................................................
TEMPERATURE (F)
RECORD
 HIGH             103   07/22/2011
                        07/22/1957
 LOW               -7   01/22/1984
HIGHEST           103R  07/22        MM      MM       98  07/06
LOWEST              0   01/24        MM      MM        7  01/30
AVG. MAXIMUM     61.7              60.3     1.4     62.0
AVG. MINIMUM     46.4              44.7     1.7     46.5
MEAN             54.1              52.5     1.6     54.2
DAYS MAX >= 90      7               6.3     0.7       18
DAYS MAX <= 32     19              18.2     0.8       18
DAYS MIN <= 32     86              92.1    -6.1       88
DAYS MIN <= 0       1               0.3     0.7        0

PRECIPITATION (INCHES)
RECORD
 MAXIMUM        73.93   1972
 MINIMUM           MM   MM
TOTALS          57.88             42.74   15.14    45.94
DAILY AVG.       0.16              0.12    0.04     0.12
DAYS >= .01       125             121.7     3.3      103
DAYS >= .10        86              76.1     9.9       69
DAYS >= .50        39              28.1    10.9       31
DAYS >= 1.00       17               9.8     7.2       14
GREATEST
 24 HR. TOTAL    3.35   MM
 STORM TOTAL       MM                                 MM
 (MM/DD(HH))            MM

SNOWFALL (INCHES)
RECORDS
 TOTAL           62.0   2005
 24 HR TOTAL     12.0   MM
 SNOW DEPTH        17   02/18/2003
TOTALS           53.9              28.1    25.8     37.1
 LIQUID EQUIV    5.39              2.80    2.59     3.71
SINCE 7/1         4.0               6.3    -2.3     12.4
 LIQUID 7/1      0.40              0.60   -0.20     1.24
SNOWDEPTH AVG.      2                MM      MM        0
DAYS >= TRACE      31              15.7    15.3       34
DAYS >= 1.0        13               8.4     4.6       10
GREATEST
 SNOW DEPTH        26R  01/27                         11  12/27
 24 HR TOTAL     15.0R  MM
 STORM TOTAL       MM                                 MM
 (MM/DD(HH))            MM

DEGREE_DAYS
HEATING TOTAL    4969              5392    -423     4952
 SINCE 7/1         MM              1893      MM     1879
COOLING TOTAL    1110               825     285     1159
 SINCE 1/1       1110               825     285     1159
..................................................

WIND (MPH)
AVERAGE WIND SPEED              7.9
RESULTANT WIND SPEED/DIRECTION   2/278
HIGHEST WIND SPEED/DIRECTION    46/080    DATE  08/28
HIGHEST GUST SPEED/DIRECTION    63/060    DATE  08/28

SKY COVER
POSSIBLE SUNSHINE (PERCENT)   MM
AVERAGE SKY COVER           0.40
NUMBER OF DAYS FAIR          196
NUMBER OF DAYS PC             98
NUMBER OF DAYS CLOUDY         70

AVERAGE RH (PERCENT)     66

WEATHER CONDITIONS. NUMBER OF DAYS WITH
THUNDERSTORM              0     MIXED PRECIP               0
HEAVY RAIN               49     RAIN                      72
LIGHT RAIN              127     FREEZING RAIN              2
LT FREEZING RAIN          5     HAIL                       0
HEAVY SNOW                3     SNOW                      12
LIGHT SNOW               24     SLEET                      1
FOG                     175     FOG W/VIS <= 1/4 MILE     46
HAZE                    119

-  INDICATES NEGATIVE NUMBERS.
R  INDICATES RECORD WAS SET OR TIED.
MM INDICATES DATA IS MISSING.
T  INDICATES TRACE AMOUNT.

$$
