000
CXUS51 KOKX 032342
CLABDR

CLIMATE REPORT
NATIONAL WEATHER SERVICE NEW YORK NY
640 PM EST MON JAN 3 2011


...THE BRIDGEPORT CT CLIMATE SUMMARY FOR THE YEAR OF 2010...

CLIMATE NORMAL PERIOD 1971 TO 2000
CLIMATE RECORD PERIOD 1948 TO 2011

WEATHER         OBSERVED          NORMAL  DEPART  LAST YEAR`S
                 VALUE   DATE(S)  VALUE   FROM    VALUE  DATE(S)
                                          NORMAL
................................................................
TEMPERATURE (F)
RECORD
 HIGH             103   07/22/1957
 LOW               -7   01/22/1984
HIGHEST            98   07/06        MM      MM       91  08/17
LOWEST              7   01/30        MM      MM        3  01/17
AVG. MAXIMUM     62.0              59.5     2.5     58.8
AVG. MINIMUM     46.5              43.9     2.6     44.1
MEAN             54.2              51.7     2.5     51.4
DAYS MAX >= 90     18               6.7    11.3        1
DAYS MAX <= 32     18              22.3    -4.3       28
DAYS MIN <= 32     88              96.4    -8.4      101
DAYS MIN <= 0       0               0.7    -0.7        0

PRECIPITATION (INCHES)
RECORD
 MAXIMUM        73.93   1972
 MINIMUM        19.58   1948
TOTALS          45.94             41.58    4.36    40.27
DAILY AVG.       0.12             10.40  -10.28     0.11
DAYS >= .01       103             120.0   -17.0      129
DAYS >= .10        69              77.1    -8.1       84
DAYS >= .50        31              28.8     2.2       31
DAYS >= 1.00       14              10.9     3.1        8
GREATEST
 24 HR. TOTAL    3.31   03/13                       2.15  06/18
 STORM TOTAL       MM                                 MM
 (MM/DD(HH))

SNOWFALL (INCHES)
RECORDS
 TOTAL           62.0   2005
 24 HR TOTAL     15.9   02/09/1969
 SNOW DEPTH        20   01/11/1996
                        01/10/1996
                        02/12/1994
TOTALS           37.1              25.2    11.9     40.2
 LIQUID EQUIV    3.71                MM      MM     4.02
SINCE 7/1        12.4               4.3     8.1     13.4
 LIQUID 7/1      1.24                MM      MM     1.34
SNOWDEPTH AVG.      0                MM      MM        1
DAYS >= TRACE      34              16.2    17.8       31
DAYS >= 1.0        10               7.5     2.5       13
GREATEST
 SNOW DEPTH        11   12/27                          9  12/20
 24 HR TOTAL      8.0   12/26                        7.6  03/02
 STORM TOTAL       MM                                 MM
 (MM/DD(HH))

DEGREE_DAYS
HEATING TOTAL    4952              5536    -584     5503
 SINCE 7/1       1879              1903     -24     1871
COOLING TOTAL    1159               725     434      671
 SINCE 1/1       1159               789     370      671
.................................................................

WIND (MPH)
AVERAGE WIND SPEED              8.5
RESULTANT WIND SPEED/DIRECTION   2/306
HIGHEST WIND SPEED/DIRECTION    40/350    DATE  12/26
HIGHEST GUST SPEED/DIRECTION    78/290    DATE  06/24

SKY COVER
POSSIBLE SUNSHINE (PERCENT)   MM

NUMBER OF DAYS FAIR          219
NUMBER OF DAYS PC             81
NUMBER OF DAYS CLOUDY         63

AVERAGE RH (PERCENT)     64

WEATHER CONDITIONS. NUMBER OF DAYS WITH
THUNDERSTORM             15     MIXED PRECIP               0
HEAVY RAIN               42     RAIN                      53
LIGHT RAIN              117     FREEZING RAIN              0
LT FREEZING RAIN          0     HAIL                       0
HEAVY SNOW                3     SNOW                       6
LIGHT SNOW               28     SLEET                      0
FOG                     143     FOG W/VIS <= 1/4 MILE     22
HAZE                     74

-  INDICATES NEGATIVE NUMBERS.
R  INDICATES RECORD WAS SET OR TIED.
MM INDICATES DATA IS MISSING.
T  INDICATES TRACE AMOUNT.

$$
