000
CXUS51 KOKX 021758 RRA
CLABDR

CLIMATE REPORT
NATIONAL WEATHER SERVICE NEW YORK NY
1257 PM EST TUE JAN 2 2018

...................................

...THE BRIDGEPORT CT CLIMATE SUMMARY FOR THE YEAR OF 2017...

CLIMATE NORMAL PERIOD 1981 TO 2010
CLIMATE RECORD PERIOD 1948 TO 2018

WEATHER         OBSERVED          NORMAL  DEPART  LAST YEAR`S
                 VALUE   DATE(S)  VALUE   FROM    VALUE  DATE(S)
                                          NORMAL
................................................................
TEMPERATURE (F)
RECORD
 HIGH             103   07/22/2011
                        07/22/1957
 LOW               -7   01/22/1984
HIGHEST            94   07/19        MM      MM       97  07/23
                        06/13
LOWEST              6   12/31        MM      MM       -6  02/14
AVG. MAXIMUM     62.3              60.3     2.0     63.3
AVG. MINIMUM     47.1              44.7     2.4     47.3
MEAN             54.6              52.5     2.1     55.3
DAYS MAX >= 90     12               6.3     5.7       18
DAYS MAX <= 32     17              18.2    -1.2       13
DAYS MIN <= 32     76              92.1   -16.1       81
DAYS MIN <= 0       0               0.3    -0.3        1

PRECIPITATION (INCHES)
RECORD
 MAXIMUM        73.93   1972
 MINIMUM           MM   MM
TOTALS          41.25             42.74   -1.49    39.40
DAILY AVG.       0.11              0.12   -0.01     0.11
DAYS >= .01       121             121.7    -0.7      114
DAYS >= .10        74              76.1    -2.1       68
DAYS >= .50        28              28.1    -0.1       32
DAYS >= 1.00       10               9.8     0.2        9
GREATEST
 24 HR. TOTAL    3.78   MM                       12/31 TO 12/31
                                                          12/31 TO 12/31
                                                          12/31 TO 12/31
 STORM TOTAL       MM                                 MM
 (MM/DD(HH))            MM                    12/31(00) TO 12/31(00)
                                                 12/31(00) TO 12/31(00)1
                                                 12/31(00) TO 12/31(00)1

SNOWFALL (INCHES)
RECORDS
 TOTAL             MM   MM
 24 HR TOTAL     18.5   MM
 SNOW DEPTH        30   02/09/2013
TOTALS           43.6              27.6    16.0     32.6
 LIQUID EQUIV    4.36              2.80    1.56     3.26
SINCE 7/1         8.7               5.8     2.9      6.0
 LIQUID 7/1      0.87              0.60    0.27     0.60
SNOWDEPTH AVG.      0                MM      MM        0
DAYS >= TRACE      25              14.6    10.4       24
DAYS >= 1.0        12               8.0     4.0        6
GREATEST
 SNOW DEPTH         9   02/10                         10  01/24
 24 HR TOTAL     10.3   MM                       12/31 TO 12/31
                                                          12/31 TO 12/31
                                                          12/31 TO 12/31
 STORM TOTAL       MM                                 MM
 (MM/DD(HH))            MM                    12/31(00) TO 12/31(00)
                                                 12/31(00) TO 12/31(00)1
                                                 12/31(00) TO 12/31(00)1

DEGREE_DAYS
HEATING TOTAL    4726              5392    -666     4698
 SINCE 7/1         MM              1893      MM       MM
COOLING TOTAL    1053               825     228     1270
 SINCE 1/1       1053               825     228     1270
..................................................

WIND (MPH)
AVERAGE WIND SPEED              8.8
RESULTANT WIND SPEED/DIRECTION   2/290
HIGHEST WIND SPEED/DIRECTION    44/310    DATE  02/13
HIGHEST GUST SPEED/DIRECTION    60/310    DATE  02/13

SKY COVER
POSSIBLE SUNSHINE (PERCENT)   MM
AVERAGE SKY COVER           0.40
NUMBER OF DAYS FAIR          182
NUMBER OF DAYS PC            111
NUMBER OF DAYS CLOUDY         72

AVERAGE RH (PERCENT)     66

WEATHER CONDITIONS. NUMBER OF DAYS WITH
THUNDERSTORM              0     MIXED PRECIP               0
HEAVY RAIN               37     RAIN                      62
LIGHT RAIN              142     FREEZING RAIN              2
LT FREEZING RAIN          2     HAIL                       0
HEAVY SNOW                3     SNOW                      10
LIGHT SNOW               19     SLEET                      0
FOG                     139     FOG W/VIS <= 1/4 MILE     22
HAZE                     49

-  INDICATES NEGATIVE NUMBERS.
R  INDICATES RECORD WAS SET OR TIED.
MM INDICATES DATA IS MISSING.
T  INDICATES TRACE AMOUNT.

$$
