000
CDUS41 KOKX 240620
CLIBDR


CLIMATE REPORT
NATIONAL WEATHER SERVICE NEW YORK NY
219 AM EDT SAT JUN 24 2017


...................................

...THE BRIDGEPORT CT CLIMATE SUMMARY FOR JUNE 23 2017...

CLIMATE NORMAL PERIOD 1981 TO 2010
CLIMATE RECORD PERIOD 1948 TO 2017


WEATHER ITEM   OBSERVED TIME   RECORD YEAR NORMAL DEPARTURE LAST
                VALUE   (LST)  VALUE       VALUE  FROM      YEAR
                                                  NORMAL
..................................................................
TEMPERATURE (F)
 YESTERDAY
  MAXIMUM         85   1251 PM  91    2010  79      6       77
  MINIMUM         71    518 AM  49    1992  63      8       63
  AVERAGE         78                        71      7       70

PRECIPITATION (IN)
  YESTERDAY        T             2.41 2011   0.10  -0.10     0.00
  MONTH TO DATE    1.37                      2.94  -1.57     1.13
  SINCE JUN 1      1.37                      2.94  -1.57     1.13
  SINCE JAN 1     21.21                     20.81   0.40    16.67

SNOWFALL (IN)
  YESTERDAY        0.0           0.0  2002   0.0    0.0      0.0
                                      2001
  MONTH TO DATE    0.0                       0.0    0.0      0.0
  SINCE OCT 1     40.9                      27.6   13.3     27.3
  SINCE JUL 1     40.9                      27.6   13.3     27.3
  SNOW DEPTH       0

DEGREE DAYS
 HEATING
  YESTERDAY        0                         0      0        0
  MONTH TO DATE   25                        30     -5        4
  SINCE JUN 1     25                        30     -5        4
  SINCE JUL 1   4565                      5390   -825     4421

 COOLING
  YESTERDAY       13                         6      7        5
  MONTH TO DATE  149                        93     56      112
  SINCE JUN 1    149                        93     56      112
  SINCE JAN 1    193                       117     76      170
..................................................................


WIND (MPH)
  HIGHEST WIND SPEED    18   HIGHEST WIND DIRECTION     S (190)
  HIGHEST GUST SPEED    24   HIGHEST GUST DIRECTION     S (200)
  AVERAGE WIND SPEED     8.0


SKY COVER
  AVERAGE SKY COVER 0.3


WEATHER CONDITIONS
 THE FOLLOWING WEATHER WAS RECORDED YESTERDAY.
  FOG
  HAZE


RELATIVE HUMIDITY (PERCENT)
 HIGHEST    87           600 AM
 LOWEST     65           100 PM
 AVERAGE    76

..........................................................


THE BRIDGEPORT CT CLIMATE NORMALS FOR TODAY
                         NORMAL    RECORD    YEAR
 MAXIMUM TEMPERATURE (F)   80        94      1966
 MINIMUM TEMPERATURE (F)   63        55      2007
                                             1988
                                             1987


SUNRISE AND SUNSET
JUNE 24 2017..........SUNRISE   521 AM EDT   SUNSET   829 PM EDT
JUNE 25 2017..........SUNRISE   521 AM EDT   SUNSET   829 PM EDT


-  INDICATES NEGATIVE NUMBERS.
R  INDICATES RECORD WAS SET OR TIED.
MM INDICATES DATA IS MISSING.
T  INDICATES TRACE AMOUNT.




$$
