000
CDUS41 KOKX 080626
CLIBDR


CLIMATE REPORT
NATIONAL WEATHER SERVICE NEW YORK NY
126 AM EST THU DEC 8 2016


...................................

...THE BRIDGEPORT CT CLIMATE SUMMARY FOR DECEMBER 7 2016...

CLIMATE NORMAL PERIOD 1981 TO 2010
CLIMATE RECORD PERIOD 1948 TO 2016


WEATHER ITEM   OBSERVED TIME   RECORD YEAR NORMAL DEPARTURE LAST
                VALUE   (LST)  VALUE       VALUE  FROM      YEAR
                                                  NORMAL
..................................................................
TEMPERATURE (F)
 YESTERDAY
  MAXIMUM         46    413 PM  76    1998  45      1       54
  MINIMUM         39    752 AM  15    1964  31      8       33
  AVERAGE         43                        38      5       44

PRECIPITATION (IN)
  YESTERDAY        0.06          1.73 1996   0.11  -0.05     0.00
  MONTH TO DATE    0.56                      0.82  -0.26     0.73
  SINCE DEC 1      0.56                      0.82  -0.26     0.73
  SINCE JAN 1     36.53                     40.23  -3.70    30.84

SNOWFALL (IN)
  YESTERDAY        0.0           2.0  2008   0.1   -0.1      0.0
  MONTH TO DATE    0.0                       0.7   -0.7      0.0
  SINCE OCT 1      T                         1.4   -1.4       T
  SINCE JUL 1      T                         1.4   -1.4       T
  SNOW DEPTH       0

DEGREE DAYS
 HEATING
  YESTERDAY       22                        27     -5       21
  MONTH TO DATE  151                       180    -29      144
  SINCE DEC 1    151                       180    -29      144
  SINCE JUL 1    879                      1154   -275      888

 COOLING
  YESTERDAY        0                         0      0        0
  MONTH TO DATE    0                         0      0        0
  SINCE DEC 1      0                         0      0        0
  SINCE JAN 1   1270                       825    445     1122
..................................................................


WIND (MPH)
  HIGHEST WIND SPEED    16   HIGHEST WIND DIRECTION    NE (40)
  HIGHEST GUST SPEED    21   HIGHEST GUST DIRECTION    NE (40)
  AVERAGE WIND SPEED     5.7


SKY COVER
  AVERAGE SKY COVER 0.7


WEATHER CONDITIONS
 THE FOLLOWING WEATHER WAS RECORDED YESTERDAY.
  LIGHT RAIN
  FOG


RELATIVE HUMIDITY (PERCENT)
 HIGHEST    85           800 AM
 LOWEST     66           800 PM
 AVERAGE    76

..........................................................


THE BRIDGEPORT CT CLIMATE NORMALS FOR TODAY
                         NORMAL    RECORD    YEAR
 MAXIMUM TEMPERATURE (F)   45        63      1951
 MINIMUM TEMPERATURE (F)   31        13      1976


SUNRISE AND SUNSET
DECEMBER  8 2016......SUNRISE   706 AM EST   SUNSET   424 PM EST
DECEMBER  9 2016......SUNRISE   706 AM EST   SUNSET   424 PM EST


-  INDICATES NEGATIVE NUMBERS.
R  INDICATES RECORD WAS SET OR TIED.
MM INDICATES DATA IS MISSING.
T  INDICATES TRACE AMOUNT.




$$
