000
CDUS41 KOKX 271440
CLIBDR


CLIMATE REPORT
NATIONAL WEATHER SERVICE NEW YORK NY
1039 AM EDT FRI MAY 27 2016


...................................

...THE BRIDGEPORT CT CLIMATE SUMMARY FOR MAY 26 2016...

CLIMATE NORMAL PERIOD 1981 TO 2010
CLIMATE RECORD PERIOD 1948 TO 2016


WEATHER ITEM   OBSERVED TIME   RECORD YEAR NORMAL DEPARTURE LAST
                VALUE   (LST)  VALUE       VALUE  FROM      YEAR
                                                  NORMAL
..................................................................
TEMPERATURE (F)
 YESTERDAY
  MAXIMUM         86   1154 AM  94    2010  71     15       81
  MINIMUM         62    517 AM  40    1967  54      8       59
  AVERAGE         74                        62     12       70

PRECIPITATION (IN)
  YESTERDAY        0.00          2.51 2003   0.13  -0.13     0.00
  MONTH TO DATE    2.26                      3.12  -0.86     0.50
  SINCE MAR 1      7.14                     11.30  -4.16     7.31
  SINCE JAN 1     14.30                     17.19  -2.89    13.65

SNOWFALL (IN)
  YESTERDAY        0.0           0.0  2002   0.0    0.0      0.0
                                      2001
  MONTH TO DATE    0.0                       0.0    0.0      0.0
  SINCE OCT 1     27.3                      27.6   -0.3     59.7
  SINCE JUL 1     27.3                      27.6   -0.3     59.7
  SNOW DEPTH       0

DEGREE DAYS
 HEATING
  YESTERDAY        0                         4     -4        0
  MONTH TO DATE  198                       188     10      104
  SINCE MAR 1   1282                      1456   -174     1518
  SINCE JUL 1   4417                      5343   -926     5624

 COOLING
  YESTERDAY        9                         1      8        5
  MONTH TO DATE   14                        12      2       29
  SINCE MAR 1     14                        14      0       29
  SINCE JAN 1     14                        14      0       29
..................................................................


WIND (MPH)
  HIGHEST WIND SPEED    10   HIGHEST WIND DIRECTION     S (190)
  HIGHEST GUST SPEED    12   HIGHEST GUST DIRECTION    SW (220)
  AVERAGE WIND SPEED     3.7


SKY COVER
  AVERAGE SKY COVER 0.0


WEATHER CONDITIONS
 THE FOLLOWING WEATHER WAS RECORDED YESTERDAY.
  HAZE


RELATIVE HUMIDITY (PERCENT)
 HIGHEST    78           100 AM
 LOWEST     37          1200 PM
 AVERAGE    58

..........................................................


THE BRIDGEPORT CT CLIMATE NORMALS FOR TODAY
                         NORMAL    RECORD    YEAR
 MAXIMUM TEMPERATURE (F)   71        87      2014
 MINIMUM TEMPERATURE (F)   54        36      1961


SUNRISE AND SUNSET
MAY 27 2016...........SUNRISE   525 AM EDT   SUNSET   815 PM EDT
MAY 28 2016...........SUNRISE   524 AM EDT   SUNSET   816 PM EDT


-  INDICATES NEGATIVE NUMBERS.
R  INDICATES RECORD WAS SET OR TIED.
MM INDICATES DATA IS MISSING.
T  INDICATES TRACE AMOUNT.




$$
