000
CDUS41 KOKX 230635
CLIBDR


CLIMATE REPORT
NATIONAL WEATHER SERVICE NEW YORK NY
135 AM EST TUE DEC 23 2014


...................................

...THE BRIDGEPORT CT CLIMATE SUMMARY FOR DECEMBER 22 2014...

CLIMATE NORMAL PERIOD 1981 TO 2010
CLIMATE RECORD PERIOD 1948 TO 2014


WEATHER ITEM   OBSERVED TIME   RECORD YEAR NORMAL DEPARTURE LAST
                VALUE   (LST)  VALUE       VALUE  FROM      YEAR
                                                  NORMAL
..................................................................
TEMPERATURE (F)
 YESTERDAY
  MAXIMUM         45   1124 PM  60    2013  40      5       60
  MINIMUM         35    239 AM   6    1989  26      9       47
  AVERAGE         40                        33      7       54

PRECIPITATION (IN)
  YESTERDAY        0.03          1.34 1972   0.11  -0.08     0.06
  MONTH TO DATE    4.51                      2.42   2.09     2.41
  SINCE DEC 1      4.51                      2.42   2.09     2.41
  SINCE JAN 1     45.07                     41.83   3.24    34.74

SNOWFALL (IN)
  YESTERDAY       MM             4.0  1955   0.1   MM        0.0
  MONTH TO DATE    0.7                       3.0   -2.3     10.8
  SINCE OCT 1      0.9                       3.7   -2.8     10.9
  SINCE JUL 1      0.9                       3.7   -2.8     10.9
  SNOW DEPTH       0

DEGREE DAYS
 HEATING
  YESTERDAY       25                        32     -7       11
  MONTH TO DATE  583                       624    -41      645
  SINCE DEC 1    583                       624    -41      645
  SINCE JUL 1   1489                      1598   -109     1598

 COOLING
  YESTERDAY        0                         0      0        0
  MONTH TO DATE    0                         0      0        0
  SINCE DEC 1      0                         0      0        0
  SINCE JAN 1    884                       825     59     1003
..................................................................


WIND (MPH)
  HIGHEST WIND SPEED    17   HIGHEST WIND DIRECTION     E (70)
  HIGHEST GUST SPEED    21   HIGHEST GUST DIRECTION    NE (60)
  AVERAGE WIND SPEED    10.5


SKY COVER
  AVERAGE SKY COVER 1.0


WEATHER CONDITIONS
 THE FOLLOWING WEATHER WAS RECORDED YESTERDAY.
  LIGHT RAIN
  FOG


RELATIVE HUMIDITY (PERCENT)
 HIGHEST    92          1200 AM
 LOWEST     76           100 PM
 AVERAGE    84

..........................................................


THE BRIDGEPORT CT CLIMATE NORMALS FOR TODAY
                         NORMAL    RECORD    YEAR
 MAXIMUM TEMPERATURE (F)   40        60      2004
 MINIMUM TEMPERATURE (F)   26         5      1989


SUNRISE AND SUNSET
DECEMBER 23 2014......SUNRISE   715 AM EST   SUNSET   428 PM EST
DECEMBER 24 2014......SUNRISE   716 AM EST   SUNSET   428 PM EST


-  INDICATES NEGATIVE NUMBERS.
R  INDICATES RECORD WAS SET OR TIED.
MM INDICATES DATA IS MISSING.
T  INDICATES TRACE AMOUNT.




$$
