000
CDUS41 KOKX 210617
CLIBDR


CLIMATE REPORT
NATIONAL WEATHER SERVICE NEW YORK NY
217 AM EDT FRI APR 21 2017


...................................

...THE BRIDGEPORT CT CLIMATE SUMMARY FOR APRIL 20 2017...

CLIMATE NORMAL PERIOD 1981 TO 2010
CLIMATE RECORD PERIOD 1948 TO 2017


WEATHER ITEM   OBSERVED TIME   RECORD YEAR NORMAL DEPARTURE LAST
                VALUE   (LST)  VALUE       VALUE  FROM      YEAR
                                                  NORMAL
..................................................................
TEMPERATURE (F)
 YESTERDAY
  MAXIMUM         60    356 PM  84    1952  59      1       63
  MINIMUM         48    351 AM  32    1988  43      5       47
                                      1956
  AVERAGE         54                        51      3       55

PRECIPITATION (IN)
  YESTERDAY        0.21          1.25 1972   0.13   0.08     0.00
  MONTH TO DATE    3.48                      2.82   0.66     2.00
  SINCE MAR 1      7.82                      6.87   0.95     4.17
  SINCE JAN 1     13.01                     12.76   0.25    11.33

SNOWFALL (IN)
  YESTERDAY        0.0           0.0  2002   0.0    0.0      0.0
                                      2001
                                      1964
  MONTH TO DATE    0.0                       0.8   -0.8      0.1
  SINCE OCT 1     40.9                      27.5   13.4     27.3
  SINCE JUL 1     40.9                      27.5   13.4     27.3
  SNOW DEPTH       0

DEGREE DAYS
 HEATING
  YESTERDAY       11                        14     -3       10
  MONTH TO DATE  249                       347    -98      353
  SINCE MAR 1   1097                      1144    -47      976
  SINCE JUL 1   4264                      5031   -767     4111

 COOLING
  YESTERDAY        0                         0      0        0
  MONTH TO DATE    0                         0      0        0
  SINCE MAR 1      0                         0      0        0
  SINCE JAN 1      0                         0      0        0
..................................................................


WIND (MPH)
  HIGHEST WIND SPEED    13   HIGHEST WIND DIRECTION     E (80)
  HIGHEST GUST SPEED    15   HIGHEST GUST DIRECTION     E (90)
  AVERAGE WIND SPEED     5.6


SKY COVER
  AVERAGE SKY COVER 0.8


WEATHER CONDITIONS
 THE FOLLOWING WEATHER WAS RECORDED YESTERDAY.
  RAIN
  LIGHT RAIN
  FOG


RELATIVE HUMIDITY (PERCENT)
 HIGHEST    89           900 PM
 LOWEST     72           300 PM
 AVERAGE    81

..........................................................


THE BRIDGEPORT CT CLIMATE NORMALS FOR TODAY
                         NORMAL    RECORD    YEAR
 MAXIMUM TEMPERATURE (F)   60        85      1957
 MINIMUM TEMPERATURE (F)   43        29      1956


SUNRISE AND SUNSET
APRIL 21 2017.........SUNRISE   604 AM EDT   SUNSET   739 PM EDT
APRIL 22 2017.........SUNRISE   602 AM EDT   SUNSET   740 PM EDT


-  INDICATES NEGATIVE NUMBERS.
R  INDICATES RECORD WAS SET OR TIED.
MM INDICATES DATA IS MISSING.
T  INDICATES TRACE AMOUNT.




$$
