000
CDUS41 KOKX 212032
CLIBDR


CLIMATE REPORT
NATIONAL WEATHER SERVICE NEW YORK NY
432 PM EDT SAT MAY 21 2016


...................................

...THE BRIDGEPORT CT CLIMATE SUMMARY FOR MAY 21 2016...
VALID TODAY AS OF 0400 PM LOCAL TIME.

CLIMATE NORMAL PERIOD 1981 TO 2010
CLIMATE RECORD PERIOD 1948 TO 2016


WEATHER ITEM   OBSERVED TIME   RECORD YEAR NORMAL DEPARTURE LAST
                VALUE   (LST)  VALUE       VALUE  FROM      YEAR
                                                  NORMAL
..................................................................
TEMPERATURE (F)
 TODAY
  MAXIMUM         63    250 PM  88    1959  69     -6       64
  MINIMUM         51    438 AM  38    2002  52     -1       50
  AVERAGE         57                        61     -4       57

PRECIPITATION (IN)
  TODAY            0.00          1.32 1985   0.12  -0.12     0.00
  MONTH TO DATE    1.86                      2.44  -0.58     0.50
  SINCE MAR 1      6.74                     10.62  -3.88     7.31
  SINCE JAN 1     13.90                     16.51  -2.61    13.65

SNOWFALL (IN)
  TODAY            0.0           0.0  2002   0.0    0.0      0.0
                                      2001
  MONTH TO DATE    0.0                       0.0    0.0      0.0
  SINCE OCT 1     27.3                      27.6   -0.3     59.7
  SINCE JUL 1     27.3                      27.6   -0.3     59.7
  SNOW DEPTH       0

DEGREE DAYS
 HEATING
  TODAY            8                         5      3        8
  MONTH TO DATE  193                       165     28       93
  SINCE MAR 1   1277                      1433   -156     1507
  SINCE JUL 1   4412                      5320   -908     5613

 COOLING
  TODAY            0                         1     -1        0
  MONTH TO DATE    0                         7     -7       22
  SINCE MAR 1      0                         9     -9       22
  SINCE JAN 1      0                         9     -9       22
..................................................................


WIND (MPH)
  HIGHEST WIND SPEED    10   HIGHEST WIND DIRECTION     S (160)
  HIGHEST GUST SPEED    15   HIGHEST GUST DIRECTION    SE (150)
  AVERAGE WIND SPEED     4.2


SKY COVER
  AVERAGE SKY COVER 0.1


WEATHER CONDITIONS
 THE FOLLOWING WEATHER WAS RECORDED TODAY.
  NO SIGNIFICANT WEATHER WAS OBSERVED.


RELATIVE HUMIDITY (PERCENT)
 HIGHEST    83           300 AM
 LOWEST     56           200 PM
 AVERAGE    70

..........................................................


THE BRIDGEPORT CT CLIMATE NORMALS FOR TOMORROW
                         NORMAL    RECORD    YEAR
 MAXIMUM TEMPERATURE (F)   69        85      1992
                                             1991
 MINIMUM TEMPERATURE (F)   53        39      1990


SUNRISE AND SUNSET
MAY 21 2016...........SUNRISE   529 AM EDT   SUNSET   810 PM EDT
MAY 22 2016...........SUNRISE   528 AM EDT   SUNSET   811 PM EDT


-  INDICATES NEGATIVE NUMBERS.
R  INDICATES RECORD WAS SET OR TIED.
MM INDICATES DATA IS MISSING.
T  INDICATES TRACE AMOUNT.




$$
