000
CDUS41 KOKX 210616
CLIBDR


CLIMATE REPORT
NATIONAL WEATHER SERVICE NEW YORK NY
216 AM EDT THU JUL 21 2016


...................................

...THE BRIDGEPORT CT CLIMATE SUMMARY FOR JULY 20 2016...

CLIMATE NORMAL PERIOD 1981 TO 2010
CLIMATE RECORD PERIOD 1948 TO 2016


WEATHER ITEM   OBSERVED TIME   RECORD YEAR NORMAL DEPARTURE LAST
                VALUE   (LST)  VALUE       VALUE  FROM      YEAR
                                                  NORMAL
..................................................................
TEMPERATURE (F)
 YESTERDAY
  MAXIMUM         83    555 PM  95    1991  83      0       93
  MINIMUM         64    513 AM  55    1965  67     -3       77
  AVERAGE         74                        75     -1       85

PRECIPITATION (IN)
  YESTERDAY        0.00          2.69 1988   0.11  -0.11     0.00
  MONTH TO DATE    3.63                      2.08   1.55     1.77
  SINCE JUN 1      4.89                      5.69  -0.80     6.50
  SINCE JAN 1     20.43                     23.56  -3.13    20.80

SNOWFALL (IN)
  YESTERDAY        0.0           0.0  2002   0.0    0.0      0.0
                                      2001
  MONTH TO DATE    0.0                       0.0    0.0      0.0
  SINCE OCT 1     27.3                      27.6   -0.3     59.7
  SINCE JUL 1      0.0                       0.0    0.0      0.0
  SNOW DEPTH       0

DEGREE DAYS
 HEATING
  YESTERDAY        0                         0      0        0
  MONTH TO DATE    0                         0      0        0
  SINCE JUN 1      4                        32    -28       52
  SINCE JUL 1      0                         0      0        0

 COOLING
  YESTERDAY        9                        10     -1       20
  MONTH TO DATE  229                       182     47      211
  SINCE JUN 1    401                       325     76      372
  SINCE JAN 1    459                       349    110      426
..................................................................


WIND (MPH)
  HIGHEST WIND SPEED    16   HIGHEST WIND DIRECTION    SW (210)
  HIGHEST GUST SPEED    18   HIGHEST GUST DIRECTION    SW (210)
  AVERAGE WIND SPEED     7.1


SKY COVER
  AVERAGE SKY COVER 0.1


WEATHER CONDITIONS
 THE FOLLOWING WEATHER WAS RECORDED YESTERDAY.
  NO SIGNIFICANT WEATHER WAS OBSERVED.


RELATIVE HUMIDITY (PERCENT)
 HIGHEST    73          1000 PM
 LOWEST     34           200 PM
 AVERAGE    54

..........................................................


THE BRIDGEPORT CT CLIMATE NORMALS FOR TODAY
                         NORMAL    RECORD    YEAR
 MAXIMUM TEMPERATURE (F)   83        98      1991
 MINIMUM TEMPERATURE (F)   67        56      1965
                                             1951


SUNRISE AND SUNSET
JULY 21 2016..........SUNRISE   538 AM EDT   SUNSET   819 PM EDT
JULY 22 2016..........SUNRISE   539 AM EDT   SUNSET   818 PM EDT


-  INDICATES NEGATIVE NUMBERS.
R  INDICATES RECORD WAS SET OR TIED.
MM INDICATES DATA IS MISSING.
T  INDICATES TRACE AMOUNT.




$$
