000
CDUS41 KOKX 192138
CLIBDR


CLIMATE REPORT
NATIONAL WEATHER SERVICE NEW YORK NY
438 PM EST WED NOV 19 2014


...................................

...THE BRIDGEPORT CT CLIMATE SUMMARY FOR NOVEMBER 19 2014...
VALID TODAY AS OF 0400 PM LOCAL TIME.

CLIMATE NORMAL PERIOD 1981 TO 2010
CLIMATE RECORD PERIOD 1948 TO 2014


WEATHER ITEM   OBSERVED TIME   RECORD YEAR NORMAL DEPARTURE LAST
                VALUE   (LST)  VALUE       VALUE  FROM      YEAR
                                                  NORMAL
..................................................................
TEMPERATURE (F)
 TODAY
  MAXIMUM         35    224 PM  65    1957  52    -17       51
  MINIMUM         23R   723 AM  24    1986  37    -14       34
  AVERAGE         29                        45    -16       43

PRECIPITATION (IN)
  TODAY            0.00          0.84 1986   0.12  -0.12     0.00
  MONTH TO DATE    2.58                      2.06   0.52     0.55
  SINCE SEP 1      7.66                      9.18  -1.52     3.59
  SINCE JAN 1     38.90                     38.08   0.82    30.37

SNOWFALL (IN)
  TODAY            0.0           1.9  1955   0.0    0.0      0.0
  MONTH TO DATE    T                         0.2   -0.2      0.1
  SINCE OCT 1      T                         0.2   -0.2      0.1
  SINCE JUL 1      T                         0.2   -0.2      0.1
  SNOW DEPTH       0

DEGREE DAYS
 HEATING
  TODAY           36                        20     16       22
  MONTH TO DATE  383                       336     47      333
  SINCE SEP 1    652                       722    -70      652
  SINCE JUL 1    652                       726    -74      652

 COOLING
  TODAY            0                         0      0        0
  MONTH TO DATE    0                         0      0        0
  SINCE SEP 1    150                       107     43      118
  SINCE JAN 1    884                       825     59     1003
..................................................................


WIND (MPH)
  HIGHEST WIND SPEED    18   HIGHEST WIND DIRECTION    NW (300)
  HIGHEST GUST SPEED    25   HIGHEST GUST DIRECTION     W (270)
  AVERAGE WIND SPEED    11.8


SKY COVER
  AVERAGE SKY COVER 0.0


WEATHER CONDITIONS
 THE FOLLOWING WEATHER WAS RECORDED TODAY.
  NO SIGNIFICANT WEATHER WAS OBSERVED.


RELATIVE HUMIDITY (PERCENT)
 HIGHEST    50           300 AM
 LOWEST     33          1200 PM
 AVERAGE    42

..........................................................


THE BRIDGEPORT CT CLIMATE NORMALS FOR TOMORROW
                         NORMAL    RECORD    YEAR
 MAXIMUM TEMPERATURE (F)   52        69      1948
 MINIMUM TEMPERATURE (F)   37        19      1951


SUNRISE AND SUNSET
NOVEMBER 19 2014......SUNRISE   645 AM EST   SUNSET   430 PM EST
NOVEMBER 20 2014......SUNRISE   646 AM EST   SUNSET   430 PM EST


-  INDICATES NEGATIVE NUMBERS.
R  INDICATES RECORD WAS SET OR TIED.
MM INDICATES DATA IS MISSING.
T  INDICATES TRACE AMOUNT.




$$
