000
CDUS41 KOKX 290615
CLIBDR


CLIMATE REPORT
NATIONAL WEATHER SERVICE NEW YORK NY
115 AM EST TUE NOV 29 2016


...................................

...THE BRIDGEPORT CT CLIMATE SUMMARY FOR NOVEMBER 28 2016...

CLIMATE NORMAL PERIOD 1981 TO 2010
CLIMATE RECORD PERIOD 1948 TO 2016


WEATHER ITEM   OBSERVED TIME   RECORD YEAR NORMAL DEPARTURE LAST
                VALUE   (LST)  VALUE       VALUE  FROM      YEAR
                                                  NORMAL
..................................................................
TEMPERATURE (F)
 YESTERDAY
  MAXIMUM         51    347 PM  65    2001  49      2       63
  MINIMUM         30    655 AM  16    1951  34     -4       43
  AVERAGE         41                        42     -1       53

PRECIPITATION (IN)
  YESTERDAY        0.00          1.25 1980   0.12  -0.12      T
  MONTH TO DATE    1.56                      3.14  -1.58     1.23
  SINCE SEP 1      8.54                     10.26  -1.72     6.52
  SINCE JAN 1     33.30                     39.16  -5.86    30.11

SNOWFALL (IN)
  YESTERDAY        0.0           0.1  1977   0.1   -0.1      0.0
  MONTH TO DATE    T                         0.6   -0.6      0.0
  SINCE OCT 1      T                         0.6   -0.6       T
  SINCE JUL 1      T                         0.6   -0.6       T
  SNOW DEPTH       0

DEGREE DAYS
 HEATING
  YESTERDAY       24                        24      0       12
  MONTH TO DATE  462                       535    -73      407
  SINCE SEP 1    704                       921   -217      697
  SINCE JUL 1    704                       925   -221      697

 COOLING
  YESTERDAY        0                         0      0        0
  MONTH TO DATE    0                         0      0        2
  SINCE SEP 1    218                       107    111      202
  SINCE JAN 1   1270                       825    445     1122
..................................................................


WIND (MPH)
  HIGHEST WIND SPEED    13   HIGHEST WIND DIRECTION    SW (210)
  HIGHEST GUST SPEED    15   HIGHEST GUST DIRECTION    SW (210)
  AVERAGE WIND SPEED     5.5


SKY COVER
  AVERAGE SKY COVER 0.0


WEATHER CONDITIONS
 THE FOLLOWING WEATHER WAS RECORDED YESTERDAY.
  NO SIGNIFICANT WEATHER WAS OBSERVED.


RELATIVE HUMIDITY (PERCENT)
 HIGHEST    85           500 AM
 LOWEST     48           300 PM
 AVERAGE    67

..........................................................


THE BRIDGEPORT CT CLIMATE NORMALS FOR TODAY
                         NORMAL    RECORD    YEAR
 MAXIMUM TEMPERATURE (F)   48        65      2011
                                             1968
 MINIMUM TEMPERATURE (F)   34        18      1955


SUNRISE AND SUNSET
NOVEMBER 29 2016......SUNRISE   657 AM EST   SUNSET   425 PM EST
NOVEMBER 30 2016......SUNRISE   658 AM EST   SUNSET   425 PM EST


-  INDICATES NEGATIVE NUMBERS.
R  INDICATES RECORD WAS SET OR TIED.
MM INDICATES DATA IS MISSING.
T  INDICATES TRACE AMOUNT.




$$
