000
CDUS41 KOKX 242243 CCA
CLIBDR

CLIMATE REPORT
NATIONAL WEATHER SERVICE NEW YORK NY
642 PM EDT FRI MAR 24 2017

*** CORRECTED FOR SNOW DEPTH ***

...................................

...THE BRIDGEPORT CT CLIMATE SUMMARY FOR MARCH 24 2017...
VALID TODAY AS OF 0400 PM LOCAL TIME.

CLIMATE NORMAL PERIOD 1981 TO 2010
CLIMATE RECORD PERIOD 1948 TO 2017


WEATHER ITEM   OBSERVED TIME   RECORD YEAR NORMAL DEPARTURE LAST
                VALUE   (LST)  VALUE       VALUE  FROM      YEAR
                                                  NORMAL
..................................................................
TEMPERATURE (F)
 TODAY
  MAXIMUM         46    259 PM  66    1988  50     -4       48
  MINIMUM         29    354 AM  20    2014  34     -5       42
                                      1956
  AVERAGE         38                        42     -4       45

PRECIPITATION (IN)
  TODAY            T             1.80 1989   0.14  -0.14     0.00
  MONTH TO DATE    1.99                      3.10  -1.11     1.57
  SINCE MAR 1      1.99                      3.10  -1.11     1.57
  SINCE JAN 1      7.18                      8.99  -1.81     8.73

SNOWFALL (IN)
  TODAY            0.0           1.0  2011   0.1   -0.1      0.0
  MONTH TO DATE   11.1                       4.4    6.7      2.3
  SINCE OCT 1     40.9                      26.0   14.9     27.2
  SINCE JUL 1     40.9                      26.0   14.9     27.2
  SNOW DEPTH       T

DEGREE DAYS
 HEATING
  TODAY           27                        23      4       20
  MONTH TO DATE  698                       643     55      500
  SINCE MAR 1    698                       643     55      500
  SINCE JUL 1   3865                      4530   -665     3635

 COOLING
  TODAY            0                         0      0        0
  MONTH TO DATE    0                         0      0        0
  SINCE MAR 1      0                         0      0        0
  SINCE JAN 1      0                         0      0        0
..................................................................


WIND (MPH)
  HIGHEST WIND SPEED    17   HIGHEST WIND DIRECTION    SW (210)
  HIGHEST GUST SPEED    23   HIGHEST GUST DIRECTION     S (200)
  AVERAGE WIND SPEED     7.6


SKY COVER
  AVERAGE SKY COVER 0.6


WEATHER CONDITIONS
 THE FOLLOWING WEATHER WAS RECORDED TODAY.
  NO SIGNIFICANT WEATHER WAS OBSERVED.


RELATIVE HUMIDITY (PERCENT)
 HIGHEST    75           500 AM
 LOWEST     53          1100 AM
 AVERAGE    64

..........................................................


THE BRIDGEPORT CT CLIMATE NORMALS FOR TOMORROW
                         NORMAL    RECORD    YEAR
 MAXIMUM TEMPERATURE (F)   50        68      1987
 MINIMUM TEMPERATURE (F)   34        15      1956


SUNRISE AND SUNSET
MARCH 24 2017.........SUNRISE   649 AM EDT   SUNSET   709 PM EDT
MARCH 25 2017.........SUNRISE   647 AM EDT   SUNSET   710 PM EDT


-  INDICATES NEGATIVE NUMBERS.
R  INDICATES RECORD WAS SET OR TIED.
MM INDICATES DATA IS MISSING.
T  INDICATES TRACE AMOUNT.




$$
