000
CDUS41 KOKX 270622
CLIBDR


CLIMATE REPORT
NATIONAL WEATHER SERVICE NEW YORK NY
221 AM EDT SAT JUN 27 2015


...................................

...THE BRIDGEPORT CT CLIMATE SUMMARY FOR JUNE 26 2015...

CLIMATE NORMAL PERIOD 1981 TO 2010
CLIMATE RECORD PERIOD 1948 TO 2015


WEATHER ITEM   OBSERVED TIME   RECORD YEAR NORMAL DEPARTURE LAST
                VALUE   (LST)  VALUE       VALUE  FROM      YEAR
                                                  NORMAL
..................................................................
TEMPERATURE (F)
 YESTERDAY
  MAXIMUM         76    235 PM  96    1949  80     -4       88
  MINIMUM         66   1159 PM  52    1986  64      2       67
                                      1985
  AVERAGE         71                        72     -1       78

PRECIPITATION (IN)
  YESTERDAY        0.00          0.45 2009   0.09  -0.09     0.03
  MONTH TO DATE    3.47                      3.23   0.24     4.01
  SINCE JUN 1      3.47                      3.23   0.24     4.01
  SINCE JAN 1     17.77                     21.10  -3.33    25.67

SNOWFALL (IN)
  YESTERDAY        0.0           0.0  2002   0.0    0.0      0.0
                                      2001
  MONTH TO DATE    0.0                       0.0    0.0      0.0
  SINCE OCT 1     59.7                      27.6   32.1     57.4
  SINCE JUL 1     59.7                      27.6   32.1     57.4
  SNOW DEPTH       0

DEGREE DAYS
 HEATING
  YESTERDAY        0                         0      0        0
  MONTH TO DATE   52                        30     22        4
  SINCE JUN 1     52                        30     22        4
  SINCE JUL 1   5673                      5390    283     5618

 COOLING
  YESTERDAY        6                         7     -1       13
  MONTH TO DATE  150                       113     37      114
  SINCE JUN 1    150                       113     37      114
  SINCE JAN 1    204                       137     67      137
..................................................................


WIND (MPH)
  HIGHEST WIND SPEED    17   HIGHEST WIND DIRECTION    NE (40)
  HIGHEST GUST SPEED    22   HIGHEST GUST DIRECTION    NE (40)
  AVERAGE WIND SPEED     7.1


SKY COVER
  AVERAGE SKY COVER 0.4


WEATHER CONDITIONS
 THE FOLLOWING WEATHER WAS RECORDED YESTERDAY.
  NO SIGNIFICANT WEATHER WAS OBSERVED.


RELATIVE HUMIDITY (PERCENT)
 HIGHEST    84          1200 AM
 LOWEST     53           400 PM
 AVERAGE    69

..........................................................


THE BRIDGEPORT CT CLIMATE NORMALS FOR TODAY
                         NORMAL    RECORD    YEAR
 MAXIMUM TEMPERATURE (F)   80        92      2003
                                             2001
                                             1963
 MINIMUM TEMPERATURE (F)   64        52      1981


SUNRISE AND SUNSET
JUNE 27 2015..........SUNRISE   522 AM EDT   SUNSET   829 PM EDT
JUNE 28 2015..........SUNRISE   522 AM EDT   SUNSET   829 PM EDT


-  INDICATES NEGATIVE NUMBERS.
R  INDICATES RECORD WAS SET OR TIED.
MM INDICATES DATA IS MISSING.
T  INDICATES TRACE AMOUNT.




$$
