000
CDUS41 KOKX 140618
CLIBDR


CLIMATE REPORT
NATIONAL WEATHER SERVICE NEW YORK NY
118 AM EST TUE FEB 14 2017


...................................

...THE BRIDGEPORT CT CLIMATE SUMMARY FOR FEBRUARY 13 2017...

CLIMATE NORMAL PERIOD 1981 TO 2010
CLIMATE RECORD PERIOD 1948 TO 2017


WEATHER ITEM   OBSERVED TIME   RECORD YEAR NORMAL DEPARTURE LAST
                VALUE   (LST)  VALUE       VALUE  FROM      YEAR
                                                  NORMAL
..................................................................
TEMPERATURE (F)
 YESTERDAY
  MAXIMUM         40    225 PM  54    2008  39      1       25
                                      1951
  MINIMUM         29   1125 PM  -2    1967  25      4        3
  AVERAGE         35                        32      3       14

PRECIPITATION (IN)
  YESTERDAY        0.01          2.05 1966   0.10  -0.09      T
  MONTH TO DATE    1.51                      1.19   0.32     2.47
  SINCE DEC 1      8.22                      7.62   0.60     9.67
  SINCE JAN 1      4.79                      4.29   0.50     4.73

SNOWFALL (IN)
  YESTERDAY        0.0           9.5  2014   0.3   -0.3       T
  MONTH TO DATE   12.8                       3.6    9.2     12.2
  SINCE OCT 1     29.8                      17.1   12.7     23.2
  SINCE JUL 1     29.8                      17.1   12.7     23.2
  SNOW DEPTH       7

DEGREE DAYS
 HEATING
  YESTERDAY       30                        33     -3       51
  MONTH TO DATE  391                       439    -48      421
  SINCE DEC 1   2091                      2441   -350     1945
  SINCE JUL 1   2819                      3415   -596     2689

 COOLING
  YESTERDAY        0                         0      0        0
  MONTH TO DATE    0                         0      0        0
  SINCE DEC 1      0                         0      0        0
  SINCE JAN 1      0                         0      0        0
..................................................................


WIND (MPH)
  HIGHEST WIND SPEED    44   HIGHEST WIND DIRECTION    NW (310)
  HIGHEST GUST SPEED    60   HIGHEST GUST DIRECTION    NW (310)
  AVERAGE WIND SPEED    17.8


SKY COVER
  AVERAGE SKY COVER 0.3


WEATHER CONDITIONS
 THE FOLLOWING WEATHER WAS RECORDED YESTERDAY.
  LT FREEZING RAIN


RELATIVE HUMIDITY (PERCENT)
 HIGHEST    85           300 AM
 LOWEST     40           100 PM
 AVERAGE    63

..........................................................


THE BRIDGEPORT CT CLIMATE NORMALS FOR TODAY
                         NORMAL    RECORD    YEAR
 MAXIMUM TEMPERATURE (F)   39        56      1990
 MINIMUM TEMPERATURE (F)   25        -6      2016


SUNRISE AND SUNSET
FEBRUARY 14 2017......SUNRISE   648 AM EST   SUNSET   526 PM EST
FEBRUARY 15 2017......SUNRISE   647 AM EST   SUNSET   527 PM EST


-  INDICATES NEGATIVE NUMBERS.
R  INDICATES RECORD WAS SET OR TIED.
MM INDICATES DATA IS MISSING.
T  INDICATES TRACE AMOUNT.




$$
