691
CDUS41 KOKX 180627
CLIBDR


CLIMATE REPORT
NATIONAL WEATHER SERVICE NEW YORK NY
127 AM EST SUN FEB 18 2018


...................................

...THE BRIDGEPORT CT CLIMATE SUMMARY FOR FEBRUARY 17 2018...

CLIMATE NORMAL PERIOD 1981 TO 2010
CLIMATE RECORD PERIOD 1948 TO 2018


WEATHER ITEM   OBSERVED TIME   RECORD YEAR NORMAL DEPARTURE LAST
                VALUE   (LST)  VALUE       VALUE  FROM      YEAR
                                                  NORMAL
..................................................................
TEMPERATURE (F)
 YESTERDAY
  MAXIMUM         37    543 PM  65    1976  40     -3       42
  MINIMUM         29    657 AM   3    1979  26      3       26
  AVERAGE         33                        33      0       34

PRECIPITATION (IN)
  YESTERDAY        0.58          1.09 1951   0.10   0.48     0.00
  MONTH TO DATE    5.10                      1.59   3.51     1.52
  SINCE DEC 1      9.29                      8.02   1.27     8.23
  SINCE JAN 1      7.60                      4.69   2.91     4.80

SNOWFALL (IN)
  YESTERDAY        4.5          17.0  2003   0.4    4.1      0.0
  MONTH TO DATE    5.0                       4.9    0.1     12.8
  SINCE OCT 1     25.1                      18.4    6.7     29.8
  SINCE JUL 1     25.1                      18.4    6.7     29.8
  SNOW DEPTH       0

DEGREE DAYS
 HEATING
  YESTERDAY       32                        32      0       31
  MONTH TO DATE  514                       569    -55      516
  SINCE DEC 1   2608                      2571     37     2216
  SINCE JUL 1   3363                      3545   -182     2944

 COOLING
  YESTERDAY        0                         0      0        0
  MONTH TO DATE    0                         0      0        0
  SINCE DEC 1      0                         0      0        0
  SINCE JAN 1      0                         0      0        0
..................................................................


WIND (MPH)
  HIGHEST WIND SPEED    20   HIGHEST WIND DIRECTION    NW (320)
  HIGHEST GUST SPEED    26   HIGHEST GUST DIRECTION    NW (320)
  AVERAGE WIND SPEED     8.1


SKY COVER
  AVERAGE SKY COVER 0.3


WEATHER CONDITIONS
 THE FOLLOWING WEATHER WAS RECORDED YESTERDAY.
  SNOW
  LIGHT SNOW
  FOG


RELATIVE HUMIDITY (PERCENT)
 HIGHEST    96          1100 PM
 LOWEST     44           200 PM
 AVERAGE    70

..........................................................


THE BRIDGEPORT CT CLIMATE NORMALS FOR TODAY
                         NORMAL    RECORD    YEAR
 MAXIMUM TEMPERATURE (F)   40        60      1981
 MINIMUM TEMPERATURE (F)   26         0      1979


SUNRISE AND SUNSET
FEBRUARY 18 2018......SUNRISE   643 AM EST   SUNSET   530 PM EST
FEBRUARY 19 2018......SUNRISE   642 AM EST   SUNSET   532 PM EST


-  INDICATES NEGATIVE NUMBERS.
R  INDICATES RECORD WAS SET OR TIED.
MM INDICATES DATA IS MISSING.
T  INDICATES TRACE AMOUNT.




$$
