630
CDUS41 KOKX 162032
CLIBDR


CLIMATE REPORT
NATIONAL WEATHER SERVICE NEW YORK NY
432 PM EDT MON OCT 16 2017


...................................

...THE BRIDGEPORT CT CLIMATE SUMMARY FOR OCTOBER 16 2017...
VALID TODAY AS OF 0400 PM LOCAL TIME.

CLIMATE NORMAL PERIOD 1981 TO 2010
CLIMATE RECORD PERIOD 1948 TO 2017


WEATHER ITEM   OBSERVED TIME   RECORD YEAR NORMAL DEPARTURE LAST
                VALUE   (LST)  VALUE       VALUE  FROM      YEAR
                                                  NORMAL
..................................................................
TEMPERATURE (F)
 TODAY
  MAXIMUM         69    115 AM  77    1956  63      6       67
  MINIMUM         54    124 PM  35    1994  46      8       45
  AVERAGE         62                        55      7       56

PRECIPITATION (IN)
  TODAY            0.01          1.76 1974   0.12  -0.11     0.00
  MONTH TO DATE    0.57                      1.92  -1.35     1.18
  SINCE SEP 1      2.30                      5.40  -3.10     3.91
  SINCE JAN 1     30.89                     34.30  -3.41    28.67

SNOWFALL (IN)
  TODAY            0.0           T    2009   0.0    0.0      0.0
  MONTH TO DATE    0.0                       0.0    0.0      0.0
  SINCE OCT 1      0.0                       0.0    0.0      0.0
  SINCE JUL 1      0.0                       0.0    0.0      0.0
  SNOW DEPTH       0

DEGREE DAYS
 HEATING
  TODAY            3                        10     -7        9
  MONTH TO DATE   36                       130    -94       97
  SINCE SEP 1     61                       194   -133      112
  SINCE JUL 1     61                       198   -137      112

 COOLING
  TODAY            0                         0      0        0
  MONTH TO DATE   52                         8     44        1
  SINCE SEP 1    209                       106    103      192
  SINCE JAN 1   1046                       824    222     1244
..................................................................


WIND (MPH)
  HIGHEST WIND SPEED    18   HIGHEST WIND DIRECTION    NW (330)
  HIGHEST GUST SPEED    25   HIGHEST GUST DIRECTION    NW (330)
  AVERAGE WIND SPEED    11.6


SKY COVER
  AVERAGE SKY COVER 0.6


WEATHER CONDITIONS
 THE FOLLOWING WEATHER WAS RECORDED TODAY.
  LIGHT RAIN


RELATIVE HUMIDITY (PERCENT)
 HIGHEST    90           100 AM
 LOWEST     55           100 PM
 AVERAGE    73

..........................................................


THE BRIDGEPORT CT CLIMATE NORMALS FOR TOMORROW
                         NORMAL    RECORD    YEAR
 MAXIMUM TEMPERATURE (F)   63        79      2016
                                             1958
 MINIMUM TEMPERATURE (F)   46        34      1970


SUNRISE AND SUNSET
OCTOBER 16 2017.......SUNRISE   705 AM EDT   SUNSET   610 PM EDT
OCTOBER 17 2017.......SUNRISE   707 AM EDT   SUNSET   608 PM EDT


-  INDICATES NEGATIVE NUMBERS.
R  INDICATES RECORD WAS SET OR TIED.
MM INDICATES DATA IS MISSING.
T  INDICATES TRACE AMOUNT.




$$
