000
CDUS41 KOKX 220617
CLIBDR


CLIMATE REPORT
NATIONAL WEATHER SERVICE NEW YORK NY
217 AM EDT FRI APR 22 2016


...................................

...THE BRIDGEPORT CT CLIMATE SUMMARY FOR APRIL 21 2016...

CLIMATE NORMAL PERIOD 1981 TO 2010
CLIMATE RECORD PERIOD 1948 TO 2016


WEATHER ITEM   OBSERVED TIME   RECORD YEAR NORMAL DEPARTURE LAST
                VALUE   (LST)  VALUE       VALUE  FROM      YEAR
                                                  NORMAL
..................................................................
TEMPERATURE (F)
 YESTERDAY
  MAXIMUM         68   1259 PM  85    1957  60      8       67
  MINIMUM         44    529 AM  29    1956  43      1       47
  AVERAGE         56                        51      5       57

PRECIPITATION (IN)
  YESTERDAY        0.00          3.34 2000   0.14  -0.14     0.53
  MONTH TO DATE    2.00                      2.96  -0.96     2.00
  SINCE MAR 1      4.17                      7.01  -2.84     6.72
  SINCE JAN 1     11.33                     12.90  -1.57    13.06

SNOWFALL (IN)
  YESTERDAY        0.0           0.0  2001   0.1   -0.1      0.0
  MONTH TO DATE    0.1                       0.9   -0.8      0.0
  SINCE OCT 1     27.3                      27.6   -0.3     59.7
  SINCE JUL 1     27.3                      27.6   -0.3     59.7
  SNOW DEPTH       0

DEGREE DAYS
 HEATING
  YESTERDAY        9                        14     -5        8
  MONTH TO DATE  362                       361      1      337
  SINCE MAR 1    985                      1158   -173     1297
  SINCE JUL 1   4120                      5045   -925     5403

 COOLING
  YESTERDAY        0                         0      0        0
  MONTH TO DATE    0                         0      0        0
  SINCE MAR 1      0                         0      0        0
  SINCE JAN 1      0                         0      0        0
..................................................................


WIND (MPH)
  HIGHEST WIND SPEED    20   HIGHEST WIND DIRECTION     S (200)
  HIGHEST GUST SPEED    24   HIGHEST GUST DIRECTION     S (200)
  AVERAGE WIND SPEED     9.0


SKY COVER
  AVERAGE SKY COVER 0.1


WEATHER CONDITIONS
 THE FOLLOWING WEATHER WAS RECORDED YESTERDAY.
  NO SIGNIFICANT WEATHER WAS OBSERVED.


RELATIVE HUMIDITY (PERCENT)
 HIGHEST    83           500 AM
 LOWEST     32           100 PM
 AVERAGE    58

..........................................................


THE BRIDGEPORT CT CLIMATE NORMALS FOR TODAY
                         NORMAL    RECORD    YEAR
 MAXIMUM TEMPERATURE (F)   60        82      1960
 MINIMUM TEMPERATURE (F)   43        29      1975


SUNRISE AND SUNSET
APRIL 22 2016.........SUNRISE   602 AM EDT   SUNSET   741 PM EDT
APRIL 23 2016.........SUNRISE   601 AM EDT   SUNSET   742 PM EDT


-  INDICATES NEGATIVE NUMBERS.
R  INDICATES RECORD WAS SET OR TIED.
MM INDICATES DATA IS MISSING.
T  INDICATES TRACE AMOUNT.




$$
