000
CDUS41 KOKX 280617
CLIBDR


CLIMATE REPORT
NATIONAL WEATHER SERVICE NEW YORK NY
217 AM EDT MON JUL 28 2014


...................................

...THE BRIDGEPORT CT CLIMATE SUMMARY FOR JULY 27 2014...

CLIMATE NORMAL PERIOD 1981 TO 2010
CLIMATE RECORD PERIOD 1948 TO 2014


WEATHER ITEM   OBSERVED TIME   RECORD YEAR NORMAL DEPARTURE LAST
                VALUE   (LST)  VALUE       VALUE  FROM      YEAR
                                                  NORMAL
..................................................................
TEMPERATURE (F)
 YESTERDAY
  MAXIMUM         85    311 PM  91    2005  83      2       82
                                      1999
                                      1995
  MINIMUM         72    459 AM  54    1977  67      5       69
  AVERAGE         79                        75      4       76

PRECIPITATION (IN)
  YESTERDAY        0.01          1.53 1960   0.13  -0.12     0.00
  MONTH TO DATE    3.29                      2.92   0.37     1.59
  SINCE JUN 1      7.30                      6.53   0.77    11.07
  SINCE JAN 1     28.96                     24.40   4.56    24.67

SNOWFALL (IN)
  YESTERDAY        0.0           0.0  2002   0.0    0.0      0.0
                                      2001
  MONTH TO DATE    0.0                       0.0    0.0      0.0
  SINCE OCT 1     57.4                      27.6   29.8     64.3
  SINCE JUL 1      0.0                       0.0    0.0      0.0
  SNOW DEPTH       0

DEGREE DAYS
 HEATING
  YESTERDAY        0                         0      0        0
  MONTH TO DATE    0                         0      0        0
  SINCE JUN 1      4                        32    -28       18
  SINCE JUL 1      0                         0      0        0

 COOLING
  YESTERDAY       14                        10      4       11
  MONTH TO DATE  293                       252     41      388
  SINCE JUN 1    439                       395     44      563
  SINCE JAN 1    462                       419     43      601
..................................................................


WIND (MPH)
  HIGHEST WIND SPEED    16   HIGHEST WIND DIRECTION     S (200)
  HIGHEST GUST SPEED    22   HIGHEST GUST DIRECTION     S (190)
  AVERAGE WIND SPEED     9.1


SKY COVER
  AVERAGE SKY COVER 0.3


WEATHER CONDITIONS
 THE FOLLOWING WEATHER WAS RECORDED YESTERDAY.
  LIGHT RAIN


RELATIVE HUMIDITY (PERCENT)
 HIGHEST    93           100 AM
 LOWEST     65           200 PM
 AVERAGE    79

..........................................................


THE BRIDGEPORT CT CLIMATE NORMALS FOR TODAY
                         NORMAL    RECORD    YEAR
 MAXIMUM TEMPERATURE (F)   83        95      1949
 MINIMUM TEMPERATURE (F)   67        54      1977


SUNRISE AND SUNSET
JULY 28 2014..........SUNRISE   544 AM EDT   SUNSET   813 PM EDT
JULY 29 2014..........SUNRISE   545 AM EDT   SUNSET   812 PM EDT


-  INDICATES NEGATIVE NUMBERS.
R  INDICATES RECORD WAS SET OR TIED.
MM INDICATES DATA IS MISSING.
T  INDICATES TRACE AMOUNT.




$$
