000
CDUS41 KOKX 190647
CLIBDR


CLIMATE REPORT
NATIONAL WEATHER SERVICE NEW YORK NY
247 AM EDT MON JUN 19 2017


...................................

...THE BRIDGEPORT CT CLIMATE SUMMARY FOR JUNE 18 2017...

CLIMATE NORMAL PERIOD 1981 TO 2010
CLIMATE RECORD PERIOD 1948 TO 2017


WEATHER ITEM   OBSERVED TIME   RECORD YEAR NORMAL DEPARTURE LAST
                VALUE   (LST)  VALUE       VALUE  FROM      YEAR
                                                  NORMAL
..................................................................
TEMPERATURE (F)
 YESTERDAY
  MAXIMUM         83    250 PM  91    1994  78      5       83
  MINIMUM         68   1216 AM  46    1958  61      7       57
                                      1950
  AVERAGE         76                        70      6       70

PRECIPITATION (IN)
  YESTERDAY        0.00          2.15 2009   0.11  -0.11     0.00
  MONTH TO DATE    0.49                      2.43  -1.94     1.09
  SINCE JUN 1      0.49                      2.43  -1.94     1.09
  SINCE JAN 1     20.33                     20.30   0.03    16.63

SNOWFALL (IN)
  YESTERDAY        0.0           0.0  2002   0.0    0.0      0.0
                                      2001
  MONTH TO DATE    0.0                       0.0    0.0      0.0
  SINCE OCT 1     40.9                      27.6   13.3     27.3
  SINCE JUL 1     40.9                      27.6   13.3     27.3
  SNOW DEPTH       0

DEGREE DAYS
 HEATING
  YESTERDAY        0                         1     -1        0
  MONTH TO DATE   25                        29     -4        4
  SINCE JUN 1     25                        29     -4        4
  SINCE JUL 1   4565                      5389   -824     4421

 COOLING
  YESTERDAY       11                         5      6        5
  MONTH TO DATE   90                        64     26       72
  SINCE JUN 1     90                        64     26       72
  SINCE JAN 1    134                        88     46      130
..................................................................


WIND (MPH)
  HIGHEST WIND SPEED    17   HIGHEST WIND DIRECTION     S (200)
  HIGHEST GUST SPEED    24   HIGHEST GUST DIRECTION     S (200)
  AVERAGE WIND SPEED     8.7


SKY COVER
  AVERAGE SKY COVER 0.6


WEATHER CONDITIONS
 THE FOLLOWING WEATHER WAS RECORDED YESTERDAY.
  FOG
  FOG W/VISIBILITY <= 1/4 MILE
  HAZE


RELATIVE HUMIDITY (PERCENT)
 HIGHEST   100           300 AM
 LOWEST     69           100 PM
 AVERAGE    85

..........................................................


THE BRIDGEPORT CT CLIMATE NORMALS FOR TODAY
                         NORMAL    RECORD    YEAR
 MAXIMUM TEMPERATURE (F)   78        96      1994
 MINIMUM TEMPERATURE (F)   62        51      1986


SUNRISE AND SUNSET
JUNE 19 2017..........SUNRISE   520 AM EDT   SUNSET   828 PM EDT
JUNE 20 2017..........SUNRISE   520 AM EDT   SUNSET   829 PM EDT


-  INDICATES NEGATIVE NUMBERS.
R  INDICATES RECORD WAS SET OR TIED.
MM INDICATES DATA IS MISSING.
T  INDICATES TRACE AMOUNT.




$$
