000
CDUS41 KOKX 040619
CLIBDR


CLIMATE REPORT
NATIONAL WEATHER SERVICE NEW YORK NY
119 AM EST MON DEC 4 2017


...................................

...THE BRIDGEPORT CT CLIMATE SUMMARY FOR DECEMBER 3 2017...

CLIMATE NORMAL PERIOD 1981 TO 2010
CLIMATE RECORD PERIOD 1948 TO 2017


WEATHER ITEM   OBSERVED TIME   RECORD YEAR NORMAL DEPARTURE LAST
                VALUE   (LST)  VALUE       VALUE  FROM      YEAR
                                                  NORMAL
..................................................................
TEMPERATURE (F)
 YESTERDAY
  MAXIMUM         47    137 PM  64    2009  47      0       49
  MINIMUM         36    752 AM  14    1976  33      3       41
                                      1966
  AVERAGE         42                        40      2       45

PRECIPITATION (IN)
  YESTERDAY        T             1.38 1991   0.12  -0.12     0.00
  MONTH TO DATE    0.03                      0.36  -0.33     0.04
  SINCE DEC 1      0.03                      0.36  -0.33     0.04
  SINCE JAN 1     39.59                     39.77  -0.18    36.01

SNOWFALL (IN)
  YESTERDAY        0.0           1.4  1952   0.1   -0.1      0.0
  MONTH TO DATE    0.0                       0.3   -0.3      0.0
  SINCE OCT 1      0.0                       1.0   -1.0       T
  SINCE JUL 1      0.0                       1.0   -1.0       T
  SNOW DEPTH       0

DEGREE DAYS
 HEATING
  YESTERDAY       23                        25     -2       20
  MONTH TO DATE   69                        75     -6       54
  SINCE DEC 1     69                        75     -6       54
  SINCE JUL 1    824                      1049   -225      782

 COOLING
  YESTERDAY        0                         0      0        0
  MONTH TO DATE    0                         0      0        0
  SINCE DEC 1      0                         0      0        0
  SINCE JAN 1   1053                       825    228     1270
..................................................................


WIND (MPH)
  HIGHEST WIND SPEED    10   HIGHEST WIND DIRECTION     E (70)
  HIGHEST GUST SPEED    13   HIGHEST GUST DIRECTION     E (70)
  AVERAGE WIND SPEED     5.7


SKY COVER
  AVERAGE SKY COVER 0.7


WEATHER CONDITIONS
 THE FOLLOWING WEATHER WAS RECORDED YESTERDAY.
  LIGHT RAIN


RELATIVE HUMIDITY (PERCENT)
 HIGHEST    82           500 AM
 LOWEST     65          1000 AM
 AVERAGE    74

..........................................................


THE BRIDGEPORT CT CLIMATE NORMALS FOR TODAY
                         NORMAL    RECORD    YEAR
 MAXIMUM TEMPERATURE (F)   46        72      1998
 MINIMUM TEMPERATURE (F)   32        13      1966


SUNRISE AND SUNSET
DECEMBER  4 2017......SUNRISE   702 AM EST   SUNSET   424 PM EST
DECEMBER  5 2017......SUNRISE   703 AM EST   SUNSET   424 PM EST


-  INDICATES NEGATIVE NUMBERS.
R  INDICATES RECORD WAS SET OR TIED.
MM INDICATES DATA IS MISSING.
T  INDICATES TRACE AMOUNT.




$$
