000
CDUS41 KOKX 220619
CLIBDR


CLIMATE REPORT
NATIONAL WEATHER SERVICE NEW YORK NY
218 AM EDT SUN OCT 22 2017


...................................

...THE BRIDGEPORT CT CLIMATE SUMMARY FOR OCTOBER 21 2017...

CLIMATE NORMAL PERIOD 1981 TO 2010
CLIMATE RECORD PERIOD 1948 TO 2017


WEATHER ITEM   OBSERVED TIME   RECORD YEAR NORMAL DEPARTURE LAST
                VALUE   (LST)  VALUE       VALUE  FROM      YEAR
                                                  NORMAL
..................................................................
TEMPERATURE (F)
 YESTERDAY
  MAXIMUM         73    301 PM  78    1963  62     11       76
  MINIMUM         46    302 AM  27    1972  45      1       65
  AVERAGE         60                        53      7       71

PRECIPITATION (IN)
  YESTERDAY        0.00          1.59 1995   0.12  -0.12     0.02
  MONTH TO DATE    0.57                      2.51  -1.94     1.20
  SINCE SEP 1      2.30                      5.99  -3.69     3.93
  SINCE JAN 1     30.89                     34.89  -4.00    28.69

SNOWFALL (IN)
  YESTERDAY        0.0           0.0  2002   0.0    0.0      0.0
                                      2001
  MONTH TO DATE    0.0                       0.0    0.0      0.0
  SINCE OCT 1      0.0                       0.0    0.0      0.0
  SINCE JUL 1      0.0                       0.0    0.0      0.0
  SNOW DEPTH       0

DEGREE DAYS
 HEATING
  YESTERDAY        5                        12     -7        0
  MONTH TO DATE   76                       187   -111       98
  SINCE SEP 1    101                       251   -150      113
  SINCE JUL 1    101                       255   -154      113

 COOLING
  YESTERDAY        0                         0      0        6
  MONTH TO DATE   52                         8     44       27
  SINCE SEP 1    209                       106    103      218
  SINCE JAN 1   1046                       824    222     1270
..................................................................


WIND (MPH)
  HIGHEST WIND SPEED    13   HIGHEST WIND DIRECTION    SW (210)
  HIGHEST GUST SPEED    17   HIGHEST GUST DIRECTION     S (190)
  AVERAGE WIND SPEED     4.4


SKY COVER
  AVERAGE SKY COVER 0.0


WEATHER CONDITIONS
 THE FOLLOWING WEATHER WAS RECORDED YESTERDAY.
  NO SIGNIFICANT WEATHER WAS OBSERVED.


RELATIVE HUMIDITY (PERCENT)
 HIGHEST    80           200 AM
 LOWEST     37          1000 AM
 AVERAGE    59

..........................................................


THE BRIDGEPORT CT CLIMATE NORMALS FOR TODAY
                         NORMAL    RECORD    YEAR
 MAXIMUM TEMPERATURE (F)   61        77      1975
 MINIMUM TEMPERATURE (F)   44        32      1983
                                             1974


SUNRISE AND SUNSET
OCTOBER 22 2017.......SUNRISE   712 AM EDT   SUNSET   601 PM EDT
OCTOBER 23 2017.......SUNRISE   713 AM EDT   SUNSET   600 PM EDT


-  INDICATES NEGATIVE NUMBERS.
R  INDICATES RECORD WAS SET OR TIED.
MM INDICATES DATA IS MISSING.
T  INDICATES TRACE AMOUNT.




$$
