000
CDUS41 KOKX 222041
CLIBDR


CLIMATE REPORT
NATIONAL WEATHER SERVICE NEW YORK NY
440 PM EDT MON SEP 22 2014


...................................

...THE BRIDGEPORT CT CLIMATE SUMMARY FOR SEPTEMBER 22 2014...
VALID TODAY AS OF 0400 PM LOCAL TIME.

CLIMATE NORMAL PERIOD 1981 TO 2010
CLIMATE RECORD PERIOD 1948 TO 2014


WEATHER ITEM   OBSERVED TIME   RECORD YEAR NORMAL DEPARTURE LAST
                VALUE   (LST)  VALUE       VALUE  FROM      YEAR
                                                  NORMAL
..................................................................
TEMPERATURE (F)
 TODAY
  MAXIMUM         74   1239 PM  89    1970  72      2       73
  MINIMUM         62    510 AM  42    1997  56      6       53
                                      1962
  AVERAGE         68                        64      4       63

PRECIPITATION (IN)
  TODAY            T             1.14 1979   0.11  -0.11     1.13
  MONTH TO DATE    1.89                      2.51  -0.62     2.72
  SINCE SEP 1      1.89                      2.51  -0.62     2.72
  SINCE JAN 1     33.13                     31.41   1.72    29.50

SNOWFALL (IN)
  TODAY            0.0           0.0  2002   0.0    0.0      0.0
                                      2001
  MONTH TO DATE    0.0                       0.0    0.0      0.0
  SINCE OCT 1     57.4                      27.6   29.8     64.3
  SINCE JUL 1      0.0                       0.0    0.0      0.0
  SNOW DEPTH       0

DEGREE DAYS
 HEATING
  TODAY            0                         3     -3        2
  MONTH TO DATE   25                        30     -5       38
  SINCE SEP 1     25                        30     -5       38
  SINCE JUL 1     25                        34     -9       38

 COOLING
  TODAY            3                         2      1        0
  MONTH TO DATE  117                        87     30       96
  SINCE SEP 1    117                        87     30       96
  SINCE JAN 1    851                       805     46      981
..................................................................


WIND (MPH)
  HIGHEST WIND SPEED    21   HIGHEST WIND DIRECTION     W (290)
  HIGHEST GUST SPEED    27   HIGHEST GUST DIRECTION     W (270)
  AVERAGE WIND SPEED    10.7


SKY COVER
  AVERAGE SKY COVER 0.3


WEATHER CONDITIONS
 THE FOLLOWING WEATHER WAS RECORDED TODAY.
  LIGHT RAIN


RELATIVE HUMIDITY (PERCENT)
 HIGHEST    97          1200 AM
 LOWEST     44           200 PM
 AVERAGE    71

..........................................................


THE BRIDGEPORT CT CLIMATE NORMALS FOR TOMORROW
                         NORMAL    RECORD    YEAR
 MAXIMUM TEMPERATURE (F)   72        91      1970
 MINIMUM TEMPERATURE (F)   56        40      1963


SUNRISE AND SUNSET
SEPTEMBER 22 2014.....SUNRISE   640 AM EDT   SUNSET   650 PM EDT
SEPTEMBER 23 2014.....SUNRISE   641 AM EDT   SUNSET   648 PM EDT


-  INDICATES NEGATIVE NUMBERS.
R  INDICATES RECORD WAS SET OR TIED.
MM INDICATES DATA IS MISSING.
T  INDICATES TRACE AMOUNT.




$$
