000
CDUS41 KOKX 190616
CLIBDR


CLIMATE REPORT
NATIONAL WEATHER SERVICE NEW YORK NY
216 AM EDT SUN OCT 19 2014


...................................

...THE BRIDGEPORT CT CLIMATE SUMMARY FOR OCTOBER 18 2014...

CLIMATE NORMAL PERIOD 1981 TO 2010
CLIMATE RECORD PERIOD 1948 TO 2014


WEATHER ITEM   OBSERVED TIME   RECORD YEAR NORMAL DEPARTURE LAST
                VALUE   (LST)  VALUE       VALUE  FROM      YEAR
                                                  NORMAL
..................................................................
TEMPERATURE (F)
 YESTERDAY
  MAXIMUM         70    229 PM  75    1990  63      7       70
  MINIMUM         57   1159 PM  32    1982  46     11       51
                                      1974
  AVERAGE         64                        54     10       61

PRECIPITATION (IN)
  YESTERDAY        T             1.86 1975   0.12  -0.12      T
  MONTH TO DATE    2.22                      2.16   0.06     0.28
  SINCE SEP 1      4.32                      5.64  -1.32     3.00
  SINCE JAN 1     35.56                     34.54   1.02    29.78

SNOWFALL (IN)
  YESTERDAY        0.0           0.0  2001   0.0    0.0      0.0
  MONTH TO DATE    0.0                       0.0    0.0      0.0
  SINCE OCT 1      0.0                       0.0    0.0      0.0
  SINCE JUL 1      0.0                       0.0    0.0      0.0
  SNOW DEPTH       0

DEGREE DAYS
 HEATING
  YESTERDAY        1                        11    -10        4
  MONTH TO DATE   89                       152    -63       56
  SINCE SEP 1    129                       216    -87      137
  SINCE JUL 1    129                       220    -91      137

 COOLING
  YESTERDAY        0                         0      0        0
  MONTH TO DATE   19                         8     11       22
  SINCE SEP 1    150                       106     44      118
  SINCE JAN 1    884                       824     60     1003
..................................................................


WIND (MPH)
  HIGHEST WIND SPEED    17   HIGHEST WIND DIRECTION    NW (300)
  HIGHEST GUST SPEED    25   HIGHEST GUST DIRECTION    NW (300)
  AVERAGE WIND SPEED    10.1


SKY COVER
  AVERAGE SKY COVER 0.7


WEATHER CONDITIONS
 THE FOLLOWING WEATHER WAS RECORDED YESTERDAY.
  LIGHT RAIN


RELATIVE HUMIDITY (PERCENT)
 HIGHEST    87          1200 AM
 LOWEST     52           400 PM
 AVERAGE    70

..........................................................


THE BRIDGEPORT CT CLIMATE NORMALS FOR TODAY
                         NORMAL    RECORD    YEAR
 MAXIMUM TEMPERATURE (F)   62        81      1963
 MINIMUM TEMPERATURE (F)   45        30      1974


SUNRISE AND SUNSET
OCTOBER 19 2014.......SUNRISE   709 AM EDT   SUNSET   606 PM EDT
OCTOBER 20 2014.......SUNRISE   710 AM EDT   SUNSET   604 PM EDT


-  INDICATES NEGATIVE NUMBERS.
R  INDICATES RECORD WAS SET OR TIED.
MM INDICATES DATA IS MISSING.
T  INDICATES TRACE AMOUNT.




$$
