000
CDUS41 KOKX 110628
CLIBDR


CLIMATE REPORT
NATIONAL WEATHER SERVICE NEW YORK NY
228 AM EDT FRI AUG 11 2017


...................................

...THE BRIDGEPORT CT CLIMATE SUMMARY FOR AUGUST 10 2017...

CLIMATE NORMAL PERIOD 1981 TO 2010
CLIMATE RECORD PERIOD 1948 TO 2017


WEATHER ITEM   OBSERVED TIME   RECORD YEAR NORMAL DEPARTURE LAST
                VALUE   (LST)  VALUE       VALUE  FROM      YEAR
                                                  NORMAL
..................................................................
TEMPERATURE (F)
 YESTERDAY
  MAXIMUM         83   1223 PM  96    1949  82      1       84
  MINIMUM         64    453 AM  50    1964  67     -3       75
  AVERAGE         74                        74      0       80

PRECIPITATION (IN)
  YESTERDAY        0.00          3.23 1952   0.13  -0.13     1.91
  MONTH TO DATE    2.12                      1.34   0.78     2.10
  SINCE JUN 1      7.06                      8.41  -1.35     8.16
  SINCE JAN 1     26.90                     26.28   0.62    23.70

SNOWFALL (IN)
  YESTERDAY        0.0           0.0  2002   0.0    0.0      0.0
                                      2001
  MONTH TO DATE    0.0                       0.0    0.0      0.0
  SINCE OCT 1     40.9                      27.6   13.3     27.3
  SINCE JUL 1      0.0                       0.0    0.0      0.0
  SNOW DEPTH       0

DEGREE DAYS
 HEATING
  YESTERDAY        0                         0      0        0
  MONTH TO DATE    0                         0      0        0
  SINCE JUN 1     25                        33     -8        4
  SINCE JUL 1      0                         1     -1        0

 COOLING
  YESTERDAY        9                         9      0       15
  MONTH TO DATE   88                        95     -7      112
  SINCE JUN 1    625                       527     98      681
  SINCE JAN 1    669                       551    118      739
..................................................................


WIND (MPH)
  HIGHEST WIND SPEED    13   HIGHEST WIND DIRECTION    SE (140)
  HIGHEST GUST SPEED    15   HIGHEST GUST DIRECTION    SE (130)
  AVERAGE WIND SPEED     4.6


SKY COVER
  AVERAGE SKY COVER 0.0


WEATHER CONDITIONS
 THE FOLLOWING WEATHER WAS RECORDED YESTERDAY.
  NO SIGNIFICANT WEATHER WAS OBSERVED.


RELATIVE HUMIDITY (PERCENT)
 HIGHEST    87           200 AM
 LOWEST     51          1200 PM
 AVERAGE    69

..........................................................


THE BRIDGEPORT CT CLIMATE NORMALS FOR TODAY
                         NORMAL    RECORD    YEAR
 MAXIMUM TEMPERATURE (F)   82        95      1949
 MINIMUM TEMPERATURE (F)   67        51      1972


SUNRISE AND SUNSET
AUGUST 11 2017........SUNRISE   558 AM EDT   SUNSET   756 PM EDT
AUGUST 12 2017........SUNRISE   559 AM EDT   SUNSET   755 PM EDT


-  INDICATES NEGATIVE NUMBERS.
R  INDICATES RECORD WAS SET OR TIED.
MM INDICATES DATA IS MISSING.
T  INDICATES TRACE AMOUNT.




$$
