000
CDUS41 KOKX 212245
CLIBDR


CLIMATE REPORT
NATIONAL WEATHER SERVICE NEW YORK NY
645 PM EDT WED SEP 21 2016


...................................

...THE BRIDGEPORT CT CLIMATE SUMMARY FOR SEPTEMBER 21 2016...
VALID TODAY AS OF 0500 PM LOCAL TIME.

CLIMATE NORMAL PERIOD 1981 TO 2010
CLIMATE RECORD PERIOD 1948 TO 2016


WEATHER ITEM   OBSERVED TIME   RECORD YEAR NORMAL DEPARTURE LAST
                VALUE   (LST)  VALUE       VALUE  FROM      YEAR
                                                  NORMAL
..................................................................
TEMPERATURE (F)
 TODAY
  MAXIMUM         83   1218 PM  85    1965  72     11       73
  MINIMUM         67    552 AM  36    1956  56     11       56
  AVERAGE         75                        64     11       65

PRECIPITATION (IN)
  TODAY            0.00          3.00 1966   0.11  -0.11      T
  MONTH TO DATE    2.32                      2.40  -0.08     1.59
  SINCE SEP 1      2.32                      2.40  -0.08     1.59
  SINCE JAN 1     27.08                     31.30  -4.22    25.18

SNOWFALL (IN)
  TODAY            0.0           0.0  2002   0.0    0.0      0.0
                                      2001
  MONTH TO DATE    0.0                       0.0    0.0      0.0
  SINCE OCT 1     27.3                      27.6   -0.3     59.7
  SINCE JUL 1      0.0                       0.0    0.0      0.0
  SNOW DEPTH       0

DEGREE DAYS
 HEATING
  TODAY            0                         3     -3        0
  MONTH TO DATE    0                        27    -27        0
  SINCE SEP 1      0                        27    -27        0
  SINCE JUL 1      0                        31    -31        0

 COOLING
  TODAY           10                         2      8        0
  MONTH TO DATE  176                        85     91      177
  SINCE SEP 1    176                        85     91      177
  SINCE JAN 1   1228                       803    425     1097
..................................................................


WIND (MPH)
  HIGHEST WIND SPEED    12   HIGHEST WIND DIRECTION     N (350)
  HIGHEST GUST SPEED    14   HIGHEST GUST DIRECTION     N (340)
  AVERAGE WIND SPEED     3.9


SKY COVER
  AVERAGE SKY COVER 0.0


WEATHER CONDITIONS
 THE FOLLOWING WEATHER WAS RECORDED TODAY.
  NO SIGNIFICANT WEATHER WAS OBSERVED.


RELATIVE HUMIDITY (PERCENT)
 HIGHEST    90           100 AM
 LOWEST     35          1100 AM
 AVERAGE    63

..........................................................


THE BRIDGEPORT CT CLIMATE NORMALS FOR TOMORROW
                         NORMAL    RECORD    YEAR
 MAXIMUM TEMPERATURE (F)   72        89      1970
 MINIMUM TEMPERATURE (F)   56        42      1997
                                             1962


SUNRISE AND SUNSET
SEPTEMBER 21 2016.....SUNRISE   639 AM EDT   SUNSET   651 PM EDT
SEPTEMBER 22 2016.....SUNRISE   640 AM EDT   SUNSET   649 PM EDT


-  INDICATES NEGATIVE NUMBERS.
R  INDICATES RECORD WAS SET OR TIED.
MM INDICATES DATA IS MISSING.
T  INDICATES TRACE AMOUNT.




$$
