000
CDUS41 KOKX 070621
CLIBDR


CLIMATE REPORT
NATIONAL WEATHER SERVICE NEW YORK NY
120 AM EST SUN JAN 7 2018


...................................

...THE BRIDGEPORT CT CLIMATE SUMMARY FOR JANUARY 6 2018...

CLIMATE NORMAL PERIOD 1981 TO 2010
CLIMATE RECORD PERIOD 1948 TO 2018


WEATHER ITEM   OBSERVED TIME   RECORD YEAR NORMAL DEPARTURE LAST
                VALUE   (LST)  VALUE       VALUE  FROM      YEAR
                                                  NORMAL
..................................................................
TEMPERATURE (F)
 YESTERDAY
  MAXIMUM         13    405 PM  68    2007  37    -24       35
  MINIMUM          3   1147 PM   2    1996  23    -20       25
  AVERAGE          8                        30    -22       30

PRECIPITATION (IN)
  YESTERDAY        0.00          2.19 1962   0.10  -0.10     0.02
  MONTH TO DATE    0.86                      0.62   0.24     0.79
  SINCE DEC 1      2.55                      3.95  -1.40     4.22
  SINCE JAN 1      0.86                      0.62   0.24     0.79

SNOWFALL (IN)
  YESTERDAY        0.0           3.0  2005   0.3   -0.3      1.0
  MONTH TO DATE    9.0                       1.5    7.5      1.0
  SINCE OCT 1     17.7                       7.3   10.4      7.0
  SINCE JUL 1     17.7                       7.3   10.4      7.0
  SNOW DEPTH       7

DEGREE DAYS
 HEATING
  YESTERDAY       57                        35     22       35
  MONTH TO DATE  293                       206     87      164
  SINCE DEC 1   1264                      1125    139     1001
  SINCE JUL 1   2019                      2099    -80     1729

 COOLING
  YESTERDAY        0                         0      0        0
  MONTH TO DATE    0                         0      0        0
  SINCE DEC 1      0                         0      0        0
  SINCE JAN 1      0                         0      0        0
..................................................................


WIND (MPH)
  HIGHEST WIND SPEED    25   HIGHEST WIND DIRECTION     W (290)
  HIGHEST GUST SPEED    34   HIGHEST GUST DIRECTION     W (280)
  AVERAGE WIND SPEED    15.7


SKY COVER
  AVERAGE SKY COVER 0.0


WEATHER CONDITIONS
 THE FOLLOWING WEATHER WAS RECORDED YESTERDAY.
  BLOWING SNOW


RELATIVE HUMIDITY (PERCENT)
 HIGHEST    54          1100 PM
 LOWEST     38           400 PM
 AVERAGE    46

..........................................................


THE BRIDGEPORT CT CLIMATE NORMALS FOR TODAY
                         NORMAL    RECORD    YEAR
 MAXIMUM TEMPERATURE (F)   37        55      2012
                                             2007
 MINIMUM TEMPERATURE (F)   23         7      1988


SUNRISE AND SUNSET
JANUARY  7 2018.......SUNRISE   718 AM EST   SUNSET   440 PM EST
JANUARY  8 2018.......SUNRISE   718 AM EST   SUNSET   441 PM EST


-  INDICATES NEGATIVE NUMBERS.
R  INDICATES RECORD WAS SET OR TIED.
MM INDICATES DATA IS MISSING.
T  INDICATES TRACE AMOUNT.




$$
