600
CDUS41 KOKX 240619
CLIBDR


CLIMATE REPORT
NATIONAL WEATHER SERVICE NEW YORK NY
219 AM EDT MON APR 24 2017


...................................

...THE BRIDGEPORT CT CLIMATE SUMMARY FOR APRIL 23 2017...

CLIMATE NORMAL PERIOD 1981 TO 2010
CLIMATE RECORD PERIOD 1948 TO 2017


WEATHER ITEM   OBSERVED TIME   RECORD YEAR NORMAL DEPARTURE LAST
                VALUE   (LST)  VALUE       VALUE  FROM      YEAR
                                                  NORMAL
..................................................................
TEMPERATURE (F)
 YESTERDAY
  MAXIMUM         62    345 PM  79    1952  60      2       69
  MINIMUM         46    523 AM  30    1982  43      3       52
  AVERAGE         54                        52      2       61

PRECIPITATION (IN)
  YESTERDAY        0.00          5.30 2006   0.13  -0.13     0.23
  MONTH TO DATE    3.84                      3.22   0.62     2.23
  SINCE MAR 1      8.18                      7.27   0.91     4.40
  SINCE JAN 1     13.37                     13.16   0.21    11.56

SNOWFALL (IN)
  YESTERDAY        0.0           T    2015   0.0    0.0      0.0
  MONTH TO DATE    0.0                       0.9   -0.9      0.1
  SINCE OCT 1     40.9                      27.6   13.3     27.3
  SINCE JUL 1     40.9                      27.6   13.3     27.3
  SNOW DEPTH       0

DEGREE DAYS
 HEATING
  YESTERDAY       11                        13     -2        4
  MONTH TO DATE  287                       388   -101      369
  SINCE MAR 1   1135                      1185    -50      992
  SINCE JUL 1   4302                      5072   -770     4127

 COOLING
  YESTERDAY        0                         0      0        0
  MONTH TO DATE    0                         0      0        0
  SINCE MAR 1      0                         0      0        0
  SINCE JAN 1      0                         0      0        0
..................................................................


WIND (MPH)
  HIGHEST WIND SPEED    15   HIGHEST WIND DIRECTION     S (190)
  HIGHEST GUST SPEED    22   HIGHEST GUST DIRECTION     S (190)
  AVERAGE WIND SPEED     8.7


SKY COVER
  AVERAGE SKY COVER 0.0


WEATHER CONDITIONS
 THE FOLLOWING WEATHER WAS RECORDED YESTERDAY.
  NO SIGNIFICANT WEATHER WAS OBSERVED.


RELATIVE HUMIDITY (PERCENT)
 HIGHEST    74          1100 PM
 LOWEST     39           200 PM
 AVERAGE    57

..........................................................


THE BRIDGEPORT CT CLIMATE NORMALS FOR TODAY
                         NORMAL    RECORD    YEAR
 MAXIMUM TEMPERATURE (F)   61        78      2001
 MINIMUM TEMPERATURE (F)   44        34      1989
                                             1967


SUNRISE AND SUNSET
APRIL 24 2017.........SUNRISE   559 AM EDT   SUNSET   742 PM EDT
APRIL 25 2017.........SUNRISE   558 AM EDT   SUNSET   743 PM EDT


-  INDICATES NEGATIVE NUMBERS.
R  INDICATES RECORD WAS SET OR TIED.
MM INDICATES DATA IS MISSING.
T  INDICATES TRACE AMOUNT.




$$
