000
CDUS41 KOKX 050616
CLIBDR


CLIMATE REPORT
NATIONAL WEATHER SERVICE NEW YORK NY
216 AM EDT SAT APR 5 2014


...................................

...THE BRIDGEPORT CT CLIMATE SUMMARY FOR APRIL 4 2014...

CLIMATE NORMAL PERIOD 1981 TO 2010
CLIMATE RECORD PERIOD 1948 TO 2014


WEATHER ITEM   OBSERVED TIME   RECORD YEAR NORMAL DEPARTURE LAST
                VALUE   (LST)  VALUE       VALUE  FROM      YEAR
                                                  NORMAL
..................................................................
TEMPERATURE (F)
 YESTERDAY
  MAXIMUM         43   1043 AM  69    2012  54    -11       48
  MINIMUM         39   1100 PM  21    1954  37      2       29
  AVERAGE         41                        45     -4       39

PRECIPITATION (IN)
  YESTERDAY        0.21          2.61 1987   0.14   0.07     0.00
  MONTH TO DATE    0.21                      0.57  -0.36     0.02
  SINCE MAR 1      5.43                      4.62   0.81     2.56
  SINCE JAN 1     12.41                     10.51   1.90     9.58

SNOWFALL (IN)
  YESTERDAY        0.0           2.4  1957   0.0    0.0      0.0
  MONTH TO DATE    0.0                       0.2   -0.2      0.0
  SINCE OCT 1     57.0                      26.9   30.1     64.3
  SINCE JUL 1     57.0                      26.9   30.1     64.3
  SNOW DEPTH       0

DEGREE DAYS
 HEATING
  YESTERDAY       24                        20      4       26
  MONTH TO DATE   87                        81      6       95
  SINCE MAR 1   1021                       878    143      890
  SINCE JUL 1   5069                      4765    304     4513

 COOLING
  YESTERDAY        0                         0      0        0
  MONTH TO DATE    0                         0      0        0
  SINCE MAR 1      0                         0      0        0
  SINCE JAN 1      0                         0      0        0
..................................................................


WIND (MPH)
  HIGHEST WIND SPEED    18   HIGHEST WIND DIRECTION     E (70)
  HIGHEST GUST SPEED    23   HIGHEST GUST DIRECTION    NE (60)
  AVERAGE WIND SPEED    12.3


SKY COVER
  AVERAGE SKY COVER 1.0


WEATHER CONDITIONS
 THE FOLLOWING WEATHER WAS RECORDED YESTERDAY.
  HEAVY RAIN
  LIGHT RAIN
  FOG


RELATIVE HUMIDITY (PERCENT)
 HIGHEST    92           400 AM
 LOWEST     70          1100 AM
 AVERAGE    81

..........................................................


THE BRIDGEPORT CT CLIMATE NORMALS FOR TODAY
                         NORMAL    RECORD    YEAR
 MAXIMUM TEMPERATURE (F)   54        70      1988
 MINIMUM TEMPERATURE (F)   38        22      1995


SUNRISE AND SUNSET
APRIL  5 2014.........SUNRISE   629 AM EDT   SUNSET   722 PM EDT
APRIL  6 2014.........SUNRISE   628 AM EDT   SUNSET   723 PM EDT


-  INDICATES NEGATIVE NUMBERS.
R  INDICATES RECORD WAS SET OR TIED.
MM INDICATES DATA IS MISSING.
T  INDICATES TRACE AMOUNT.




$$
