000
CDUS41 KOKX 250616
CLIBDR


CLIMATE REPORT
NATIONAL WEATHER SERVICE NEW YORK NY
216 AM EDT THU SEP 25 2014


...................................

...THE BRIDGEPORT CT CLIMATE SUMMARY FOR SEPTEMBER 24 2014...

CLIMATE NORMAL PERIOD 1981 TO 2010
CLIMATE RECORD PERIOD 1948 TO 2014


WEATHER ITEM   OBSERVED TIME   RECORD YEAR NORMAL DEPARTURE LAST
                VALUE   (LST)  VALUE       VALUE  FROM      YEAR
                                                  NORMAL
..................................................................
TEMPERATURE (F)
 YESTERDAY
  MAXIMUM         70    305 PM  87    1959  71     -1       72
  MINIMUM         54    444 AM  36    1963  55     -1       44
  AVERAGE         62                        63     -1       58

PRECIPITATION (IN)
  YESTERDAY        0.00          2.29 1977   0.11  -0.11     0.00
  MONTH TO DATE    1.89                      2.74  -0.85     2.72
  SINCE SEP 1      1.89                      2.74  -0.85     2.72
  SINCE JAN 1     33.13                     31.64   1.49    29.50

SNOWFALL (IN)
  YESTERDAY        0.0           0.0  2002   0.0    0.0      0.0
                                      2001
  MONTH TO DATE    0.0                       0.0    0.0      0.0
  SINCE OCT 1     57.4                      27.6   29.8     64.3
  SINCE JUL 1      0.0                       0.0    0.0      0.0
  SNOW DEPTH       0

DEGREE DAYS
 HEATING
  YESTERDAY        3                         4     -1        7
  MONTH TO DATE   36                        37     -1       53
  SINCE SEP 1     36                        37     -1       53
  SINCE JUL 1     36                        41     -5       53

 COOLING
  YESTERDAY        0                         2     -2        0
  MONTH TO DATE  114                        91     23       96
  SINCE SEP 1    114                        91     23       96
  SINCE JAN 1    848                       809     39      981
..................................................................


WIND (MPH)
  HIGHEST WIND SPEED    17   HIGHEST WIND DIRECTION     E (100)
  HIGHEST GUST SPEED    21   HIGHEST GUST DIRECTION     E (100)
  AVERAGE WIND SPEED    11.1


SKY COVER
  AVERAGE SKY COVER 0.0


WEATHER CONDITIONS
 THE FOLLOWING WEATHER WAS RECORDED YESTERDAY.
  NO SIGNIFICANT WEATHER WAS OBSERVED.


RELATIVE HUMIDITY (PERCENT)
 HIGHEST    89           400 AM
 LOWEST     57          1200 PM
 AVERAGE    73

..........................................................


THE BRIDGEPORT CT CLIMATE NORMALS FOR TODAY
                         NORMAL    RECORD    YEAR
 MAXIMUM TEMPERATURE (F)   71        85      1970
 MINIMUM TEMPERATURE (F)   55        37      1950


SUNRISE AND SUNSET
SEPTEMBER 25 2014.....SUNRISE   643 AM EDT   SUNSET   645 PM EDT
SEPTEMBER 26 2014.....SUNRISE   644 AM EDT   SUNSET   643 PM EDT


-  INDICATES NEGATIVE NUMBERS.
R  INDICATES RECORD WAS SET OR TIED.
MM INDICATES DATA IS MISSING.
T  INDICATES TRACE AMOUNT.




$$
