000
CDUS41 KOKX 090625
CLIBDR


CLIMATE REPORT
NATIONAL WEATHER SERVICE NEW YORK NY
125 AM EST TUE JAN 9 2018


...................................

...THE BRIDGEPORT CT CLIMATE SUMMARY FOR JANUARY 8 2018...

CLIMATE NORMAL PERIOD 1981 TO 2010
CLIMATE RECORD PERIOD 1948 TO 2018


WEATHER ITEM   OBSERVED TIME   RECORD YEAR NORMAL DEPARTURE LAST
                VALUE   (LST)  VALUE       VALUE  FROM      YEAR
                                                  NORMAL
..................................................................
TEMPERATURE (F)
 YESTERDAY
  MAXIMUM         31   1050 PM  57    2008  37     -6       25
                                      1949
  MINIMUM         20   1244 AM   1    1968  23     -3       14
  AVERAGE         26                        30     -4       20

PRECIPITATION (IN)
  YESTERDAY       MM             1.36 2007   0.10  MM         T
  MONTH TO DATE    0.86                      0.82   0.04     1.01
  SINCE DEC 1      2.55                      4.15  -1.60     4.44
  SINCE JAN 1      0.86                      0.82   0.04     1.01

SNOWFALL (IN)
  YESTERDAY       MM             8.0  1996   0.2   MM        0.2
  MONTH TO DATE    9.0                       2.0    7.0      6.9
  SINCE OCT 1     17.7                       7.8    9.9     12.9
  SINCE JUL 1     17.7                       7.8    9.9     12.9
  SNOW DEPTH       7

DEGREE DAYS
 HEATING
  YESTERDAY       39                        35      4       45
  MONTH TO DATE  388                       276    112      251
  SINCE DEC 1   1359                      1195    164     1088
  SINCE JUL 1   2114                      2169    -55     1816

 COOLING
  YESTERDAY        0                         0      0        0
  MONTH TO DATE    0                         0      0        0
  SINCE DEC 1      0                         0      0        0
  SINCE JAN 1      0                         0      0        0
..................................................................


WIND (MPH)
  HIGHEST WIND SPEED    21   HIGHEST WIND DIRECTION    SW (230)
  HIGHEST GUST SPEED    27   HIGHEST GUST DIRECTION    SW (230)
  AVERAGE WIND SPEED    11.8


SKY COVER
  AVERAGE SKY COVER 0.9


WEATHER CONDITIONS
 THE FOLLOWING WEATHER WAS RECORDED YESTERDAY.
  LIGHT SNOW


RELATIVE HUMIDITY (PERCENT)
 HIGHEST    81           600 PM
 LOWEST     49           100 PM
 AVERAGE    65

..........................................................


THE BRIDGEPORT CT CLIMATE NORMALS FOR TODAY
                         NORMAL    RECORD    YEAR
 MAXIMUM TEMPERATURE (F)   37        65      2008
 MINIMUM TEMPERATURE (F)   23        -3      1968


SUNRISE AND SUNSET
JANUARY  9 2018.......SUNRISE   718 AM EST   SUNSET   442 PM EST
JANUARY 10 2018.......SUNRISE   717 AM EST   SUNSET   443 PM EST


-  INDICATES NEGATIVE NUMBERS.
R  INDICATES RECORD WAS SET OR TIED.
MM INDICATES DATA IS MISSING.
T  INDICATES TRACE AMOUNT.




$$
