663
CDUS41 KOKX 210617
CLIBDR


CLIMATE REPORT
NATIONAL WEATHER SERVICE NEW YORK NY
216 AM EDT SUN MAY 21 2017


...................................

...THE BRIDGEPORT CT CLIMATE SUMMARY FOR MAY 20 2017...

CLIMATE NORMAL PERIOD 1981 TO 2010
CLIMATE RECORD PERIOD 1948 TO 2017


WEATHER ITEM   OBSERVED TIME   RECORD YEAR NORMAL DEPARTURE LAST
                VALUE   (LST)  VALUE       VALUE  FROM      YEAR
                                                  NORMAL
..................................................................
TEMPERATURE (F)
 YESTERDAY
  MAXIMUM         66   1234 AM  97    1996  69     -3       74
  MINIMUM         56   1158 PM  39    2002  52      4       48
  AVERAGE         61                        60      1       61

PRECIPITATION (IN)
  YESTERDAY        0.00          1.60 1973   0.13  -0.13     0.00
  MONTH TO DATE    2.72                      2.32   0.40     1.86
  SINCE MAR 1     11.88                     10.50   1.38     6.74
  SINCE JAN 1     17.07                     16.39   0.68    13.90

SNOWFALL (IN)
  YESTERDAY        0.0           0.0  2002   0.0    0.0      0.0
                                      2001
  MONTH TO DATE    0.0                       0.0    0.0      0.0
  SINCE OCT 1     40.9                      27.6   13.3     27.3
  SINCE JUL 1     40.9                      27.6   13.3     27.3
  SNOW DEPTH       0

DEGREE DAYS
 HEATING
  YESTERDAY        4                         5     -1        4
  MONTH TO DATE  149                       160    -11      185
  SINCE MAR 1   1328                      1428   -100     1269
  SINCE JUL 1   4495                      5315   -820     4404

 COOLING
  YESTERDAY        0                         1     -1        0
  MONTH TO DATE   35                         6     29        0
  SINCE MAR 1     43                         8     35        0
  SINCE JAN 1     43                         8     35        0
..................................................................


WIND (MPH)
  HIGHEST WIND SPEED    20   HIGHEST WIND DIRECTION    NE (30)
  HIGHEST GUST SPEED    26   HIGHEST GUST DIRECTION    NE (30)
  AVERAGE WIND SPEED    10.1


SKY COVER
  AVERAGE SKY COVER 0.4


WEATHER CONDITIONS
 THE FOLLOWING WEATHER WAS RECORDED YESTERDAY.
  NO SIGNIFICANT WEATHER WAS OBSERVED.


RELATIVE HUMIDITY (PERCENT)
 HIGHEST    72          1100 PM
 LOWEST     44           400 PM
 AVERAGE    58

..........................................................


THE BRIDGEPORT CT CLIMATE NORMALS FOR TODAY
                         NORMAL    RECORD    YEAR
 MAXIMUM TEMPERATURE (F)   69        88      1959
 MINIMUM TEMPERATURE (F)   52        38      2002


SUNRISE AND SUNSET
MAY 21 2017...........SUNRISE   529 AM EDT   SUNSET   810 PM EDT
MAY 22 2017...........SUNRISE   528 AM EDT   SUNSET   811 PM EDT


-  INDICATES NEGATIVE NUMBERS.
R  INDICATES RECORD WAS SET OR TIED.
MM INDICATES DATA IS MISSING.
T  INDICATES TRACE AMOUNT.




$$
