000
CDUS41 KOKX 050619
CLIBDR


CLIMATE REPORT
NATIONAL WEATHER SERVICE NEW YORK NY
119 AM EST TUE DEC 5 2017


...................................

...THE BRIDGEPORT CT CLIMATE SUMMARY FOR DECEMBER 4 2017...

CLIMATE NORMAL PERIOD 1981 TO 2010
CLIMATE RECORD PERIOD 1948 TO 2017


WEATHER ITEM   OBSERVED TIME   RECORD YEAR NORMAL DEPARTURE LAST
                VALUE   (LST)  VALUE       VALUE  FROM      YEAR
                                                  NORMAL
..................................................................
TEMPERATURE (F)
 YESTERDAY
  MAXIMUM         48   1159 PM  72    1998  46      2       46
  MINIMUM         33    653 AM  13    1966  32      1       30
  AVERAGE         41                        39      2       38

PRECIPITATION (IN)
  YESTERDAY        0.00          3.69 1968   0.12  -0.12     0.00
  MONTH TO DATE    0.03                      0.48  -0.45     0.04
  SINCE DEC 1      0.03                      0.48  -0.45     0.04
  SINCE JAN 1     39.59                     39.89  -0.30    36.01

SNOWFALL (IN)
  YESTERDAY        0.0           5.1  1957   0.1   -0.1      0.0
  MONTH TO DATE    0.0                       0.4   -0.4      0.0
  SINCE OCT 1      0.0                       1.1   -1.1       T
  SINCE JUL 1      0.0                       1.1   -1.1       T
  SNOW DEPTH       0

DEGREE DAYS
 HEATING
  YESTERDAY       24                        26     -2       27
  MONTH TO DATE   93                       101     -8       81
  SINCE DEC 1     93                       101     -8       81
  SINCE JUL 1    848                      1075   -227      809

 COOLING
  YESTERDAY        0                         0      0        0
  MONTH TO DATE    0                         0      0        0
  SINCE DEC 1      0                         0      0        0
  SINCE JAN 1   1053                       825    228     1270
..................................................................


WIND (MPH)
  HIGHEST WIND SPEED    12   HIGHEST WIND DIRECTION     S (160)
  HIGHEST GUST SPEED    16   HIGHEST GUST DIRECTION    SE (150)
  AVERAGE WIND SPEED     6.3


SKY COVER
  AVERAGE SKY COVER 0.1


WEATHER CONDITIONS
 THE FOLLOWING WEATHER WAS RECORDED YESTERDAY.
  FOG


RELATIVE HUMIDITY (PERCENT)
 HIGHEST    89           700 AM
 LOWEST     62          1100 AM
 AVERAGE    76

..........................................................


THE BRIDGEPORT CT CLIMATE NORMALS FOR TODAY
                         NORMAL    RECORD    YEAR
 MAXIMUM TEMPERATURE (F)   46        62      2001
 MINIMUM TEMPERATURE (F)   32        17      1989


SUNRISE AND SUNSET
DECEMBER  5 2017......SUNRISE   703 AM EST   SUNSET   424 PM EST
DECEMBER  6 2017......SUNRISE   704 AM EST   SUNSET   424 PM EST


-  INDICATES NEGATIVE NUMBERS.
R  INDICATES RECORD WAS SET OR TIED.
MM INDICATES DATA IS MISSING.
T  INDICATES TRACE AMOUNT.




$$
