000
CDUS41 KOKX 230615
CLIBDR


CLIMATE REPORT
NATIONAL WEATHER SERVICE NEW YORK NY
215 AM EDT THU MAR 23 2017


...................................

...THE BRIDGEPORT CT CLIMATE SUMMARY FOR MARCH 22 2017...

CLIMATE NORMAL PERIOD 1981 TO 2010
CLIMATE RECORD PERIOD 1948 TO 2017


WEATHER ITEM   OBSERVED TIME   RECORD YEAR NORMAL DEPARTURE LAST
                VALUE   (LST)  VALUE       VALUE  FROM      YEAR
                                                  NORMAL
..................................................................
TEMPERATURE (F)
 YESTERDAY
  MAXIMUM         44   1215 AM  71    2012  49     -5       52
  MINIMUM         24   1159 PM  17    1988  33     -9       33
  AVERAGE         34                        41     -7       43

PRECIPITATION (IN)
  YESTERDAY        0.00          4.20 1977   0.14  -0.14     0.00
  MONTH TO DATE    1.99                      2.82  -0.83     1.57
  SINCE MAR 1      1.99                      2.82  -0.83     1.57
  SINCE JAN 1      7.18                      8.71  -1.53     8.73

SNOWFALL (IN)
  YESTERDAY        0.0          11.1  1967   0.1   -0.1      0.0
  MONTH TO DATE   11.1                       4.2    6.9      2.3
  SINCE OCT 1     40.9                      25.8   15.1     27.2
  SINCE JUL 1     40.9                      25.8   15.1     27.2
  SNOW DEPTH       0

DEGREE DAYS
 HEATING
  YESTERDAY       31                        24      7       22
  MONTH TO DATE  638                       596     42      468
  SINCE MAR 1    638                       596     42      468
  SINCE JUL 1   3805                      4483   -678     3603

 COOLING
  YESTERDAY        0                         0      0        0
  MONTH TO DATE    0                         0      0        0
  SINCE MAR 1      0                         0      0        0
  SINCE JAN 1      0                         0      0        0
..................................................................


WIND (MPH)
  HIGHEST WIND SPEED    33   HIGHEST WIND DIRECTION    NW (320)
  HIGHEST GUST SPEED    46   HIGHEST GUST DIRECTION    NW (300)
  AVERAGE WIND SPEED    17.8


SKY COVER
  AVERAGE SKY COVER 0.1


WEATHER CONDITIONS
 THE FOLLOWING WEATHER WAS RECORDED YESTERDAY.
  NO SIGNIFICANT WEATHER WAS OBSERVED.


RELATIVE HUMIDITY (PERCENT)
 HIGHEST    70           100 AM
 LOWEST     19           300 PM
 AVERAGE    45

..........................................................


THE BRIDGEPORT CT CLIMATE NORMALS FOR TODAY
                         NORMAL    RECORD    YEAR
 MAXIMUM TEMPERATURE (F)   49        71      2012
 MINIMUM TEMPERATURE (F)   33        19      2004
                                             1959


SUNRISE AND SUNSET
MARCH 23 2017.........SUNRISE   651 AM EDT   SUNSET   708 PM EDT
MARCH 24 2017.........SUNRISE   649 AM EDT   SUNSET   709 PM EDT


-  INDICATES NEGATIVE NUMBERS.
R  INDICATES RECORD WAS SET OR TIED.
MM INDICATES DATA IS MISSING.
T  INDICATES TRACE AMOUNT.




$$
