000
CDUS41 KOKX 230619
CLIBDR


CLIMATE REPORT
NATIONAL WEATHER SERVICE NEW YORK NY
118 AM EST WED NOV 23 2016


...................................

...THE BRIDGEPORT CT CLIMATE SUMMARY FOR NOVEMBER 22 2016...

CLIMATE NORMAL PERIOD 1981 TO 2010
CLIMATE RECORD PERIOD 1948 TO 2016


WEATHER ITEM   OBSERVED TIME   RECORD YEAR NORMAL DEPARTURE LAST
                VALUE   (LST)  VALUE       VALUE  FROM      YEAR
                                                  NORMAL
..................................................................
TEMPERATURE (F)
 YESTERDAY
  MAXIMUM         45    234 PM  64    1983  51     -6       55
  MINIMUM         35    658 AM  18    1987  36     -1       43
  AVERAGE         40                        44     -4       49

PRECIPITATION (IN)
  YESTERDAY        0.00          1.52 1991   0.12  -0.12     0.00
  MONTH TO DATE    1.50                      2.42  -0.92     1.23
  SINCE SEP 1      8.48                      9.54  -1.06     6.52
  SINCE JAN 1     33.24                     38.44  -5.20    30.11

SNOWFALL (IN)
  YESTERDAY        0.0           0.4  1989   0.0    0.0      0.0
  MONTH TO DATE    T                         0.3   -0.3      0.0
  SINCE OCT 1      T                         0.3   -0.3       T
  SINCE JUL 1      T                         0.3   -0.3       T
  SNOW DEPTH       0

DEGREE DAYS
 HEATING
  YESTERDAY       25                        21      4       16
  MONTH TO DATE  335                       399    -64      281
  SINCE SEP 1    577                       785   -208      571
  SINCE JUL 1    577                       789   -212      571

 COOLING
  YESTERDAY        0                         0      0        0
  MONTH TO DATE    0                         0      0        2
  SINCE SEP 1    218                       107    111      202
  SINCE JAN 1   1270                       825    445     1122
..................................................................


WIND (MPH)
  HIGHEST WIND SPEED    25   HIGHEST WIND DIRECTION    NW (310)
  HIGHEST GUST SPEED    34   HIGHEST GUST DIRECTION    NW (310)
  AVERAGE WIND SPEED    14.0


SKY COVER
  AVERAGE SKY COVER 0.4


WEATHER CONDITIONS
 THE FOLLOWING WEATHER WAS RECORDED YESTERDAY.
  NO SIGNIFICANT WEATHER WAS OBSERVED.


RELATIVE HUMIDITY (PERCENT)
 HIGHEST    56           600 AM
 LOWEST     33          1200 PM
 AVERAGE    45

..........................................................


THE BRIDGEPORT CT CLIMATE NORMALS FOR TODAY
                         NORMAL    RECORD    YEAR
 MAXIMUM TEMPERATURE (F)   50        67      1992
 MINIMUM TEMPERATURE (F)   36        16      1972


SUNRISE AND SUNSET
NOVEMBER 23 2016......SUNRISE   650 AM EST   SUNSET   428 PM EST
NOVEMBER 24 2016......SUNRISE   651 AM EST   SUNSET   427 PM EST


-  INDICATES NEGATIVE NUMBERS.
R  INDICATES RECORD WAS SET OR TIED.
MM INDICATES DATA IS MISSING.
T  INDICATES TRACE AMOUNT.




$$
