827
CDUS41 KOKX 130622
CLIBDR


CLIMATE REPORT
NATIONAL WEATHER SERVICE NEW YORK NY
222 AM EDT WED SEP 13 2017


...................................

...THE BRIDGEPORT CT CLIMATE SUMMARY FOR SEPTEMBER 12 2017...

CLIMATE NORMAL PERIOD 1981 TO 2010
CLIMATE RECORD PERIOD 1948 TO 2017


WEATHER ITEM   OBSERVED TIME   RECORD YEAR NORMAL DEPARTURE LAST
                VALUE   (LST)  VALUE       VALUE  FROM      YEAR
                                                  NORMAL
..................................................................
TEMPERATURE (F)
 YESTERDAY
  MAXIMUM         77    332 PM  88    1961  75      2       77
                                      1952
  MINIMUM         55    459 AM  44    1958  60     -5       59
  AVERAGE         66                        68     -2       68

PRECIPITATION (IN)
  YESTERDAY        0.00          4.46 1960   0.12  -0.12     0.00
  MONTH TO DATE    1.53                      1.37   0.16     0.75
  SINCE SEP 1      1.53                      1.37   0.16     0.75
  SINCE JAN 1     30.12                     30.27  -0.15    25.51

SNOWFALL (IN)
  YESTERDAY        0.0           0.0  2002   0.0    0.0      0.0
                                      2001
  MONTH TO DATE    0.0                       0.0    0.0      0.0
  SINCE OCT 1     40.9                      27.6   13.3     27.3
  SINCE JUL 1      0.0                       0.0    0.0      0.0
  SNOW DEPTH       0

DEGREE DAYS
 HEATING
  YESTERDAY        0                         1     -1        0
  MONTH TO DATE   12                         8      4        0
  SINCE SEP 1     12                         8      4        0
  SINCE JUL 1     12                        12      0        0

 COOLING
  YESTERDAY        1                         4     -3        3
  MONTH TO DATE   23                        60    -37      118
  SINCE SEP 1     23                        60    -37      118
  SINCE JAN 1    860                       778     82     1170
..................................................................


WIND (MPH)
  HIGHEST WIND SPEED    13   HIGHEST WIND DIRECTION    SW (230)
  HIGHEST GUST SPEED    16   HIGHEST GUST DIRECTION    SW (240)
  AVERAGE WIND SPEED     4.0


SKY COVER
  AVERAGE SKY COVER 0.0


WEATHER CONDITIONS
 THE FOLLOWING WEATHER WAS RECORDED YESTERDAY.
  NO SIGNIFICANT WEATHER WAS OBSERVED.


RELATIVE HUMIDITY (PERCENT)
 HIGHEST    84          1000 PM
 LOWEST     50           200 PM
 AVERAGE    67

..........................................................


THE BRIDGEPORT CT CLIMATE NORMALS FOR TODAY
                         NORMAL    RECORD    YEAR
 MAXIMUM TEMPERATURE (F)   75        89      1957
                                             1952
 MINIMUM TEMPERATURE (F)   60        46      1985
                                             1954


SUNRISE AND SUNSET
SEPTEMBER 13 2017.....SUNRISE   631 AM EDT   SUNSET   705 PM EDT
SEPTEMBER 14 2017.....SUNRISE   632 AM EDT   SUNSET   703 PM EDT


-  INDICATES NEGATIVE NUMBERS.
R  INDICATES RECORD WAS SET OR TIED.
MM INDICATES DATA IS MISSING.
T  INDICATES TRACE AMOUNT.




$$
