000
CDUS41 KOKX 290624
CLIBDR


CLIMATE REPORT
NATIONAL WEATHER SERVICE NEW YORK NY
124 AM EST WED NOV 29 2017


...................................

...THE BRIDGEPORT CT CLIMATE SUMMARY FOR NOVEMBER 28 2017...

CLIMATE NORMAL PERIOD 1981 TO 2010
CLIMATE RECORD PERIOD 1948 TO 2017


WEATHER ITEM   OBSERVED TIME   RECORD YEAR NORMAL DEPARTURE LAST
                VALUE   (LST)  VALUE       VALUE  FROM      YEAR
                                                  NORMAL
..................................................................
TEMPERATURE (F)
 YESTERDAY
  MAXIMUM         52   1159 PM  65    2001  49      3       51
  MINIMUM         30    615 AM  16    1951  34     -4       30
  AVERAGE         41                        42     -1       41

PRECIPITATION (IN)
  YESTERDAY        0.00          1.25 1980   0.12  -0.12     0.00
  MONTH TO DATE    1.86                      3.14  -1.28     1.56
  SINCE SEP 1     10.96                     10.26   0.70     8.54
  SINCE JAN 1     39.55                     39.16   0.39    33.30

SNOWFALL (IN)
  YESTERDAY        0.0           0.1  1977   0.1   -0.1      0.0
  MONTH TO DATE    0.0                       0.6   -0.6       T
  SINCE OCT 1      0.0                       0.6   -0.6       T
  SINCE JUL 1      0.0                       0.6   -0.6       T
  SNOW DEPTH       0

DEGREE DAYS
 HEATING
  YESTERDAY       24                        24      0       24
  MONTH TO DATE  555                       535     20      462
  SINCE SEP 1    714                       921   -207      704
  SINCE JUL 1    714                       925   -211      704

 COOLING
  YESTERDAY        0                         0      0        0
  MONTH TO DATE    0                         0      0        0
  SINCE SEP 1    216                       107    109      218
  SINCE JAN 1   1053                       825    228     1270
..................................................................


WIND (MPH)
  HIGHEST WIND SPEED    14   HIGHEST WIND DIRECTION    SW (220)
  HIGHEST GUST SPEED    19   HIGHEST GUST DIRECTION    SW (210)
  AVERAGE WIND SPEED     7.3


SKY COVER
  AVERAGE SKY COVER 0.1


WEATHER CONDITIONS
 THE FOLLOWING WEATHER WAS RECORDED YESTERDAY.
  NO SIGNIFICANT WEATHER WAS OBSERVED.


RELATIVE HUMIDITY (PERCENT)
 HIGHEST    86           900 PM
 LOWEST     45          1200 PM
 AVERAGE    66

..........................................................


THE BRIDGEPORT CT CLIMATE NORMALS FOR TODAY
                         NORMAL    RECORD    YEAR
 MAXIMUM TEMPERATURE (F)   48        65      2011
                                             1968
 MINIMUM TEMPERATURE (F)   34        18      1955


SUNRISE AND SUNSET
NOVEMBER 29 2017......SUNRISE   657 AM EST   SUNSET   425 PM EST
NOVEMBER 30 2017......SUNRISE   658 AM EST   SUNSET   425 PM EST


-  INDICATES NEGATIVE NUMBERS.
R  INDICATES RECORD WAS SET OR TIED.
MM INDICATES DATA IS MISSING.
T  INDICATES TRACE AMOUNT.




$$
