913
CDUS41 KOKX 112358
CLIBDR


CLIMATE REPORT
NATIONAL WEATHER SERVICE NEW YORK NY
648 PM EST SUN FEB 11 2018


...................................

...THE BRIDGEPORT CT CLIMATE SUMMARY FOR FEBRUARY 11 2018...
VALID TODAY AS OF 0500 PM LOCAL TIME.

CLIMATE NORMAL PERIOD 1981 TO 2010
CLIMATE RECORD PERIOD 1948 TO 2018


WEATHER ITEM   OBSERVED TIME   RECORD YEAR NORMAL DEPARTURE LAST
                VALUE   (LST)  VALUE       VALUE  FROM      YEAR
                                                  NORMAL
..................................................................
TEMPERATURE (F)
 TODAY
  MAXIMUM         46   1250 PM  59    2009  39      7       41
  MINIMUM         30   1206 AM  -2    1962  25      5       29
  AVERAGE         38                        32      6       35

PRECIPITATION (IN)
  TODAY            1.22R         1.05 1994   0.10   1.12     0.00
  MONTH TO DATE    3.80                      1.00   2.80     0.99
  SINCE DEC 1      7.99                      7.43   0.56     7.70
  SINCE JAN 1      6.30                      4.10   2.20     4.27

SNOWFALL (IN)
  TODAY            0.0          12.6  1994   0.3   -0.3      0.0
  MONTH TO DATE    0.5                       3.0   -2.5     10.3
  SINCE OCT 1     20.6                      16.5    4.1     27.3
  SINCE JUL 1     20.6                      16.5    4.1     27.3
  SNOW DEPTH       0

DEGREE DAYS
 HEATING
  TODAY           27                        33     -6       30
  MONTH TO DATE  362                       373    -11      327
  SINCE DEC 1   2456                      2375     81     2027
  SINCE JUL 1   3211                      3349   -138     2755

 COOLING
  TODAY            0                         0      0        0
  MONTH TO DATE    0                         0      0        0
  SINCE DEC 1      0                         0      0        0
  SINCE JAN 1      0                         0      0        0
..................................................................


WIND (MPH)
  HIGHEST WIND SPEED    15   HIGHEST WIND DIRECTION     E (100)
  HIGHEST GUST SPEED    18   HIGHEST GUST DIRECTION     E (70)
  AVERAGE WIND SPEED     5.6


SKY COVER
  AVERAGE SKY COVER 0.9


WEATHER CONDITIONS
 THE FOLLOWING WEATHER WAS RECORDED TODAY.
  HEAVY RAIN
  RAIN
  LIGHT RAIN
  FOG
  FOG W/VISIBILITY <= 1/4 MILE
  HAZE


RELATIVE HUMIDITY (PERCENT)
 HIGHEST   100          1100 AM
 LOWEST     89           800 AM
 AVERAGE    95

..........................................................


THE BRIDGEPORT CT CLIMATE NORMALS FOR TOMORROW
                         NORMAL    RECORD    YEAR
 MAXIMUM TEMPERATURE (F)   39        54      2009
 MINIMUM TEMPERATURE (F)   25         2      1979


SUNRISE AND SUNSET
FEBRUARY 11 2018......SUNRISE   652 AM EST   SUNSET   522 PM EST
FEBRUARY 12 2018......SUNRISE   651 AM EST   SUNSET   523 PM EST


-  INDICATES NEGATIVE NUMBERS.
R  INDICATES RECORD WAS SET OR TIED.
MM INDICATES DATA IS MISSING.
T  INDICATES TRACE AMOUNT.




$$
