944
CDUS41 KOKX 162132
CLIBDR


CLIMATE REPORT
NATIONAL WEATHER SERVICE NEW YORK NY
432 PM EST MON JAN 16 2017


...................................

...THE BRIDGEPORT CT CLIMATE SUMMARY FOR JANUARY 16 2017...
VALID TODAY AS OF 0400 PM LOCAL TIME.

CLIMATE NORMAL PERIOD 1981 TO 2010
CLIMATE RECORD PERIOD 1948 TO 2017


WEATHER ITEM   OBSERVED TIME   RECORD YEAR NORMAL DEPARTURE LAST
                VALUE   (LST)  VALUE       VALUE  FROM      YEAR
                                                  NORMAL
..................................................................
TEMPERATURE (F)
 TODAY
  MAXIMUM         42    359 PM  56    1995  37      5       52
  MINIMUM         22    633 AM   0    2004  23     -1       39
                                      1994
  AVERAGE         32                        30      2       46

PRECIPITATION (IN)
  TODAY            0.00          0.84 1997   0.10  -0.10     0.27
  MONTH TO DATE    1.71                      1.67   0.04     1.51
  SINCE DEC 1      5.14                      5.00   0.14     6.45
  SINCE JAN 1      1.71                      1.67   0.04     1.51

SNOWFALL (IN)
  TODAY            0.0           7.6  1965   0.2   -0.2      0.0
  MONTH TO DATE    8.5                       4.1    4.4      0.1
  SINCE OCT 1     14.5                       9.9    4.6      0.8
  SINCE JUL 1     14.5                       9.9    4.6      0.8
  SNOW DEPTH       1

DEGREE DAYS
 HEATING
  TODAY           33                        35     -2       19
  MONTH TO DATE  494                       556    -62      482
  SINCE DEC 1   1331                      1475   -144     1026
  SINCE JUL 1   2059                      2449   -390     1770

 COOLING
  TODAY            0                         0      0        0
  MONTH TO DATE    0                         0      0        0
  SINCE DEC 1      0                         0      0        0
  SINCE JAN 1      0                         0      0        0
..................................................................


WIND (MPH)
  HIGHEST WIND SPEED    15   HIGHEST WIND DIRECTION    SW (220)
  HIGHEST GUST SPEED    17   HIGHEST GUST DIRECTION    SW (220)
  AVERAGE WIND SPEED     4.5


SKY COVER
  AVERAGE SKY COVER 0.0


WEATHER CONDITIONS
 THE FOLLOWING WEATHER WAS RECORDED TODAY.
  NO SIGNIFICANT WEATHER WAS OBSERVED.


RELATIVE HUMIDITY (PERCENT)
 HIGHEST    81           300 AM
 LOWEST     47          1200 PM
 AVERAGE    64

..........................................................


THE BRIDGEPORT CT CLIMATE NORMALS FOR TOMORROW
                         NORMAL    RECORD    YEAR
 MAXIMUM TEMPERATURE (F)   37        55      1949
 MINIMUM TEMPERATURE (F)   23        -3      1982


SUNRISE AND SUNSET
JANUARY 16 2017.......SUNRISE   715 AM EST   SUNSET   450 PM EST
JANUARY 17 2017.......SUNRISE   715 AM EST   SUNSET   451 PM EST


-  INDICATES NEGATIVE NUMBERS.
R  INDICATES RECORD WAS SET OR TIED.
MM INDICATES DATA IS MISSING.
T  INDICATES TRACE AMOUNT.




$$
