000
CDUS41 KOKX 220623
CLIBDR


CLIMATE REPORT
NATIONAL WEATHER SERVICE NEW YORK NY
122 AM EST MON DEC 22 2014


...................................

...THE BRIDGEPORT CT CLIMATE SUMMARY FOR DECEMBER 21 2014...

CLIMATE NORMAL PERIOD 1981 TO 2010
CLIMATE RECORD PERIOD 1948 TO 2014


WEATHER ITEM   OBSERVED TIME   RECORD YEAR NORMAL DEPARTURE LAST
                VALUE   (LST)  VALUE       VALUE  FROM      YEAR
                                                  NORMAL
..................................................................
TEMPERATURE (F)
 YESTERDAY
  MAXIMUM         37    449 PM  60    1957  41     -4       54
  MINIMUM         32    449 AM   0    1955  27      5       36
  AVERAGE         35                        34      1       45

PRECIPITATION (IN)
  YESTERDAY        0.06          1.49 1973   0.10  -0.04     0.01
  MONTH TO DATE    4.48                      2.31   2.17     2.35
  SINCE DEC 1      4.48                      2.31   2.17     2.35
  SINCE JAN 1     45.04                     41.72   3.32    34.68

SNOWFALL (IN)
  YESTERDAY        T             4.0  1975   0.2   -0.2      0.0
  MONTH TO DATE    0.7                       2.9   -2.2     10.8
  SINCE OCT 1      0.9                       3.6   -2.7     10.9
  SINCE JUL 1      0.9                       3.6   -2.7     10.9
  SNOW DEPTH       0

DEGREE DAYS
 HEATING
  YESTERDAY       30                        31     -1       20
  MONTH TO DATE  558                       592    -34      634
  SINCE DEC 1    558                       592    -34      634
  SINCE JUL 1   1464                      1566   -102     1587

 COOLING
  YESTERDAY        0                         0      0        0
  MONTH TO DATE    0                         0      0        0
  SINCE DEC 1      0                         0      0        0
  SINCE JAN 1    884                       825     59     1003
..................................................................


WIND (MPH)
  HIGHEST WIND SPEED    10   HIGHEST WIND DIRECTION     N (20)
  HIGHEST GUST SPEED    14   HIGHEST GUST DIRECTION     N (360)
  AVERAGE WIND SPEED     6.4


SKY COVER
  AVERAGE SKY COVER 1.0


WEATHER CONDITIONS
 THE FOLLOWING WEATHER WAS RECORDED YESTERDAY.
  LIGHT RAIN
  LIGHT SNOW
  FOG
  HAZE


RELATIVE HUMIDITY (PERCENT)
 HIGHEST    92           600 PM
 LOWEST     75          1200 AM
 AVERAGE    84

..........................................................


THE BRIDGEPORT CT CLIMATE NORMALS FOR TODAY
                         NORMAL    RECORD    YEAR
 MAXIMUM TEMPERATURE (F)   40        60      2013
 MINIMUM TEMPERATURE (F)   26         6      1989


SUNRISE AND SUNSET
DECEMBER 22 2014......SUNRISE   715 AM EST   SUNSET   427 PM EST
DECEMBER 23 2014......SUNRISE   715 AM EST   SUNSET   428 PM EST


-  INDICATES NEGATIVE NUMBERS.
R  INDICATES RECORD WAS SET OR TIED.
MM INDICATES DATA IS MISSING.
T  INDICATES TRACE AMOUNT.




$$
