000
CDUS41 KOKX 050624
CLIBDR


CLIMATE REPORT
NATIONAL WEATHER SERVICE NEW YORK NY
124 AM EST THU JAN 5 2017


...................................

...THE BRIDGEPORT CT CLIMATE SUMMARY FOR JANUARY 4 2017...

CLIMATE NORMAL PERIOD 1981 TO 2010
CLIMATE RECORD PERIOD 1948 TO 2017


WEATHER ITEM   OBSERVED TIME   RECORD YEAR NORMAL DEPARTURE LAST
                VALUE   (LST)  VALUE       VALUE  FROM      YEAR
                                                  NORMAL
..................................................................
TEMPERATURE (F)
 YESTERDAY
  MAXIMUM         53        MM  59    1998  38     15       35
  MINIMUM         36        MM  -1    1981  24     12       13
  AVERAGE         45                        31     14       24

PRECIPITATION (IN)
  YESTERDAY        0.01          2.80 1982   0.10  -0.09     0.00
  MONTH TO DATE    0.77                      0.41   0.36     0.00
  SINCE DEC 1      4.20                      3.74   0.46     4.94
  SINCE JAN 1      0.77                      0.41   0.36     0.00

SNOWFALL (IN)
  YESTERDAY        0.0           5.3  1988   0.2   -0.2      0.0
  MONTH TO DATE    0.0                       1.0   -1.0      0.0
  SINCE OCT 1      6.0                       6.8   -0.8      0.7
  SINCE JUL 1      6.0                       6.8   -0.8      0.7
  SNOW DEPTH       0

DEGREE DAYS
 HEATING
  YESTERDAY       20                        34    -14       41
  MONTH TO DATE   97                       136    -39      122
  SINCE DEC 1    934                      1055   -121      666
  SINCE JUL 1   1662                      2029   -367     1410

 COOLING
  YESTERDAY        0                         0      0        0
  MONTH TO DATE    0                         0      0        0
  SINCE DEC 1      0                         0      0        0
  SINCE JAN 1      0                         0      0        0
..................................................................


WIND (MPH)
  HIGHEST WIND SPEED    17   HIGHEST WIND DIRECTION     W (270)
  HIGHEST GUST SPEED    37   HIGHEST GUST DIRECTION     W (260)
  AVERAGE WIND SPEED    11.1


SKY COVER
  AVERAGE SKY COVER 0.5


WEATHER CONDITIONS
 THE FOLLOWING WEATHER WAS RECORDED YESTERDAY.
  LIGHT RAIN
  FOG


RELATIVE HUMIDITY (PERCENT)
 HIGHEST    89           200 AM
 LOWEST     30           900 PM
 AVERAGE    60

..........................................................


THE BRIDGEPORT CT CLIMATE NORMALS FOR TODAY
                         NORMAL    RECORD    YEAR
 MAXIMUM TEMPERATURE (F)   38        60      1993
 MINIMUM TEMPERATURE (F)   23         0      1981


SUNRISE AND SUNSET
JANUARY  5 2017.......SUNRISE   718 AM EST   SUNSET   438 PM EST
JANUARY  6 2017.......SUNRISE   718 AM EST   SUNSET   439 PM EST


-  INDICATES NEGATIVE NUMBERS.
R  INDICATES RECORD WAS SET OR TIED.
MM INDICATES DATA IS MISSING.
T  INDICATES TRACE AMOUNT.




$$
