000
CDUS41 KOKX 170620
CLIBDR


CLIMATE REPORT
NATIONAL WEATHER SERVICE NEW YORK NY
219 AM EDT FRI OCT 17 2014


...................................

...THE BRIDGEPORT CT CLIMATE SUMMARY FOR OCTOBER 16 2014...

CLIMATE NORMAL PERIOD 1981 TO 2010
CLIMATE RECORD PERIOD 1948 TO 2014


WEATHER ITEM   OBSERVED TIME   RECORD YEAR NORMAL DEPARTURE LAST
                VALUE   (LST)  VALUE       VALUE  FROM      YEAR
                                                  NORMAL
..................................................................
TEMPERATURE (F)
 YESTERDAY
  MAXIMUM         70    557 AM  77    1956  63      7       64
  MINIMUM         62   1159 PM  35    1994  46     16       53
  AVERAGE         66                        55     11       59

PRECIPITATION (IN)
  YESTERDAY        0.72          1.76 1974   0.12   0.60     0.00
  MONTH TO DATE    2.22                      1.92   0.30     0.26
  SINCE SEP 1      4.32                      5.40  -1.08     2.98
  SINCE JAN 1     35.56                     34.30   1.26    29.76

SNOWFALL (IN)
  YESTERDAY        0.0           T    2009   0.0    0.0      0.0
  MONTH TO DATE    0.0                       0.0    0.0      0.0
  SINCE OCT 1      0.0                       0.0    0.0      0.0
  SINCE JUL 1      0.0                       0.0    0.0      0.0
  SNOW DEPTH       0

DEGREE DAYS
 HEATING
  YESTERDAY        0                        10    -10        6
  MONTH TO DATE   88                       130    -42       52
  SINCE SEP 1    128                       194    -66      133
  SINCE JUL 1    128                       198    -70      133

 COOLING
  YESTERDAY        1                         0      1        0
  MONTH TO DATE   19                         8     11       20
  SINCE SEP 1    150                       106     44      116
  SINCE JAN 1    884                       824     60     1001
..................................................................


WIND (MPH)
  HIGHEST WIND SPEED    21   HIGHEST WIND DIRECTION     S (200)
  HIGHEST GUST SPEED    26   HIGHEST GUST DIRECTION     S (200)
  AVERAGE WIND SPEED     9.8


SKY COVER
  AVERAGE SKY COVER 0.3


WEATHER CONDITIONS
 THE FOLLOWING WEATHER WAS RECORDED YESTERDAY.
  HEAVY RAIN
  RAIN
  LIGHT RAIN
  FOG


RELATIVE HUMIDITY (PERCENT)
 HIGHEST   100           900 AM
 LOWEST     87           200 PM
 AVERAGE    94

..........................................................


THE BRIDGEPORT CT CLIMATE NORMALS FOR TODAY
                         NORMAL    RECORD    YEAR
 MAXIMUM TEMPERATURE (F)   63        79      1958
 MINIMUM TEMPERATURE (F)   46        34      1970


SUNRISE AND SUNSET
OCTOBER 17 2014.......SUNRISE   706 AM EDT   SUNSET   609 PM EDT
OCTOBER 18 2014.......SUNRISE   707 AM EDT   SUNSET   607 PM EDT


-  INDICATES NEGATIVE NUMBERS.
R  INDICATES RECORD WAS SET OR TIED.
MM INDICATES DATA IS MISSING.
T  INDICATES TRACE AMOUNT.




$$
