252
CDUS41 KOKX 180622
CLIBDR


CLIMATE REPORT
NATIONAL WEATHER SERVICE NEW YORK NY
221 AM EDT TUE APR 18 2017


...................................

...THE BRIDGEPORT CT CLIMATE SUMMARY FOR APRIL 17 2017...

CLIMATE NORMAL PERIOD 1981 TO 2010
CLIMATE RECORD PERIOD 1948 TO 2017


WEATHER ITEM   OBSERVED TIME   RECORD YEAR NORMAL DEPARTURE LAST
                VALUE   (LST)  VALUE       VALUE  FROM      YEAR
                                                  NORMAL
..................................................................
TEMPERATURE (F)
 YESTERDAY
  MAXIMUM         76    213 PM  89    2002  58     18       67
  MINIMUM         53    547 AM  30    1962  42     11       40
  AVERAGE         65                        50     15       54

PRECIPITATION (IN)
  YESTERDAY        0.00          1.21 1954   0.13  -0.13     0.00
  MONTH TO DATE    3.11                      2.42   0.69     2.00
  SINCE MAR 1      7.45                      6.47   0.98     4.17
  SINCE JAN 1     12.64                     12.36   0.28    11.33

SNOWFALL (IN)
  YESTERDAY        0.0           T    2010   0.1   -0.1      0.0
  MONTH TO DATE    0.0                       0.8   -0.8      0.1
  SINCE OCT 1     40.9                      27.5   13.4     27.3
  SINCE JUL 1     40.9                      27.5   13.4     27.3
  SNOW DEPTH       0

DEGREE DAYS
 HEATING
  YESTERDAY        0                        15    -15       11
  MONTH TO DATE  211                       304    -93      330
  SINCE MAR 1   1059                      1101    -42      953
  SINCE JUL 1   4226                      4988   -762     4088

 COOLING
  YESTERDAY        0                         0      0        0
  MONTH TO DATE    0                         0      0        0
  SINCE MAR 1      0                         0      0        0
  SINCE JAN 1      0                         0      0        0
..................................................................


WIND (MPH)
  HIGHEST WIND SPEED    21   HIGHEST WIND DIRECTION     W (290)
  HIGHEST GUST SPEED    27   HIGHEST GUST DIRECTION    NW (330)
  AVERAGE WIND SPEED    10.2


SKY COVER
  AVERAGE SKY COVER 0.0


WEATHER CONDITIONS
 THE FOLLOWING WEATHER WAS RECORDED YESTERDAY.
  NO SIGNIFICANT WEATHER WAS OBSERVED.


RELATIVE HUMIDITY (PERCENT)
 HIGHEST    89           600 AM
 LOWEST     20           300 PM
 AVERAGE    55

..........................................................


THE BRIDGEPORT CT CLIMATE NORMALS FOR TODAY
                         NORMAL    RECORD    YEAR
 MAXIMUM TEMPERATURE (F)   59        85      2002
 MINIMUM TEMPERATURE (F)   42        32      1962


SUNRISE AND SUNSET
APRIL 18 2017.........SUNRISE   608 AM EDT   SUNSET   736 PM EDT
APRIL 19 2017.........SUNRISE   607 AM EDT   SUNSET   737 PM EDT


-  INDICATES NEGATIVE NUMBERS.
R  INDICATES RECORD WAS SET OR TIED.
MM INDICATES DATA IS MISSING.
T  INDICATES TRACE AMOUNT.




$$
