000
CDUS41 KOKX 150624
CLIBDR


CLIMATE REPORT
NATIONAL WEATHER SERVICE NEW YORK NY
222 AM EDT SAT JUL 15 2017


...................................

...THE BRIDGEPORT CT CLIMATE SUMMARY FOR JULY 14 2017...

CLIMATE NORMAL PERIOD 1981 TO 2010
CLIMATE RECORD PERIOD 1948 TO 2017


WEATHER ITEM   OBSERVED TIME   RECORD YEAR NORMAL DEPARTURE LAST
                VALUE   (LST)  VALUE       VALUE  FROM      YEAR
                                                  NORMAL
..................................................................
TEMPERATURE (F)
 YESTERDAY
  MAXIMUM         68   1055 PM  93    1984  82    -14       86
                                      1974
  MINIMUM         62    845 AM  57    2009  67     -5       73
  AVERAGE         65                        74     -9       80

PRECIPITATION (IN)
  YESTERDAY        0.28          1.69 1975   0.11   0.17     0.47
  MONTH TO DATE    2.18                      1.39   0.79     3.10
  SINCE JUN 1      4.58                      5.00  -0.42     4.36
  SINCE JAN 1     24.42                     22.87   1.55    19.90

SNOWFALL (IN)
  YESTERDAY        0.0           0.0  2002   0.0    0.0      0.0
                                      2001
  MONTH TO DATE    0.0                       0.0    0.0      0.0
  SINCE OCT 1     40.9                      27.6   13.3     27.3
  SINCE JUL 1      0.0                       0.0    0.0      0.0
  SNOW DEPTH       0

DEGREE DAYS
 HEATING
  YESTERDAY        0                         0      0        0
  MONTH TO DATE    0                         0      0        0
  SINCE JUN 1     25                        32     -7        4
  SINCE JUL 1      0                         0      0        0

 COOLING
  YESTERDAY        0                         9     -9       15
  MONTH TO DATE  156                       122     34      137
  SINCE JUN 1    370                       265    105      309
  SINCE JAN 1    414                       289    125      367
..................................................................


WIND (MPH)
  HIGHEST WIND SPEED    21   HIGHEST WIND DIRECTION     E (110)
  HIGHEST GUST SPEED    24   HIGHEST GUST DIRECTION     E (110)
  AVERAGE WIND SPEED     9.8


SKY COVER
  AVERAGE SKY COVER 1.0


WEATHER CONDITIONS
 THE FOLLOWING WEATHER WAS RECORDED YESTERDAY.
  HEAVY RAIN
  RAIN
  LIGHT RAIN
  FOG


RELATIVE HUMIDITY (PERCENT)
 HIGHEST    93          1200 AM
 LOWEST     87           100 AM
 AVERAGE    90

..........................................................


THE BRIDGEPORT CT CLIMATE NORMALS FOR TODAY
                         NORMAL    RECORD    YEAR
 MAXIMUM TEMPERATURE (F)   83        97      1995
 MINIMUM TEMPERATURE (F)   67        57      1950


SUNRISE AND SUNSET
JULY 15 2017..........SUNRISE   533 AM EDT   SUNSET   824 PM EDT
JULY 16 2017..........SUNRISE   534 AM EDT   SUNSET   823 PM EDT


-  INDICATES NEGATIVE NUMBERS.
R  INDICATES RECORD WAS SET OR TIED.
MM INDICATES DATA IS MISSING.
T  INDICATES TRACE AMOUNT.




$$
