000
CDUS41 KOKX 070621
CLIBDR


CLIMATE REPORT
NATIONAL WEATHER SERVICE NEW YORK NY
221 AM EDT SAT OCT 7 2017


...................................

...THE BRIDGEPORT CT CLIMATE SUMMARY FOR OCTOBER 6 2017...

CLIMATE NORMAL PERIOD 1981 TO 2010
CLIMATE RECORD PERIOD 1948 TO 2017


WEATHER ITEM   OBSERVED TIME   RECORD YEAR NORMAL DEPARTURE LAST
                VALUE   (LST)  VALUE       VALUE  FROM      YEAR
                                                  NORMAL
..................................................................
TEMPERATURE (F)
 YESTERDAY
  MAXIMUM         76    201 PM  86    1997  67      9       70
  MINIMUM         63    543 AM  33    1984  50     13       52
                                      1965
  AVERAGE         70                        58     12       61

PRECIPITATION (IN)
  YESTERDAY        T             1.35 1978   0.13  -0.13     0.00
  MONTH TO DATE    0.02                      0.71  -0.69     0.16
  SINCE SEP 1      1.75                      4.19  -2.44     2.89
  SINCE JAN 1     30.34                     33.09  -2.75    27.65

SNOWFALL (IN)
  YESTERDAY        0.0           0.0  2002   0.0    0.0      0.0
                                      2001
  MONTH TO DATE    0.0                       0.0    0.0      0.0
  SINCE OCT 1      0.0                       0.0    0.0      0.0
  SINCE JUL 1      0.0                       0.0    0.0      0.0
  SNOW DEPTH       0

DEGREE DAYS
 HEATING
  YESTERDAY        0                         7     -7        4
  MONTH TO DATE   20                        39    -19       22
  SINCE SEP 1     45                       103    -58       37
  SINCE JUL 1     45                       107    -62       37

 COOLING
  YESTERDAY        5                         1      4        0
  MONTH TO DATE   14                         6      8        1
  SINCE SEP 1    171                       104     67      192
  SINCE JAN 1   1008                       822    186     1244
..................................................................


WIND (MPH)
  HIGHEST WIND SPEED     8   HIGHEST WIND DIRECTION    NE (60)
  HIGHEST GUST SPEED    13   HIGHEST GUST DIRECTION     S (160)
  AVERAGE WIND SPEED     3.8


SKY COVER
  AVERAGE SKY COVER 0.3


WEATHER CONDITIONS
 THE FOLLOWING WEATHER WAS RECORDED YESTERDAY.
  LIGHT RAIN
  FOG
  FOG W/VISIBILITY <= 1/4 MILE


RELATIVE HUMIDITY (PERCENT)
 HIGHEST   100           400 AM
 LOWEST     49          1000 AM
 AVERAGE    75

..........................................................


THE BRIDGEPORT CT CLIMATE NORMALS FOR TODAY
                         NORMAL    RECORD    YEAR
 MAXIMUM TEMPERATURE (F)   66        78      2013
                                             2007
                                             1997
 MINIMUM TEMPERATURE (F)   50        35      1986
                                             1984


SUNRISE AND SUNSET
OCTOBER  7 2017.......SUNRISE   656 AM EDT   SUNSET   624 PM EDT
OCTOBER  8 2017.......SUNRISE   657 AM EDT   SUNSET   623 PM EDT


-  INDICATES NEGATIVE NUMBERS.
R  INDICATES RECORD WAS SET OR TIED.
MM INDICATES DATA IS MISSING.
T  INDICATES TRACE AMOUNT.




$$
