000
CDUS41 KOKX 140620
CLIBDR


CLIMATE REPORT
NATIONAL WEATHER SERVICE NEW YORK NY
219 AM EDT WED SEP 14 2016


...................................

...THE BRIDGEPORT CT CLIMATE SUMMARY FOR SEPTEMBER 13 2016...

CLIMATE NORMAL PERIOD 1981 TO 2010
CLIMATE RECORD PERIOD 1948 TO 2016


WEATHER ITEM   OBSERVED TIME   RECORD YEAR NORMAL DEPARTURE LAST
                VALUE   (LST)  VALUE       VALUE  FROM      YEAR
                                                  NORMAL
..................................................................
TEMPERATURE (F)
 YESTERDAY
  MAXIMUM         80    300 PM  89    1957  75      5       79
                                      1952
  MINIMUM         60    557 AM  46    1985  60      0       60
                                      1954
  AVERAGE         70                        67      3       70

PRECIPITATION (IN)
  YESTERDAY        0.00          2.12 1971   0.11  -0.11     0.09
  MONTH TO DATE    0.75                      1.48  -0.73     1.59
  SINCE SEP 1      0.75                      1.48  -0.73     1.59
  SINCE JAN 1     25.51                     30.38  -4.87    25.18

SNOWFALL (IN)
  YESTERDAY        0.0           0.0  2002   0.0    0.0      0.0
                                      2001
  MONTH TO DATE    0.0                       0.0    0.0      0.0
  SINCE OCT 1     27.3                      27.6   -0.3     59.7
  SINCE JUL 1      0.0                       0.0    0.0      0.0
  SNOW DEPTH       0

DEGREE DAYS
 HEATING
  YESTERDAY        0                         1     -1        0
  MONTH TO DATE    0                         9     -9        0
  SINCE SEP 1      0                         9     -9        0
  SINCE JUL 1      0                        13    -13        0

 COOLING
  YESTERDAY        5                         4      1        5
  MONTH TO DATE  123                        64     59      136
  SINCE SEP 1    123                        64     59      136
  SINCE JAN 1   1175                       782    393     1056
..................................................................


WIND (MPH)
  HIGHEST WIND SPEED    18   HIGHEST WIND DIRECTION     S (200)
  HIGHEST GUST SPEED    22   HIGHEST GUST DIRECTION     S (190)
  AVERAGE WIND SPEED     7.9


SKY COVER
  AVERAGE SKY COVER 0.0


WEATHER CONDITIONS
 THE FOLLOWING WEATHER WAS RECORDED YESTERDAY.
  NO SIGNIFICANT WEATHER WAS OBSERVED.


RELATIVE HUMIDITY (PERCENT)
 HIGHEST    84           400 AM
 LOWEST     52           100 PM
 AVERAGE    68

..........................................................


THE BRIDGEPORT CT CLIMATE NORMALS FOR TODAY
                         NORMAL    RECORD    YEAR
 MAXIMUM TEMPERATURE (F)   75        86      2011
 MINIMUM TEMPERATURE (F)   59        44      1963


SUNRISE AND SUNSET
SEPTEMBER 14 2016.....SUNRISE   632 AM EDT   SUNSET   703 PM EDT
SEPTEMBER 15 2016.....SUNRISE   633 AM EDT   SUNSET   701 PM EDT


-  INDICATES NEGATIVE NUMBERS.
R  INDICATES RECORD WAS SET OR TIED.
MM INDICATES DATA IS MISSING.
T  INDICATES TRACE AMOUNT.




$$
