858
CDUS41 KOKX 250629
CLIBDR


CLIMATE REPORT
NATIONAL WEATHER SERVICE NEW YORK NY
119 AM EST SUN FEB 25 2018


...................................

...THE BRIDGEPORT CT CLIMATE SUMMARY FOR FEBRUARY 24 2018...

CLIMATE NORMAL PERIOD 1981 TO 2010
CLIMATE RECORD PERIOD 1948 TO 2018


WEATHER ITEM   OBSERVED TIME   RECORD YEAR NORMAL DEPARTURE LAST
                VALUE   (LST)  VALUE       VALUE  FROM      YEAR
                                                  NORMAL
..................................................................
TEMPERATURE (F)
 YESTERDAY
  MAXIMUM         54    206 PM  65    2017  42     12       65
  MINIMUM         37    655 AM   0    2015  27     10       41
  AVERAGE         46                        34     12       53

PRECIPITATION (IN)
  YESTERDAY        0.16          1.35 1979   0.11   0.05     0.00
  MONTH TO DATE    5.75                      2.33   3.42     1.52
  SINCE DEC 1      9.94                      8.76   1.18     8.23
  SINCE JAN 1      8.25                      5.43   2.82     4.80

SNOWFALL (IN)
  YESTERDAY        0.0           3.5  2005   0.3   -0.3      0.0
  MONTH TO DATE    5.3                       7.0   -1.7     12.8
  SINCE OCT 1     25.4                      20.5    4.9     29.8
  SINCE JUL 1     25.4                      20.5    4.9     29.8
  SNOW DEPTH       0

DEGREE DAYS
 HEATING
  YESTERDAY       19                        31    -12       12
  MONTH TO DATE  661                       790   -129      655
  SINCE DEC 1   2755                      2792    -37     2355
  SINCE JUL 1   3510                      3766   -256     3083

 COOLING
  YESTERDAY        0                         0      0        0
  MONTH TO DATE    0                         0      0        0
  SINCE DEC 1      0                         0      0        0
  SINCE JAN 1      0                         0      0        0
..................................................................


WIND (MPH)
  HIGHEST WIND SPEED    13   HIGHEST WIND DIRECTION    SW (220)
  HIGHEST GUST SPEED    17   HIGHEST GUST DIRECTION    SW (230)
  AVERAGE WIND SPEED     6.3


SKY COVER
  AVERAGE SKY COVER 0.6


WEATHER CONDITIONS
 THE FOLLOWING WEATHER WAS RECORDED YESTERDAY.
  RAIN
  LIGHT RAIN
  FOG


RELATIVE HUMIDITY (PERCENT)
 HIGHEST   100           100 AM
 LOWEST     66           200 PM
 AVERAGE    83

..........................................................


THE BRIDGEPORT CT CLIMATE NORMALS FOR TODAY
                         NORMAL    RECORD    YEAR
 MAXIMUM TEMPERATURE (F)   42        62      1985
 MINIMUM TEMPERATURE (F)   27        11      1993
                                             1990


SUNRISE AND SUNSET
FEBRUARY 25 2018......SUNRISE   633 AM EST   SUNSET   539 PM EST
FEBRUARY 26 2018......SUNRISE   631 AM EST   SUNSET   540 PM EST


-  INDICATES NEGATIVE NUMBERS.
R  INDICATES RECORD WAS SET OR TIED.
MM INDICATES DATA IS MISSING.
T  INDICATES TRACE AMOUNT.




$$
