000
CDUS41 KOKX 022039
CLIBDR


CLIMATE REPORT
NATIONAL WEATHER SERVICE NEW YORK NY
439 PM EDT TUE JUN 2 2015


...................................

...THE BRIDGEPORT CT CLIMATE SUMMARY FOR JUNE 2 2015...
VALID TODAY AS OF 0400 PM LOCAL TIME.

CLIMATE NORMAL PERIOD 1981 TO 2010
CLIMATE RECORD PERIOD 1948 TO 2015


WEATHER ITEM   OBSERVED TIME   RECORD YEAR NORMAL DEPARTURE LAST
                VALUE   (LST)  VALUE       VALUE  FROM      YEAR
                                                  NORMAL
..................................................................
TEMPERATURE (F)
 TODAY
  MAXIMUM         55    259 PM  88    1989  73    -18       79
  MINIMUM         50    821 AM  43    1966  56     -6       56
  AVERAGE         53                        64    -11       68

PRECIPITATION (IN)
  TODAY            0.31          1.44 1982   0.14   0.17     0.00
  MONTH TO DATE    0.88                      0.29   0.59     0.00
  SINCE JUN 1      0.88                      0.29   0.59     0.00
  SINCE JAN 1     15.18                     18.16  -2.98    21.66

SNOWFALL (IN)
  TODAY            0.0           0.0  2002   0.0    0.0      0.0
                                      2001
  MONTH TO DATE    0.0                       0.0    0.0      0.0
  SINCE OCT 1     59.7                      27.6   32.1     57.4
  SINCE JUL 1     59.7                      27.6   32.1     57.4
  SNOW DEPTH       0

DEGREE DAYS
 HEATING
  TODAY           12                         3      9        0
  MONTH TO DATE   24                         6     18        2
  SINCE JUN 1     24                         6     18        2
  SINCE JUL 1   5645                      5366    279     5616

 COOLING
  TODAY            0                         2     -2        3
  MONTH TO DATE    0                         4     -4        3
  SINCE JUN 1      0                         4     -4        3
  SINCE JAN 1     54                        28     26       26
..................................................................


WIND (MPH)
  HIGHEST WIND SPEED    15   HIGHEST WIND DIRECTION    NE (50)
  HIGHEST GUST SPEED    19   HIGHEST GUST DIRECTION    NE (60)
  AVERAGE WIND SPEED     9.5


SKY COVER
  AVERAGE SKY COVER 0.9


WEATHER CONDITIONS
 THE FOLLOWING WEATHER WAS RECORDED TODAY.
  RAIN
  LIGHT RAIN
  FOG


RELATIVE HUMIDITY (PERCENT)
 HIGHEST    89           200 PM
 LOWEST     83          1200 PM
 AVERAGE    86

..........................................................


THE BRIDGEPORT CT CLIMATE NORMALS FOR TOMORROW
                         NORMAL    RECORD    YEAR
 MAXIMUM TEMPERATURE (F)   73        85      1999
 MINIMUM TEMPERATURE (F)   57        44      1986


SUNRISE AND SUNSET
JUNE  2 2015..........SUNRISE   522 AM EDT   SUNSET   819 PM EDT
JUNE  3 2015..........SUNRISE   521 AM EDT   SUNSET   820 PM EDT


-  INDICATES NEGATIVE NUMBERS.
R  INDICATES RECORD WAS SET OR TIED.
MM INDICATES DATA IS MISSING.
T  INDICATES TRACE AMOUNT.




$$
