000
CDUS41 KOKX 190616
CLIBDR


CLIMATE REPORT
NATIONAL WEATHER SERVICE NEW YORK NY
116 AM EST THU JAN 19 2017


...................................

...THE BRIDGEPORT CT CLIMATE SUMMARY FOR JANUARY 18 2017...

CLIMATE NORMAL PERIOD 1981 TO 2010
CLIMATE RECORD PERIOD 1948 TO 2017


WEATHER ITEM   OBSERVED TIME   RECORD YEAR NORMAL DEPARTURE LAST
                VALUE   (LST)  VALUE       VALUE  FROM      YEAR
                                                  NORMAL
..................................................................
TEMPERATURE (F)
 YESTERDAY
  MAXIMUM         42    621 PM  60    2006  37      5       30
  MINIMUM         39   1159 PM  -5    1982  23     16       20
  AVERAGE         41                        30     11       25

PRECIPITATION (IN)
  YESTERDAY        0.12          1.28 2015   0.09   0.03      T
  MONTH TO DATE    2.00                      1.87   0.13     1.55
  SINCE DEC 1      5.43                      5.20   0.23     6.49
  SINCE JAN 1      2.00                      1.87   0.13     1.55

SNOWFALL (IN)
  YESTERDAY        0.0           6.5  2004   0.2   -0.2       T
  MONTH TO DATE    8.5                       4.6    3.9      0.8
  SINCE OCT 1     14.5                      10.4    4.1      1.5
  SINCE JUL 1     14.5                      10.4    4.1      1.5
  SNOW DEPTH       0

DEGREE DAYS
 HEATING
  YESTERDAY       24                        35    -11       40
  MONTH TO DATE  544                       626    -82      551
  SINCE DEC 1   1381                      1545   -164     1095
  SINCE JUL 1   2109                      2519   -410     1839

 COOLING
  YESTERDAY        0                         0      0        0
  MONTH TO DATE    0                         0      0        0
  SINCE DEC 1      0                         0      0        0
  SINCE JAN 1      0                         0      0        0
..................................................................


WIND (MPH)
  HIGHEST WIND SPEED    15   HIGHEST WIND DIRECTION     N (20)
  HIGHEST GUST SPEED    20   HIGHEST GUST DIRECTION    NE (40)
  AVERAGE WIND SPEED     8.9


SKY COVER
  AVERAGE SKY COVER 0.9


WEATHER CONDITIONS
 THE FOLLOWING WEATHER WAS RECORDED YESTERDAY.
  RAIN
  LIGHT RAIN
  FOG


RELATIVE HUMIDITY (PERCENT)
 HIGHEST    92           300 AM
 LOWEST     76          1200 PM
 AVERAGE    84

..........................................................


THE BRIDGEPORT CT CLIMATE NORMALS FOR TODAY
                         NORMAL    RECORD    YEAR
 MAXIMUM TEMPERATURE (F)   37        56      1951
 MINIMUM TEMPERATURE (F)   23        -2      1994


SUNRISE AND SUNSET
JANUARY 19 2017.......SUNRISE   714 AM EST   SUNSET   454 PM EST
JANUARY 20 2017.......SUNRISE   713 AM EST   SUNSET   455 PM EST


-  INDICATES NEGATIVE NUMBERS.
R  INDICATES RECORD WAS SET OR TIED.
MM INDICATES DATA IS MISSING.
T  INDICATES TRACE AMOUNT.




$$
