000
CDUS41 KOKX 080704
CLIBDR


CLIMATE REPORT
NATIONAL WEATHER SERVICE NEW YORK NY
204 AM EST MON JAN 8 2018


...................................

...THE BRIDGEPORT CT CLIMATE SUMMARY FOR JANUARY 7 2018...

CLIMATE NORMAL PERIOD 1981 TO 2010
CLIMATE RECORD PERIOD 1948 TO 2018


WEATHER ITEM   OBSERVED TIME   RECORD YEAR NORMAL DEPARTURE LAST
                VALUE   (LST)  VALUE       VALUE  FROM      YEAR
                                                  NORMAL
..................................................................
TEMPERATURE (F)
 YESTERDAY
  MAXIMUM         20   1159 PM  55    2012  37    -17       25
                                      2007
  MINIMUM         -2R   703 AM  -2    2018  23    -25       21
  AVERAGE          9                        30    -21       23

PRECIPITATION (IN)
  YESTERDAY        0.00          1.80 1958   0.10  -0.10     0.22
  MONTH TO DATE    0.86                      0.72   0.14     1.01
  SINCE DEC 1      2.55                      4.05  -1.50     4.44
  SINCE JAN 1      0.86                      0.72   0.14     1.01

SNOWFALL (IN)
  YESTERDAY        0.0          10.0  1958   0.3   -0.3      5.7
  MONTH TO DATE    9.0                       1.8    7.2      6.7
  SINCE OCT 1     17.7                       7.6   10.1     12.7
  SINCE JUL 1     17.7                       7.6   10.1     12.7
  SNOW DEPTH       7

DEGREE DAYS
 HEATING
  YESTERDAY       56                        35     21       42
  MONTH TO DATE  349                       241    108      206
  SINCE DEC 1   1320                      1160    160     1043
  SINCE JUL 1   2075                      2134    -59     1771

 COOLING
  YESTERDAY        0                         0      0        0
  MONTH TO DATE    0                         0      0        0
  SINCE DEC 1      0                         0      0        0
  SINCE JAN 1      0                         0      0        0
..................................................................


WIND (MPH)
  HIGHEST WIND SPEED    18   HIGHEST WIND DIRECTION    SW (220)
  HIGHEST GUST SPEED    26   HIGHEST GUST DIRECTION    SW (210)
  AVERAGE WIND SPEED     8.9


SKY COVER
  AVERAGE SKY COVER 0.1


WEATHER CONDITIONS
 THE FOLLOWING WEATHER WAS RECORDED YESTERDAY.
  NO SIGNIFICANT WEATHER WAS OBSERVED.


RELATIVE HUMIDITY (PERCENT)
 HIGHEST    65           800 AM
 LOWEST     36           200 PM
 AVERAGE    51

..........................................................


THE BRIDGEPORT CT CLIMATE NORMALS FOR TODAY
                         NORMAL    RECORD    YEAR
 MAXIMUM TEMPERATURE (F)   37        57      2008
                                             1949
 MINIMUM TEMPERATURE (F)   23         1      1968


SUNRISE AND SUNSET
JANUARY  8 2018.......SUNRISE   718 AM EST   SUNSET   441 PM EST
JANUARY  9 2018.......SUNRISE   718 AM EST   SUNSET   442 PM EST


-  INDICATES NEGATIVE NUMBERS.
R  INDICATES RECORD WAS SET OR TIED.
MM INDICATES DATA IS MISSING.
T  INDICATES TRACE AMOUNT.




$$
