000
CDUS41 KOKX 210628
CLIBDR


CLIMATE REPORT
NATIONAL WEATHER SERVICE NEW YORK NY
128 AM EST WED JAN 21 2015


...................................

...THE BRIDGEPORT CT CLIMATE SUMMARY FOR JANUARY 20 2015...

CLIMATE NORMAL PERIOD 1981 TO 2010
CLIMATE RECORD PERIOD 1948 TO 2015


WEATHER ITEM   OBSERVED TIME   RECORD YEAR NORMAL DEPARTURE LAST
                VALUE   (LST)  VALUE       VALUE  FROM      YEAR
                                                  NORMAL
..................................................................
TEMPERATURE (F)
 YESTERDAY
  MAXIMUM         39   1239 PM  54    1991  37      2       45
  MINIMUM         28   1159 PM   1    1994  23      5       31
  AVERAGE         34                        30      4       38

PRECIPITATION (IN)
  YESTERDAY        0.00          1.62 1978   0.09  -0.09     0.00
  MONTH TO DATE    2.88                      2.06   0.82     2.42
  SINCE DEC 1      8.53                      5.39   3.14     6.75
  SINCE JAN 1      2.88                      2.06   0.82     2.42

SNOWFALL (IN)
  YESTERDAY        0.0          15.7  1978   0.2   -0.2      0.0
  MONTH TO DATE    4.2                       5.1   -0.9      5.2
  SINCE OCT 1      5.1                      10.9   -5.8     16.2
  SINCE JUL 1      5.1                      10.9   -5.8     16.2
  SNOW DEPTH       0

DEGREE DAYS
 HEATING
  YESTERDAY       31                        35     -4       27
  MONTH TO DATE  716                       696     20      685
  SINCE DEC 1   1514                      1615   -101     1606
  SINCE JUL 1   2420                      2589   -169     2559

 COOLING
  YESTERDAY        0                         0      0        0
  MONTH TO DATE    0                         0      0        0
  SINCE DEC 1      0                         0      0        0
  SINCE JAN 1      0                         0      0        0
..................................................................


WIND (MPH)
  HIGHEST WIND SPEED    20   HIGHEST WIND DIRECTION    NW (300)
  HIGHEST GUST SPEED    27   HIGHEST GUST DIRECTION     W (270)
  AVERAGE WIND SPEED     9.8


SKY COVER
  AVERAGE SKY COVER 0.3


WEATHER CONDITIONS
 THE FOLLOWING WEATHER WAS RECORDED YESTERDAY.
  NO SIGNIFICANT WEATHER WAS OBSERVED.


RELATIVE HUMIDITY (PERCENT)
 HIGHEST    59           600 AM
 LOWEST     44          1200 PM
 AVERAGE    52

..........................................................


THE BRIDGEPORT CT CLIMATE NORMALS FOR TODAY
                         NORMAL    RECORD    YEAR
 MAXIMUM TEMPERATURE (F)   37        57      2006
 MINIMUM TEMPERATURE (F)   23        -2      1985


SUNRISE AND SUNSET
JANUARY 21 2015.......SUNRISE   713 AM EST   SUNSET   455 PM EST
JANUARY 22 2015.......SUNRISE   712 AM EST   SUNSET   457 PM EST


-  INDICATES NEGATIVE NUMBERS.
R  INDICATES RECORD WAS SET OR TIED.
MM INDICATES DATA IS MISSING.
T  INDICATES TRACE AMOUNT.




$$
