000
CDUS41 KOKX 160621
CLIBDR


CLIMATE REPORT
NATIONAL WEATHER SERVICE NEW YORK NY
221 AM EDT SUN APR 16 2017


...................................

...THE BRIDGEPORT CT CLIMATE SUMMARY FOR APRIL 15 2017...

CLIMATE NORMAL PERIOD 1981 TO 2010
CLIMATE RECORD PERIOD 1948 TO 2017


WEATHER ITEM   OBSERVED TIME   RECORD YEAR NORMAL DEPARTURE LAST
                VALUE   (LST)  VALUE       VALUE  FROM      YEAR
                                                  NORMAL
..................................................................
TEMPERATURE (F)
 YESTERDAY
  MAXIMUM         62    130 PM  81    1960  58      4       59
  MINIMUM         41    559 AM  30    1973  41      0       38
                                      1957
  AVERAGE         52                        49      3       49

PRECIPITATION (IN)
  YESTERDAY        T             3.02 2007   0.14  -0.14     0.00
  MONTH TO DATE    3.11                      2.15   0.96     2.00
  SINCE MAR 1      7.45                      6.20   1.25     4.17
  SINCE JAN 1     12.64                     12.09   0.55    11.33

SNOWFALL (IN)
  YESTERDAY        0.0           T    2014   0.0    0.0      0.0
  MONTH TO DATE    0.0                       0.7   -0.7      0.1
  SINCE OCT 1     40.9                      27.4   13.5     27.3
  SINCE JUL 1     40.9                      27.4   13.5     27.3
  SNOW DEPTH       0

DEGREE DAYS
 HEATING
  YESTERDAY       13                        16     -3       16
  MONTH TO DATE  210                       274    -64      308
  SINCE MAR 1   1058                      1071    -13      931
  SINCE JUL 1   4225                      4958   -733     4066

 COOLING
  YESTERDAY        0                         0      0        0
  MONTH TO DATE    0                         0      0        0
  SINCE MAR 1      0                         0      0        0
  SINCE JAN 1      0                         0      0        0
..................................................................


WIND (MPH)
  HIGHEST WIND SPEED    22   HIGHEST WIND DIRECTION     S (190)
  HIGHEST GUST SPEED    27   HIGHEST GUST DIRECTION     S (190)
  AVERAGE WIND SPEED     8.5


SKY COVER
  AVERAGE SKY COVER 0.4


WEATHER CONDITIONS
 THE FOLLOWING WEATHER WAS RECORDED YESTERDAY.
  LIGHT RAIN


RELATIVE HUMIDITY (PERCENT)
 HIGHEST    83           200 AM
 LOWEST     39           100 PM
 AVERAGE    61

..........................................................


THE BRIDGEPORT CT CLIMATE NORMALS FOR TODAY
                         NORMAL    RECORD    YEAR
 MAXIMUM TEMPERATURE (F)   58        85      2002
 MINIMUM TEMPERATURE (F)   41        29      1981


SUNRISE AND SUNSET
APRIL 16 2017.........SUNRISE   611 AM EDT   SUNSET   734 PM EDT
APRIL 17 2017.........SUNRISE   610 AM EDT   SUNSET   735 PM EDT


-  INDICATES NEGATIVE NUMBERS.
R  INDICATES RECORD WAS SET OR TIED.
MM INDICATES DATA IS MISSING.
T  INDICATES TRACE AMOUNT.




$$
