000
CDUS41 KOKX 142042
CLIBDR


CLIMATE REPORT
NATIONAL WEATHER SERVICE NEW YORK NY
441 PM EDT THU SEP 14 2017


...................................

...THE BRIDGEPORT CT CLIMATE SUMMARY FOR SEPTEMBER 14 2017...
VALID TODAY AS OF 0400 PM LOCAL TIME.

CLIMATE NORMAL PERIOD 1981 TO 2010
CLIMATE RECORD PERIOD 1948 TO 2017


WEATHER ITEM   OBSERVED TIME   RECORD YEAR NORMAL DEPARTURE LAST
                VALUE   (LST)  VALUE       VALUE  FROM      YEAR
                                                  NORMAL
..................................................................
TEMPERATURE (F)
 TODAY
  MAXIMUM         78    206 PM  88    2016  75      3       88
  MINIMUM         68    215 AM  44    1963  59      9       69
  AVERAGE         73                        67      6       79

PRECIPITATION (IN)
  TODAY            T             0.81 1973   0.12  -0.12      T
  MONTH TO DATE    1.53                      1.60  -0.07     0.75
  SINCE SEP 1      1.53                      1.60  -0.07     0.75
  SINCE JAN 1     30.12                     30.50  -0.38    25.51

SNOWFALL (IN)
  TODAY            0.0           0.0  2002   0.0    0.0      0.0
                                      2001
  MONTH TO DATE    0.0                       0.0    0.0      0.0
  SINCE OCT 1     40.9                      27.6   13.3     27.3
  SINCE JUL 1      0.0                       0.0    0.0      0.0
  SNOW DEPTH       0

DEGREE DAYS
 HEATING
  TODAY            0                         2     -2        0
  MONTH TO DATE   12                        11      1        0
  SINCE SEP 1     12                        11      1        0
  SINCE JUL 1     12                        15     -3        0

 COOLING
  TODAY            8                         3      5       14
  MONTH TO DATE   35                        67    -32      137
  SINCE SEP 1     35                        67    -32      137
  SINCE JAN 1    872                       785     87     1189
..................................................................


WIND (MPH)
  HIGHEST WIND SPEED    10   HIGHEST WIND DIRECTION    SW (210)
  HIGHEST GUST SPEED    12   HIGHEST GUST DIRECTION     S (200)
  AVERAGE WIND SPEED     5.2


SKY COVER
  AVERAGE SKY COVER 0.7


WEATHER CONDITIONS
 THE FOLLOWING WEATHER WAS RECORDED TODAY.
  FOG


RELATIVE HUMIDITY (PERCENT)
 HIGHEST    97           100 AM
 LOWEST     74          1100 AM
 AVERAGE    86

..........................................................


THE BRIDGEPORT CT CLIMATE NORMALS FOR TOMORROW
                         NORMAL    RECORD    YEAR
 MAXIMUM TEMPERATURE (F)   74        85      1993
 MINIMUM TEMPERATURE (F)   59        46      1975
                                             1963


SUNRISE AND SUNSET
SEPTEMBER 14 2017.....SUNRISE   632 AM EDT   SUNSET   703 PM EDT
SEPTEMBER 15 2017.....SUNRISE   633 AM EDT   SUNSET   701 PM EDT


-  INDICATES NEGATIVE NUMBERS.
R  INDICATES RECORD WAS SET OR TIED.
MM INDICATES DATA IS MISSING.
T  INDICATES TRACE AMOUNT.




$$
