889
CDUS41 KOKX 172037
CLIBDR


CLIMATE REPORT
NATIONAL WEATHER SERVICE NEW YORK NY
436 PM EDT FRI MAR 17 2017


...................................

...THE BRIDGEPORT CT CLIMATE SUMMARY FOR MARCH 17 2017...
VALID TODAY AS OF 0400 PM LOCAL TIME.

CLIMATE NORMAL PERIOD 1981 TO 2010
CLIMATE RECORD PERIOD 1948 TO 2017


WEATHER ITEM   OBSERVED TIME   RECORD YEAR NORMAL DEPARTURE LAST
                VALUE   (LST)  VALUE       VALUE  FROM      YEAR
                                                  NORMAL
..................................................................
TEMPERATURE (F)
 TODAY
  MAXIMUM         45    259 PM  64    1990  47     -2       60
  MINIMUM         29    627 AM  14    1967  32     -3       41
  AVERAGE         37                        39     -2       51

PRECIPITATION (IN)
  TODAY            0.00          1.10 1973   0.14  -0.14      T
  MONTH TO DATE    1.99                      2.14  -0.15     1.38
  SINCE MAR 1      1.99                      2.14  -0.15     1.38
  SINCE JAN 1      7.18                      8.03  -0.85     8.54

SNOWFALL (IN)
  TODAY            0.0           4.4  1967   0.2   -0.2      0.0
  MONTH TO DATE   11.1                       3.6    7.5      0.3
  SINCE OCT 1     40.9                      25.2   15.7     25.2
  SINCE JUL 1     40.9                      25.2   15.7     25.2
  SNOW DEPTH       6

DEGREE DAYS
 HEATING
  TODAY           28                        26      2       14
  MONTH TO DATE  512                       473     39      351
  SINCE MAR 1    512                       473     39      351
  SINCE JUL 1   3679                      4360   -681     3486

 COOLING
  TODAY            0                         0      0        0
  MONTH TO DATE    0                         0      0        0
  SINCE MAR 1      0                         0      0        0
  SINCE JAN 1      0                         0      0        0
..................................................................


WIND (MPH)
  HIGHEST WIND SPEED    17   HIGHEST WIND DIRECTION    NW (300)
  HIGHEST GUST SPEED    23   HIGHEST GUST DIRECTION     W (290)
  AVERAGE WIND SPEED     9.2


SKY COVER
  AVERAGE SKY COVER 0.0


WEATHER CONDITIONS
 THE FOLLOWING WEATHER WAS RECORDED TODAY.
  HAZE


RELATIVE HUMIDITY (PERCENT)
 HIGHEST    63           500 AM
 LOWEST     31           300 PM
 AVERAGE    47

..........................................................


THE BRIDGEPORT CT CLIMATE NORMALS FOR TOMORROW
                         NORMAL    RECORD    YEAR
 MAXIMUM TEMPERATURE (F)   48        76      2011
 MINIMUM TEMPERATURE (F)   32         9      1967


SUNRISE AND SUNSET
MARCH 17 2017.........SUNRISE   701 AM EDT   SUNSET   702 PM EDT
MARCH 18 2017.........SUNRISE   659 AM EDT   SUNSET   703 PM EDT


-  INDICATES NEGATIVE NUMBERS.
R  INDICATES RECORD WAS SET OR TIED.
MM INDICATES DATA IS MISSING.
T  INDICATES TRACE AMOUNT.




$$
