000
CDUS41 KOKX 010619
CLIBDR


CLIMATE REPORT
NATIONAL WEATHER SERVICE NEW YORK NY
118 AM EST FRI DEC 1 2017


...................................

...THE BRIDGEPORT CT CLIMATE SUMMARY FOR NOVEMBER 30 2017...

CLIMATE NORMAL PERIOD 1981 TO 2010
CLIMATE RECORD PERIOD 1948 TO 2017


WEATHER ITEM   OBSERVED TIME   RECORD YEAR NORMAL DEPARTURE LAST
                VALUE   (LST)  VALUE       VALUE  FROM      YEAR
                                                  NORMAL
..................................................................
TEMPERATURE (F)
 YESTERDAY
  MAXIMUM         50    950 PM  63    2001  48      2       59
  MINIMUM         29    508 AM  17    1958  34     -5       48
  AVERAGE         40                        41     -1       54

PRECIPITATION (IN)
  YESTERDAY        0.01          1.03 1957   0.13  -0.12     0.98
  MONTH TO DATE    1.87                      3.39  -1.52     4.23
  SINCE SEP 1     10.97                     10.51   0.46    11.21
  SINCE JAN 1     39.56                     39.41   0.15    35.97

SNOWFALL (IN)
  YESTERDAY        0.0           2.1  1967   0.1   -0.1      0.0
  MONTH TO DATE    0.0                       0.7   -0.7       T
  SINCE OCT 1      0.0                       0.7   -0.7       T
  SINCE JUL 1      0.0                       0.7   -0.7       T
  SNOW DEPTH       0

DEGREE DAYS
 HEATING
  YESTERDAY       25                        24      1       11
  MONTH TO DATE  596                       583     13      486
  SINCE SEP 1    755                       970   -215      728
  SINCE JUL 1    755                       974   -219      728

 COOLING
  YESTERDAY        0                         0      0        0
  MONTH TO DATE    0                         0      0        0
  SINCE SEP 1    216                       107    109      218
  SINCE JAN 1   1053                       825    228     1270
..................................................................


WIND (MPH)
  HIGHEST WIND SPEED    14   HIGHEST WIND DIRECTION    NE (40)
  HIGHEST GUST SPEED    18   HIGHEST GUST DIRECTION    NE (50)
  AVERAGE WIND SPEED     4.6


SKY COVER
  AVERAGE SKY COVER 0.4


WEATHER CONDITIONS
 THE FOLLOWING WEATHER WAS RECORDED YESTERDAY.
  LIGHT RAIN


RELATIVE HUMIDITY (PERCENT)
 HIGHEST    86           600 PM
 LOWEST     58           100 PM
 AVERAGE    72

..........................................................


THE BRIDGEPORT CT CLIMATE NORMALS FOR TODAY
                         NORMAL    RECORD    YEAR
 MAXIMUM TEMPERATURE (F)   47        64      2006
                                             2001
 MINIMUM TEMPERATURE (F)   33        15      1967


SUNRISE AND SUNSET
DECEMBER  1 2017......SUNRISE   659 AM EST   SUNSET   424 PM EST
DECEMBER  2 2017......SUNRISE   700 AM EST   SUNSET   424 PM EST


-  INDICATES NEGATIVE NUMBERS.
R  INDICATES RECORD WAS SET OR TIED.
MM INDICATES DATA IS MISSING.
T  INDICATES TRACE AMOUNT.




$$
