000
CDUS41 KOKX 080617
CLIBDR


CLIMATE REPORT
NATIONAL WEATHER SERVICE NEW YORK NY
117 AM EST THU FEB 8 2018


...................................

...THE BRIDGEPORT CT CLIMATE SUMMARY FOR FEBRUARY 7 2018...

CLIMATE NORMAL PERIOD 1981 TO 2010
CLIMATE RECORD PERIOD 1948 TO 2018


WEATHER ITEM   OBSERVED TIME   RECORD YEAR NORMAL DEPARTURE LAST
                VALUE   (LST)  VALUE       VALUE  FROM      YEAR
                                                  NORMAL
..................................................................
TEMPERATURE (F)
 YESTERDAY
  MAXIMUM         41    812 PM  52    1951  38      3       39
  MINIMUM         27    730 AM   3    1993  24      3       35
  AVERAGE         34                        31      3       37

PRECIPITATION (IN)
  YESTERDAY        1.02          1.80 1951   0.09   0.93     0.15
  MONTH TO DATE    2.46                      0.64   1.82     0.15
  SINCE DEC 1      6.65                      7.07  -0.42     6.86
  SINCE JAN 1      4.96                      3.74   1.22     3.43

SNOWFALL (IN)
  YESTERDAY        0.5          10.8  1967   0.3    0.2      0.0
  MONTH TO DATE    0.5                       1.9   -1.4      0.0
  SINCE OCT 1     20.6                      15.4    5.2     17.0
  SINCE JUL 1     20.6                      15.4    5.2     17.0
  SNOW DEPTH       0

DEGREE DAYS
 HEATING
  YESTERDAY       31                        34     -3       28
  MONTH TO DATE  234                       239     -5      206
  SINCE DEC 1   2328                      2241     87     1906
  SINCE JUL 1   3083                      3215   -132     2634

 COOLING
  YESTERDAY        0                         0      0        0
  MONTH TO DATE    0                         0      0        0
  SINCE DEC 1      0                         0      0        0
  SINCE JAN 1      0                         0      0        0
..................................................................


WIND (MPH)
  HIGHEST WIND SPEED    22   HIGHEST WIND DIRECTION    NW (330)
  HIGHEST GUST SPEED    32   HIGHEST GUST DIRECTION     N (340)
  AVERAGE WIND SPEED    10.7


SKY COVER
  AVERAGE SKY COVER 0.7


WEATHER CONDITIONS
 THE FOLLOWING WEATHER WAS RECORDED YESTERDAY.
  HEAVY RAIN
  RAIN
  LIGHT RAIN
  FREEZING RAIN
  LT FREEZING RAIN
  SNOW
  LIGHT SNOW
  FOG


RELATIVE HUMIDITY (PERCENT)
 HIGHEST   100           700 PM
 LOWEST     58           300 AM
 AVERAGE    79

..........................................................


THE BRIDGEPORT CT CLIMATE NORMALS FOR TODAY
                         NORMAL    RECORD    YEAR
 MAXIMUM TEMPERATURE (F)   38        63      2017
 MINIMUM TEMPERATURE (F)   24        -5      1963


SUNRISE AND SUNSET
FEBRUARY  8 2018......SUNRISE   656 AM EST   SUNSET   518 PM EST
FEBRUARY  9 2018......SUNRISE   655 AM EST   SUNSET   519 PM EST


-  INDICATES NEGATIVE NUMBERS.
R  INDICATES RECORD WAS SET OR TIED.
MM INDICATES DATA IS MISSING.
T  INDICATES TRACE AMOUNT.




$$
