000
CDUS41 KOKX 080617
CLIBDR


CLIMATE REPORT
NATIONAL WEATHER SERVICE NEW YORK NY
217 AM EDT TUE APR 8 2014


...................................

...THE BRIDGEPORT CT CLIMATE SUMMARY FOR APRIL 7 2014...

CLIMATE NORMAL PERIOD 1981 TO 2010
CLIMATE RECORD PERIOD 1948 TO 2014


WEATHER ITEM   OBSERVED TIME   RECORD YEAR NORMAL DEPARTURE LAST
                VALUE   (LST)  VALUE       VALUE  FROM      YEAR
                                                  NORMAL
..................................................................
TEMPERATURE (F)
 YESTERDAY
  MAXIMUM         48    142 PM  81    2010  55     -7       52
  MINIMUM         36    607 AM  18    1982  38     -2       34
  AVERAGE         42                        46     -4       43

PRECIPITATION (IN)
  YESTERDAY        0.21          1.78 1953   0.14   0.07      T
  MONTH TO DATE    0.44                      0.98  -0.54     0.02
  SINCE MAR 1      5.66                      5.03   0.63     2.56
  SINCE JAN 1     12.64                     10.92   1.72     9.58

SNOWFALL (IN)
  YESTERDAY        0.0           2.0  2003   0.1   -0.1      0.0
  MONTH TO DATE    0.0                       0.4   -0.4      0.0
  SINCE OCT 1     57.0                      27.1   29.9     64.3
  SINCE JUL 1     57.0                      27.1   29.9     64.3
  SNOW DEPTH       0

DEGREE DAYS
 HEATING
  YESTERDAY       23                        19      4       22
  MONTH TO DATE  149                       138     11      152
  SINCE MAR 1   1083                       935    148      947
  SINCE JUL 1   5131                      4822    309     4570

 COOLING
  YESTERDAY        0                         0      0        0
  MONTH TO DATE    0                         0      0        0
  SINCE MAR 1      0                         0      0        0
  SINCE JAN 1      0                         0      0        0
..................................................................


WIND (MPH)
  HIGHEST WIND SPEED    23   HIGHEST WIND DIRECTION     E (70)
  HIGHEST GUST SPEED    31   HIGHEST GUST DIRECTION     E (70)
  AVERAGE WIND SPEED    10.2


SKY COVER
  AVERAGE SKY COVER 0.4


WEATHER CONDITIONS
 THE FOLLOWING WEATHER WAS RECORDED YESTERDAY.
  LIGHT RAIN
  FOG


RELATIVE HUMIDITY (PERCENT)
 HIGHEST   100          1000 PM
 LOWEST     60           200 PM
 AVERAGE    80

..........................................................


THE BRIDGEPORT CT CLIMATE NORMALS FOR TODAY
                         NORMAL    RECORD    YEAR
 MAXIMUM TEMPERATURE (F)   55        84      1991
 MINIMUM TEMPERATURE (F)   39        23      1982


SUNRISE AND SUNSET
APRIL  8 2014.........SUNRISE   624 AM EDT   SUNSET   725 PM EDT
APRIL  9 2014.........SUNRISE   623 AM EDT   SUNSET   726 PM EDT


-  INDICATES NEGATIVE NUMBERS.
R  INDICATES RECORD WAS SET OR TIED.
MM INDICATES DATA IS MISSING.
T  INDICATES TRACE AMOUNT.




$$
