000
CDUS41 KOKX 150618
CLIBDR


CLIMATE REPORT
NATIONAL WEATHER SERVICE NEW YORK NY
118 AM EST SAT NOV 15 2014


...................................

...THE BRIDGEPORT CT CLIMATE SUMMARY FOR NOVEMBER 14 2014...

CLIMATE NORMAL PERIOD 1981 TO 2010
CLIMATE RECORD PERIOD 1948 TO 2014


WEATHER ITEM   OBSERVED TIME   RECORD YEAR NORMAL DEPARTURE LAST
                VALUE   (LST)  VALUE       VALUE  FROM      YEAR
                                                  NORMAL
..................................................................
TEMPERATURE (F)
 YESTERDAY
  MAXIMUM         43    341 PM  68    1959  54    -11       52
  MINIMUM         32   1147 PM  20    1986  39     -7       34
  AVERAGE         38                        46     -8       43

PRECIPITATION (IN)
  YESTERDAY        0.06          2.84 1972   0.11  -0.05     0.00
  MONTH TO DATE    1.11                      1.48  -0.37     0.26
  SINCE SEP 1      6.19                      8.60  -2.41     3.30
  SINCE JAN 1     37.43                     37.50  -0.07    30.08

SNOWFALL (IN)
  YESTERDAY        T   R         T    1975   0.0    0.0      0.0
  MONTH TO DATE    T                         0.1   -0.1      0.1
  SINCE OCT 1      T                         0.1   -0.1      0.1
  SINCE JUL 1      T                         0.1   -0.1      0.1
  SNOW DEPTH       0

DEGREE DAYS
 HEATING
  YESTERDAY       27                        19      8       22
  MONTH TO DATE  242                       238      4      253
  SINCE SEP 1    511                       624   -113      572
  SINCE JUL 1    511                       628   -117      572

 COOLING
  YESTERDAY        0                         0      0        0
  MONTH TO DATE    0                         0      0        0
  SINCE SEP 1    150                       107     43      118
  SINCE JAN 1    884                       825     59     1003
..................................................................


WIND (MPH)
  HIGHEST WIND SPEED    21   HIGHEST WIND DIRECTION     N (350)
  HIGHEST GUST SPEED    27   HIGHEST GUST DIRECTION     N (340)
  AVERAGE WIND SPEED     8.5


SKY COVER
  AVERAGE SKY COVER 0.6


WEATHER CONDITIONS
 THE FOLLOWING WEATHER WAS RECORDED YESTERDAY.
  LIGHT RAIN


RELATIVE HUMIDITY (PERCENT)
 HIGHEST    92           200 AM
 LOWEST     39           400 PM
 AVERAGE    66

..........................................................


THE BRIDGEPORT CT CLIMATE NORMALS FOR TODAY
                         NORMAL    RECORD    YEAR
 MAXIMUM TEMPERATURE (F)   53        78      1993
 MINIMUM TEMPERATURE (F)   38        21      1967


SUNRISE AND SUNSET
NOVEMBER 15 2014......SUNRISE   640 AM EST   SUNSET   434 PM EST
NOVEMBER 16 2014......SUNRISE   642 AM EST   SUNSET   433 PM EST


-  INDICATES NEGATIVE NUMBERS.
R  INDICATES RECORD WAS SET OR TIED.
MM INDICATES DATA IS MISSING.
T  INDICATES TRACE AMOUNT.




$$
