000
CDUS41 KOKX 160617
CLIBDR


CLIMATE REPORT
NATIONAL WEATHER SERVICE NEW YORK NY
116 AM EST MON JAN 16 2017


...................................

...THE BRIDGEPORT CT CLIMATE SUMMARY FOR JANUARY 15 2017...

CLIMATE NORMAL PERIOD 1981 TO 2010
CLIMATE RECORD PERIOD 1948 TO 2017


WEATHER ITEM   OBSERVED TIME   RECORD YEAR NORMAL DEPARTURE LAST
                VALUE   (LST)  VALUE       VALUE  FROM      YEAR
                                                  NORMAL
..................................................................
TEMPERATURE (F)
 YESTERDAY
  MAXIMUM         42    319 PM  61    1995  37      5       46
  MINIMUM         21    659 AM  -5    1957  23     -2       30
  AVERAGE         32                        30      2       38

PRECIPITATION (IN)
  YESTERDAY        0.00          1.19 1999   0.11  -0.11      T
  MONTH TO DATE    1.71                      1.57   0.14     1.24
  SINCE DEC 1      5.14                      4.90   0.24     6.18
  SINCE JAN 1      1.71                      1.57   0.14     1.24

SNOWFALL (IN)
  YESTERDAY        0.0           5.1  1983   0.3   -0.3      0.0
  MONTH TO DATE    8.5                       3.9    4.6      0.1
  SINCE OCT 1     14.5                       9.7    4.8      0.8
  SINCE JUL 1     14.5                       9.7    4.8      0.8
  SNOW DEPTH       1

DEGREE DAYS
 HEATING
  YESTERDAY       33                        35     -2       27
  MONTH TO DATE  461                       521    -60      463
  SINCE DEC 1   1298                      1440   -142     1007
  SINCE JUL 1   2026                      2414   -388     1751

 COOLING
  YESTERDAY        0                         0      0        0
  MONTH TO DATE    0                         0      0        0
  SINCE DEC 1      0                         0      0        0
  SINCE JAN 1      0                         0      0        0
..................................................................


WIND (MPH)
  HIGHEST WIND SPEED    15   HIGHEST WIND DIRECTION    NW (320)
  HIGHEST GUST SPEED    19   HIGHEST GUST DIRECTION    NW (320)
  AVERAGE WIND SPEED     4.1


SKY COVER
  AVERAGE SKY COVER 0.1


WEATHER CONDITIONS
 THE FOLLOWING WEATHER WAS RECORDED YESTERDAY.
  FOG
  HAZE


RELATIVE HUMIDITY (PERCENT)
 HIGHEST    92           700 AM
 LOWEST     36           300 PM
 AVERAGE    64

..........................................................


THE BRIDGEPORT CT CLIMATE NORMALS FOR TODAY
                         NORMAL    RECORD    YEAR
 MAXIMUM TEMPERATURE (F)   37        56      1995
 MINIMUM TEMPERATURE (F)   23         0      2004
                                             1994


SUNRISE AND SUNSET
JANUARY 16 2017.......SUNRISE   715 AM EST   SUNSET   450 PM EST
JANUARY 17 2017.......SUNRISE   715 AM EST   SUNSET   451 PM EST


-  INDICATES NEGATIVE NUMBERS.
R  INDICATES RECORD WAS SET OR TIED.
MM INDICATES DATA IS MISSING.
T  INDICATES TRACE AMOUNT.




$$
