000
CDUS41 KOKX 140627
CLIBDR


CLIMATE REPORT
NATIONAL WEATHER SERVICE NEW YORK NY
225 AM EDT FRI JUL 14 2017


...................................

...THE BRIDGEPORT CT CLIMATE SUMMARY FOR JULY 13 2017...

CLIMATE NORMAL PERIOD 1981 TO 2010
CLIMATE RECORD PERIOD 1948 TO 2017


WEATHER ITEM   OBSERVED TIME   RECORD YEAR NORMAL DEPARTURE LAST
                VALUE   (LST)  VALUE       VALUE  FROM      YEAR
                                                  NORMAL
..................................................................
TEMPERATURE (F)
 YESTERDAY
  MAXIMUM         91   1124 AM  94    1994  82      9       85
  MINIMUM         65   1152 PM  57    2009  66     -1       71
                                      1990
  AVERAGE         78                        74      4       78

PRECIPITATION (IN)
  YESTERDAY        0.41          2.41 1996   0.12   0.29     0.00
  MONTH TO DATE    1.90                      1.28   0.62     2.63
  SINCE JUN 1      4.30                      4.89  -0.59     3.89
  SINCE JAN 1     24.14                     22.76   1.38    19.43

SNOWFALL (IN)
  YESTERDAY        0.0           0.0  2002   0.0    0.0      0.0
                                      2001
  MONTH TO DATE    0.0                       0.0    0.0      0.0
  SINCE OCT 1     40.9                      27.6   13.3     27.3
  SINCE JUL 1      0.0                       0.0    0.0      0.0
  SNOW DEPTH       0

DEGREE DAYS
 HEATING
  YESTERDAY        0                         0      0        0
  MONTH TO DATE    0                         0      0        0
  SINCE JUN 1     25                        32     -7        4
  SINCE JUL 1      0                         0      0        0

 COOLING
  YESTERDAY       13                         9      4       13
  MONTH TO DATE  156                       113     43      122
  SINCE JUN 1    370                       256    114      294
  SINCE JAN 1    414                       280    134      352
..................................................................


WIND (MPH)
  HIGHEST WIND SPEED    37   HIGHEST WIND DIRECTION     W (290)
  HIGHEST GUST SPEED    49   HIGHEST GUST DIRECTION     W (290)
  AVERAGE WIND SPEED     8.4


SKY COVER
  AVERAGE SKY COVER 0.3


WEATHER CONDITIONS
 THE FOLLOWING WEATHER WAS RECORDED YESTERDAY.
  THUNDERSTORM
  HEAVY RAIN
  RAIN
  LIGHT RAIN
  FOG
  HAZE


RELATIVE HUMIDITY (PERCENT)
 HIGHEST    97           800 PM
 LOWEST     52          1200 PM
 AVERAGE    75

..........................................................


THE BRIDGEPORT CT CLIMATE NORMALS FOR TODAY
                         NORMAL    RECORD    YEAR
 MAXIMUM TEMPERATURE (F)   82        93      1984
                                             1974
 MINIMUM TEMPERATURE (F)   67        57      2009


SUNRISE AND SUNSET
JULY 14 2017..........SUNRISE   532 AM EDT   SUNSET   824 PM EDT
JULY 15 2017..........SUNRISE   533 AM EDT   SUNSET   824 PM EDT


-  INDICATES NEGATIVE NUMBERS.
R  INDICATES RECORD WAS SET OR TIED.
MM INDICATES DATA IS MISSING.
T  INDICATES TRACE AMOUNT.




$$
