000
CDUS41 KOKX 230616
CLIBDR


CLIMATE REPORT
NATIONAL WEATHER SERVICE NEW YORK NY
216 AM EDT TUE JUN 23 2015


...................................

...THE BRIDGEPORT CT CLIMATE SUMMARY FOR JUNE 22 2015...

CLIMATE NORMAL PERIOD 1981 TO 2010
CLIMATE RECORD PERIOD 1948 TO 2015


WEATHER ITEM   OBSERVED TIME   RECORD YEAR NORMAL DEPARTURE LAST
                VALUE   (LST)  VALUE       VALUE  FROM      YEAR
                                                  NORMAL
..................................................................
TEMPERATURE (F)
 YESTERDAY
  MAXIMUM         88    533 PM  93    1949  79      9       76
  MINIMUM         68    226 AM  51    1986  63      5       59
  AVERAGE         78                        71      7       68

PRECIPITATION (IN)
  YESTERDAY        0.00          2.05 1972   0.09  -0.09     0.00
  MONTH TO DATE    3.21                      2.84   0.37     3.98
  SINCE JUN 1      3.21                      2.84   0.37     3.98
  SINCE JAN 1     17.51                     20.71  -3.20    25.64

SNOWFALL (IN)
  YESTERDAY        0.0           0.0  2002   0.0    0.0      0.0
                                      2001
  MONTH TO DATE    0.0                       0.0    0.0      0.0
  SINCE OCT 1     59.7                      27.6   32.1     57.4
  SINCE JUL 1     59.7                      27.6   32.1     57.4
  SNOW DEPTH       0

DEGREE DAYS
 HEATING
  YESTERDAY        0                         0      0        0
  MONTH TO DATE   52                        30     22        4
  SINCE JUN 1     52                        30     22        4
  SINCE JUL 1   5673                      5390    283     5618

 COOLING
  YESTERDAY       13                         6      7        3
  MONTH TO DATE  113                        87     26       78
  SINCE JUN 1    113                        87     26       78
  SINCE JAN 1    167                       111     56      101
..................................................................


WIND (MPH)
  HIGHEST WIND SPEED    16   HIGHEST WIND DIRECTION    NW (300)
  HIGHEST GUST SPEED    22   HIGHEST GUST DIRECTION    NW (300)
  AVERAGE WIND SPEED     7.6


SKY COVER
  AVERAGE SKY COVER 0.1


WEATHER CONDITIONS
 THE FOLLOWING WEATHER WAS RECORDED YESTERDAY.
  NO SIGNIFICANT WEATHER WAS OBSERVED.


RELATIVE HUMIDITY (PERCENT)
 HIGHEST    97           100 AM
 LOWEST     36           600 PM
 AVERAGE    67

..........................................................


THE BRIDGEPORT CT CLIMATE NORMALS FOR TODAY
                         NORMAL    RECORD    YEAR
 MAXIMUM TEMPERATURE (F)   79        91      2010
 MINIMUM TEMPERATURE (F)   63        49      1992


SUNRISE AND SUNSET
JUNE 23 2015..........SUNRISE   520 AM EDT   SUNSET   829 PM EDT
JUNE 24 2015..........SUNRISE   521 AM EDT   SUNSET   829 PM EDT


-  INDICATES NEGATIVE NUMBERS.
R  INDICATES RECORD WAS SET OR TIED.
MM INDICATES DATA IS MISSING.
T  INDICATES TRACE AMOUNT.




$$
