000
CDUS41 KOKX 250619
CLIBDR


CLIMATE REPORT
NATIONAL WEATHER SERVICE NEW YORK NY
119 AM EST WED FEB 25 2015


...................................

...THE BRIDGEPORT CT CLIMATE SUMMARY FOR FEBRUARY 24 2015...

CLIMATE NORMAL PERIOD 1981 TO 2010
CLIMATE RECORD PERIOD 1948 TO 2015


WEATHER ITEM   OBSERVED TIME   RECORD YEAR NORMAL DEPARTURE LAST
                VALUE   (LST)  VALUE       VALUE  FROM      YEAR
                                                  NORMAL
..................................................................
TEMPERATURE (F)
 YESTERDAY
  MAXIMUM         23    953 PM  60    1985  42    -19       44
                                      1961
  MINIMUM          0R   647 AM  12    1968  27    -27       25
  AVERAGE         12                        34    -22       35

PRECIPITATION (IN)
  YESTERDAY        T             1.35 1979   0.11  -0.11      T
  MONTH TO DATE    2.22                      2.33  -0.11     4.18
  SINCE DEC 1     11.98                      8.76   3.22    11.29
  SINCE JAN 1      6.33                      5.43   0.90     6.96

SNOWFALL (IN)
  YESTERDAY       MM             3.5  2005   0.3   MM        0.0
  MONTH TO DATE   21.2                       7.0   14.2     32.1
  SINCE OCT 1     40.8                      20.5   20.3     56.5
  SINCE JUL 1     40.8                      20.5   20.3     56.5
  SNOW DEPTH      12

DEGREE DAYS
 HEATING
  YESTERDAY       53                        31     22       30
  MONTH TO DATE 1083                       790    293      836
  SINCE DEC 1   3026                      2792    234     2927
  SINCE JUL 1   3932                      3766    166     3880

 COOLING
  YESTERDAY        0                         0      0        0
  MONTH TO DATE    0                         0      0        0
  SINCE DEC 1      0                         0      0        0
  SINCE JAN 1      0                         0      0        0
..................................................................


WIND (MPH)
  HIGHEST WIND SPEED    17   HIGHEST WIND DIRECTION     S (190)
  HIGHEST GUST SPEED    20   HIGHEST GUST DIRECTION     S (190)
  AVERAGE WIND SPEED     5.5


SKY COVER
  AVERAGE SKY COVER 0.2


WEATHER CONDITIONS
 THE FOLLOWING WEATHER WAS RECORDED YESTERDAY.
  NO SIGNIFICANT WEATHER WAS OBSERVED.


RELATIVE HUMIDITY (PERCENT)
 HIGHEST    88          1000 PM
 LOWEST     49          1200 AM
 AVERAGE    69

..........................................................


THE BRIDGEPORT CT CLIMATE NORMALS FOR TODAY
                         NORMAL    RECORD    YEAR
 MAXIMUM TEMPERATURE (F)   42        62      1985
 MINIMUM TEMPERATURE (F)   27        11      1993
                                             1990


SUNRISE AND SUNSET
FEBRUARY 25 2015......SUNRISE   633 AM EST   SUNSET   538 PM EST
FEBRUARY 26 2015......SUNRISE   632 AM EST   SUNSET   540 PM EST


-  INDICATES NEGATIVE NUMBERS.
R  INDICATES RECORD WAS SET OR TIED.
MM INDICATES DATA IS MISSING.
T  INDICATES TRACE AMOUNT.




$$
