000
CDUS41 KOKX 182133
CLIBDR


CLIMATE REPORT
NATIONAL WEATHER SERVICE NEW YORK NY
433 PM EST TUE NOV 18 2014


...................................

...THE BRIDGEPORT CT CLIMATE SUMMARY FOR NOVEMBER 18 2014...
VALID TODAY AS OF 0400 PM LOCAL TIME.

CLIMATE NORMAL PERIOD 1981 TO 2010
CLIMATE RECORD PERIOD 1948 TO 2014


WEATHER ITEM   OBSERVED TIME   RECORD YEAR NORMAL DEPARTURE LAST
                VALUE   (LST)  VALUE       VALUE  FROM      YEAR
                                                  NORMAL
..................................................................
TEMPERATURE (F)
 TODAY
  MAXIMUM         46   1212 AM  69    1978  52     -6       63
  MINIMUM         31    359 PM  22    1959  38     -7       50
  AVERAGE         39                        45     -6       57

PRECIPITATION (IN)
  TODAY            0.00          1.23 1968   0.12  -0.12     0.25
  MONTH TO DATE    2.58                      1.94   0.64     0.55
  SINCE SEP 1      7.66                      9.06  -1.40     3.59
  SINCE JAN 1     38.90                     37.96   0.94    30.37

SNOWFALL (IN)
  TODAY            0.0           0.3  1962   0.0    0.0      0.0
  MONTH TO DATE    T                         0.2   -0.2      0.1
  SINCE OCT 1      T                         0.2   -0.2      0.1
  SINCE JUL 1      T                         0.2   -0.2      0.1
  SNOW DEPTH       0

DEGREE DAYS
 HEATING
  TODAY           26                        20      6        8
  MONTH TO DATE  344                       316     28      311
  SINCE SEP 1    613                       702    -89      630
  SINCE JUL 1    613                       706    -93      630

 COOLING
  TODAY            0                         0      0        0
  MONTH TO DATE    0                         0      0        0
  SINCE SEP 1    150                       107     43      118
  SINCE JAN 1    884                       825     59     1003
..................................................................


WIND (MPH)
  HIGHEST WIND SPEED    24   HIGHEST WIND DIRECTION    NW (300)
  HIGHEST GUST SPEED    33   HIGHEST GUST DIRECTION     W (270)
  AVERAGE WIND SPEED    15.2


SKY COVER
  AVERAGE SKY COVER 0.2


WEATHER CONDITIONS
 THE FOLLOWING WEATHER WAS RECORDED TODAY.
  NO SIGNIFICANT WEATHER WAS OBSERVED.


RELATIVE HUMIDITY (PERCENT)
 HIGHEST    76          1200 AM
 LOWEST     27           200 PM
 AVERAGE    52

..........................................................


THE BRIDGEPORT CT CLIMATE NORMALS FOR TOMORROW
                         NORMAL    RECORD    YEAR
 MAXIMUM TEMPERATURE (F)   52        65      1957
 MINIMUM TEMPERATURE (F)   37        24      1986


SUNRISE AND SUNSET
NOVEMBER 18 2014......SUNRISE   644 AM EST   SUNSET   431 PM EST
NOVEMBER 19 2014......SUNRISE   645 AM EST   SUNSET   430 PM EST


-  INDICATES NEGATIVE NUMBERS.
R  INDICATES RECORD WAS SET OR TIED.
MM INDICATES DATA IS MISSING.
T  INDICATES TRACE AMOUNT.




$$
