000
CDUS41 KOKX 100626
CLIBDR


CLIMATE REPORT
NATIONAL WEATHER SERVICE NEW YORK NY
126 AM EST WED DEC 10 2014


...................................

...THE BRIDGEPORT CT CLIMATE SUMMARY FOR DECEMBER 9 2014...

CLIMATE NORMAL PERIOD 1981 TO 2010
CLIMATE RECORD PERIOD 1948 TO 2014


WEATHER ITEM   OBSERVED TIME   RECORD YEAR NORMAL DEPARTURE LAST
                VALUE   (LST)  VALUE       VALUE  FROM      YEAR
                                                  NORMAL
..................................................................
TEMPERATURE (F)
 YESTERDAY
  MAXIMUM         44    658 PM  63    1991  44      0       39
  MINIMUM         33    102 AM  10    1968  31      2       29
  AVERAGE         39                        38      1       34

PRECIPITATION (IN)
  YESTERDAY        2.13R         1.45 1978   0.11   2.02     0.12
  MONTH TO DATE    4.17                      1.05   3.12     0.93
  SINCE DEC 1      4.17                      1.05   3.12     0.93
  SINCE JAN 1     44.73                     40.46   4.27    33.26

SNOWFALL (IN)
  YESTERDAY        0.0           6.0  2005   0.2   -0.2      0.4
  MONTH TO DATE    T                         1.0   -1.0      0.4
  SINCE OCT 1      0.2                       1.7   -1.5      0.5
  SINCE JUL 1      0.2                       1.7   -1.5      0.5
  SNOW DEPTH       0

DEGREE DAYS
 HEATING
  YESTERDAY       26                        28     -2       31
  MONTH TO DATE  229                       235     -6      225
  SINCE DEC 1    229                       235     -6      225
  SINCE JUL 1   1135                      1209    -74     1178

 COOLING
  YESTERDAY        0                         0      0        0
  MONTH TO DATE    0                         0      0        0
  SINCE DEC 1      0                         0      0        0
  SINCE JAN 1    884                       825     59     1003
..................................................................


WIND (MPH)
  HIGHEST WIND SPEED    32   HIGHEST WIND DIRECTION     N (360)
  HIGHEST GUST SPEED    47   HIGHEST GUST DIRECTION     N (360)
  AVERAGE WIND SPEED    20.5


SKY COVER
  AVERAGE SKY COVER 1.0


WEATHER CONDITIONS
 THE FOLLOWING WEATHER WAS RECORDED YESTERDAY.
  HEAVY RAIN
  RAIN
  LIGHT RAIN
  FOG


RELATIVE HUMIDITY (PERCENT)
 HIGHEST    92           600 AM
 LOWEST     75          1200 AM
 AVERAGE    84

..........................................................


THE BRIDGEPORT CT CLIMATE NORMALS FOR TODAY
                         NORMAL    RECORD    YEAR
 MAXIMUM TEMPERATURE (F)   44        60      1966
 MINIMUM TEMPERATURE (F)   30         7      1968


SUNRISE AND SUNSET
DECEMBER 10 2014......SUNRISE   707 AM EST   SUNSET   424 PM EST
DECEMBER 11 2014......SUNRISE   708 AM EST   SUNSET   424 PM EST


-  INDICATES NEGATIVE NUMBERS.
R  INDICATES RECORD WAS SET OR TIED.
MM INDICATES DATA IS MISSING.
T  INDICATES TRACE AMOUNT.




$$
