000
CDUS41 KOKX 120618
CLIBDR


CLIMATE REPORT
NATIONAL WEATHER SERVICE NEW YORK NY
218 AM EDT SUN OCT 12 2014


...................................

...THE BRIDGEPORT CT CLIMATE SUMMARY FOR OCTOBER 11 2014...

CLIMATE NORMAL PERIOD 1981 TO 2010
CLIMATE RECORD PERIOD 1948 TO 2014


WEATHER ITEM   OBSERVED TIME   RECORD YEAR NORMAL DEPARTURE LAST
                VALUE   (LST)  VALUE       VALUE  FROM      YEAR
                                                  NORMAL
..................................................................
TEMPERATURE (F)
 YESTERDAY
  MAXIMUM         55    312 PM  83    1949  65    -10       71
  MINIMUM         45   1159 PM  33    1993  48     -3       57
                                      1979
                                      1964
  AVERAGE         50                        56     -6       64

PRECIPITATION (IN)
  YESTERDAY        0.27          3.22 2006   0.12   0.15     0.00
  MONTH TO DATE    1.30                      1.32  -0.02     0.26
  SINCE SEP 1      3.40                      4.80  -1.40     2.98
  SINCE JAN 1     34.64                     33.70   0.94    29.76

SNOWFALL (IN)
  YESTERDAY        0.0           0.0  2002   0.0    0.0      0.0
                                      2001
  MONTH TO DATE    0.0                       0.0    0.0      0.0
  SINCE OCT 1      0.0                       0.0    0.0      0.0
  SINCE JUL 1      0.0                       0.0    0.0      0.0
  SNOW DEPTH       0

DEGREE DAYS
 HEATING
  YESTERDAY       15                         9      6        1
  MONTH TO DATE   67                        81    -14       21
  SINCE SEP 1    107                       145    -38      102
  SINCE JUL 1    107                       149    -42      102

 COOLING
  YESTERDAY        0                         0      0        0
  MONTH TO DATE    6                         8     -2       20
  SINCE SEP 1    137                       106     31      116
  SINCE JAN 1    871                       824     47     1001
..................................................................


WIND (MPH)
  HIGHEST WIND SPEED    14   HIGHEST WIND DIRECTION     N (20)
  HIGHEST GUST SPEED    18   HIGHEST GUST DIRECTION    NE (40)
  AVERAGE WIND SPEED     7.7


SKY COVER
  AVERAGE SKY COVER 0.7


WEATHER CONDITIONS
 THE FOLLOWING WEATHER WAS RECORDED YESTERDAY.
  RAIN
  LIGHT RAIN
  FOG


RELATIVE HUMIDITY (PERCENT)
 HIGHEST    93          1000 AM
 LOWEST     72           300 PM
 AVERAGE    83

..........................................................


THE BRIDGEPORT CT CLIMATE NORMALS FOR TODAY
                         NORMAL    RECORD    YEAR
 MAXIMUM TEMPERATURE (F)   65        81      1954
 MINIMUM TEMPERATURE (F)   48        31      1964


SUNRISE AND SUNSET
OCTOBER 12 2014.......SUNRISE   701 AM EDT   SUNSET   617 PM EDT
OCTOBER 13 2014.......SUNRISE   702 AM EDT   SUNSET   615 PM EDT


-  INDICATES NEGATIVE NUMBERS.
R  INDICATES RECORD WAS SET OR TIED.
MM INDICATES DATA IS MISSING.
T  INDICATES TRACE AMOUNT.




$$
