000
CDUS41 KOKX 122035
CLIBDR


CLIMATE REPORT
NATIONAL WEATHER SERVICE NEW YORK NY
435 PM EDT FRI AUG 12 2016


...................................

...THE BRIDGEPORT CT CLIMATE SUMMARY FOR AUGUST 12 2016...
VALID TODAY AS OF 0400 PM LOCAL TIME.

CLIMATE NORMAL PERIOD 1981 TO 2010
CLIMATE RECORD PERIOD 1948 TO 2016


WEATHER ITEM   OBSERVED TIME   RECORD YEAR NORMAL DEPARTURE LAST
                VALUE   (LST)  VALUE       VALUE  FROM      YEAR
                                                  NORMAL
..................................................................
TEMPERATURE (F)
 TODAY
  MAXIMUM         94R   244 PM  92    1988  82     12       84
  MINIMUM         76    542 AM  54    1968  67      9       68
  AVERAGE         85                        74     11       76

PRECIPITATION (IN)
  TODAY            0.04          3.92 1955   0.13  -0.09     0.00
  MONTH TO DATE    2.15                      1.59   0.56     1.51
  SINCE JUN 1      8.21                      8.66  -0.45     8.91
  SINCE JAN 1     23.75                     26.53  -2.78    23.21

SNOWFALL (IN)
  TODAY            0.0           0.0  2002   0.0    0.0      0.0
                                      2001
  MONTH TO DATE    0.0                       0.0    0.0      0.0
  SINCE OCT 1     27.3                      27.6   -0.3     59.7
  SINCE JUL 1      0.0                       0.0    0.0      0.0
  SNOW DEPTH       0

DEGREE DAYS
 HEATING
  TODAY            0                         0      0        0
  MONTH TO DATE    0                         0      0        0
  SINCE JUN 1      4                        33    -29       52
  SINCE JUL 1      0                         1     -1        0

 COOLING
  TODAY           20                         9     11       11
  MONTH TO DATE  153                       113     40      126
  SINCE JUN 1    722                       545    177      640
  SINCE JAN 1    780                       569    211      694
..................................................................


WIND (MPH)
  HIGHEST WIND SPEED    16   HIGHEST WIND DIRECTION    SW (220)
  HIGHEST GUST SPEED    19   HIGHEST GUST DIRECTION    SW (210)
  AVERAGE WIND SPEED     9.5


SKY COVER
  AVERAGE SKY COVER 0.2


WEATHER CONDITIONS
 THE FOLLOWING WEATHER WAS RECORDED TODAY.
  LIGHT RAIN


RELATIVE HUMIDITY (PERCENT)
 HIGHEST    85          1200 AM
 LOWEST     60           100 PM
 AVERAGE    73

..........................................................


THE BRIDGEPORT CT CLIMATE NORMALS FOR TOMORROW
                         NORMAL    RECORD    YEAR
 MAXIMUM TEMPERATURE (F)   82        94      2005
                                             1988
 MINIMUM TEMPERATURE (F)   66        52      1957


SUNRISE AND SUNSET
AUGUST 12 2016........SUNRISE   559 AM EDT   SUNSET   755 PM EDT
AUGUST 13 2016........SUNRISE   600 AM EDT   SUNSET   753 PM EDT


-  INDICATES NEGATIVE NUMBERS.
R  INDICATES RECORD WAS SET OR TIED.
MM INDICATES DATA IS MISSING.
T  INDICATES TRACE AMOUNT.




$$
