000
CDUS41 KOKX 212035
CLIBDR


CLIMATE REPORT
NATIONAL WEATHER SERVICE NEW YORK NY
435 PM EDT SAT MAR 21 2015


...................................

...THE BRIDGEPORT CT CLIMATE SUMMARY FOR MARCH 21 2015...
VALID TODAY AS OF 0400 PM LOCAL TIME.

CLIMATE NORMAL PERIOD 1981 TO 2010
CLIMATE RECORD PERIOD 1948 TO 2015


WEATHER ITEM   OBSERVED TIME   RECORD YEAR NORMAL DEPARTURE LAST
                VALUE   (LST)  VALUE       VALUE  FROM      YEAR
                                                  NORMAL
..................................................................
TEMPERATURE (F)
 TODAY
  MAXIMUM         39    259 PM  66    2012  49    -10       50
  MINIMUM         29    508 AM  14    1986  33     -4       32
  AVERAGE         34                        41     -7       41

PRECIPITATION (IN)
  TODAY            0.10          2.65 1974   0.14  -0.04     0.00
  MONTH TO DATE    3.96                      2.68   1.28     1.33
  SINCE MAR 1      3.96                      2.68   1.28     1.33
  SINCE JAN 1     10.30                      8.57   1.73     8.31

SNOWFALL (IN)
  TODAY            0.6           3.8  1958   0.1    0.5      0.0
  MONTH TO DATE   17.3                       4.1   13.2      0.1
  SINCE OCT 1     58.4                      25.7   32.7     56.6
  SINCE JUL 1     58.4                      25.7   32.7     56.6
  SNOW DEPTH       5

DEGREE DAYS
 HEATING
  TODAY           31                        24      7       24
  MONTH TO DATE  674                       572    102      661
  SINCE MAR 1    674                       572    102      661
  SINCE JUL 1   4780                      4459    321     4709

 COOLING
  TODAY            0                         0      0        0
  MONTH TO DATE    0                         0      0        0
  SINCE MAR 1      0                         0      0        0
  SINCE JAN 1      0                         0      0        0
..................................................................


WIND (MPH)
  HIGHEST WIND SPEED    12   HIGHEST WIND DIRECTION    SW (230)
  HIGHEST GUST SPEED    16   HIGHEST GUST DIRECTION     N (20)
  AVERAGE WIND SPEED     7.0


SKY COVER
  AVERAGE SKY COVER 0.7


WEATHER CONDITIONS
 THE FOLLOWING WEATHER WAS RECORDED TODAY.
  LIGHT SNOW
  FOG


RELATIVE HUMIDITY (PERCENT)
 HIGHEST    96          1200 PM
 LOWEST     79           300 PM
 AVERAGE    88

..........................................................


THE BRIDGEPORT CT CLIMATE NORMALS FOR TOMORROW
                         NORMAL    RECORD    YEAR
 MAXIMUM TEMPERATURE (F)   49        71      2012
 MINIMUM TEMPERATURE (F)   33        17      1988


SUNRISE AND SUNSET
MARCH 21 2015.........SUNRISE   655 AM EDT   SUNSET   705 PM EDT
MARCH 22 2015.........SUNRISE   653 AM EDT   SUNSET   707 PM EDT


-  INDICATES NEGATIVE NUMBERS.
R  INDICATES RECORD WAS SET OR TIED.
MM INDICATES DATA IS MISSING.
T  INDICATES TRACE AMOUNT.




$$
