000
CDUS41 KOKX 102042
CLIBDR


CLIMATE REPORT
NATIONAL WEATHER SERVICE NEW YORK NY
442 PM EDT SUN APR 10 2016


...................................

...THE BRIDGEPORT CT CLIMATE SUMMARY FOR APRIL 10 2016...
VALID TODAY AS OF 0400 PM LOCAL TIME.

CLIMATE NORMAL PERIOD 1981 TO 2010
CLIMATE RECORD PERIOD 1948 TO 2016


WEATHER ITEM   OBSERVED TIME   RECORD YEAR NORMAL DEPARTURE LAST
                VALUE   (LST)  VALUE       VALUE  FROM      YEAR
                                                  NORMAL
..................................................................
TEMPERATURE (F)
 TODAY
  MAXIMUM         50    251 PM  81    1955  56     -6       50
  MINIMUM         31    535 AM  26    1997  39     -8       38
  AVERAGE         41                        48     -7       44

PRECIPITATION (IN)
  TODAY            0.00          3.15 1983   0.15  -0.15     0.10
  MONTH TO DATE    1.71                      1.42   0.29     0.40
  SINCE MAR 1      3.88                      5.47  -1.59     5.12
  SINCE JAN 1     11.04                     11.36  -0.32    11.46

SNOWFALL (IN)
  TODAY            0.0           T    1974   0.0    0.0      0.0
  MONTH TO DATE    0.1                       0.5   -0.4      0.0
  SINCE OCT 1     27.3                      27.2    0.1     59.7
  SINCE JUL 1     27.3                      27.2    0.1     59.7
  SNOW DEPTH       0

DEGREE DAYS
 HEATING
  TODAY           24                        18      6       21
  MONTH TO DATE  223                       192     31      213
  SINCE MAR 1    846                       989   -143     1173
  SINCE JUL 1   3981                      4876   -895     5279

 COOLING
  TODAY            0                         0      0        0
  MONTH TO DATE    0                         0      0        0
  SINCE MAR 1      0                         0      0        0
  SINCE JAN 1      0                         0      0        0
..................................................................


WIND (MPH)
  HIGHEST WIND SPEED    21   HIGHEST WIND DIRECTION    SW (220)
  HIGHEST GUST SPEED    32   HIGHEST GUST DIRECTION    NW (320)
  AVERAGE WIND SPEED    12.4


SKY COVER
  AVERAGE SKY COVER 0.0


WEATHER CONDITIONS
 THE FOLLOWING WEATHER WAS RECORDED TODAY.
  NO SIGNIFICANT WEATHER WAS OBSERVED.


RELATIVE HUMIDITY (PERCENT)
 HIGHEST    39          1200 PM
 LOWEST     24          1100 AM
 AVERAGE    32

..........................................................


THE BRIDGEPORT CT CLIMATE NORMALS FOR TOMORROW
                         NORMAL    RECORD    YEAR
 MAXIMUM TEMPERATURE (F)   56        79      1955
 MINIMUM TEMPERATURE (F)   40        27      1960


SUNRISE AND SUNSET
APRIL 10 2016.........SUNRISE   620 AM EDT   SUNSET   728 PM EDT
APRIL 11 2016.........SUNRISE   619 AM EDT   SUNSET   729 PM EDT


-  INDICATES NEGATIVE NUMBERS.
R  INDICATES RECORD WAS SET OR TIED.
MM INDICATES DATA IS MISSING.
T  INDICATES TRACE AMOUNT.




$$
