000
CDUS41 KOKX 090642
CLIBDR


CLIMATE REPORT
NATIONAL WEATHER SERVICE NEW YORK NY
241 AM EDT SUN JUL 9 2017


...................................

...THE BRIDGEPORT CT CLIMATE SUMMARY FOR JULY 8 2017...

CLIMATE NORMAL PERIOD 1981 TO 2010
CLIMATE RECORD PERIOD 1948 TO 2017


WEATHER ITEM   OBSERVED TIME   RECORD YEAR NORMAL DEPARTURE LAST
                VALUE   (LST)  VALUE       VALUE  FROM      YEAR
                                                  NORMAL
..................................................................
TEMPERATURE (F)
 YESTERDAY
  MAXIMUM         86    232 PM  95    1993  82      4       78
  MINIMUM         68    501 AM  56    2000  66      2       68
                                      1948
  AVERAGE         77                        74      3       73

PRECIPITATION (IN)
  YESTERDAY        0.03          1.73 2005   0.10  -0.07     0.00
  MONTH TO DATE    1.16                      0.73   0.43     2.57
  SINCE JUN 1      3.56                      4.34  -0.78     3.83
  SINCE JAN 1     23.40                     22.21   1.19    19.37

SNOWFALL (IN)
  YESTERDAY        0.0           0.0  2002   0.0    0.0      0.0
                                      2001
  MONTH TO DATE    0.0                       0.0    0.0      0.0
  SINCE OCT 1     40.9                      27.6   13.3     27.3
  SINCE JUL 1      0.0                       0.0    0.0      0.0
  SNOW DEPTH       0

DEGREE DAYS
 HEATING
  YESTERDAY        0                         0      0        0
  MONTH TO DATE    0                         0      0        0
  SINCE JUN 1     25                        32     -7        4
  SINCE JUL 1      0                         0      0        0

 COOLING
  YESTERDAY       12                         9      3        8
  MONTH TO DATE   92                        68     24       85
  SINCE JUN 1    306                       211     95      257
  SINCE JAN 1    350                       235    115      315
..................................................................


WIND (MPH)
  HIGHEST WIND SPEED    24   HIGHEST WIND DIRECTION    NW (300)
  HIGHEST GUST SPEED    33   HIGHEST GUST DIRECTION     W (280)
  AVERAGE WIND SPEED     8.0


SKY COVER
  AVERAGE SKY COVER 0.3


WEATHER CONDITIONS
 THE FOLLOWING WEATHER WAS RECORDED YESTERDAY.
  LIGHT RAIN
  FOG
  HAZE


RELATIVE HUMIDITY (PERCENT)
 HIGHEST    93           100 AM
 LOWEST     51           600 PM
 AVERAGE    72

..........................................................


THE BRIDGEPORT CT CLIMATE NORMALS FOR TODAY
                         NORMAL    RECORD    YEAR
 MAXIMUM TEMPERATURE (F)   82        97      1974
 MINIMUM TEMPERATURE (F)   66        51      1963


SUNRISE AND SUNSET
JULY  9 2017..........SUNRISE   529 AM EDT   SUNSET   827 PM EDT
JULY 10 2017..........SUNRISE   529 AM EDT   SUNSET   826 PM EDT


-  INDICATES NEGATIVE NUMBERS.
R  INDICATES RECORD WAS SET OR TIED.
MM INDICATES DATA IS MISSING.
T  INDICATES TRACE AMOUNT.




$$
