000
CDUS41 KOKX 290625
CLIBDR


CLIMATE REPORT
NATIONAL WEATHER SERVICE NEW YORK NY
225 AM EDT SAT MAR 29 2014


...................................

...THE BRIDGEPORT CT CLIMATE SUMMARY FOR MARCH 28 2014...

CLIMATE NORMAL PERIOD 1981 TO 2010
CLIMATE RECORD PERIOD 1948 TO 2014


WEATHER ITEM   OBSERVED TIME   RECORD YEAR NORMAL DEPARTURE LAST
                VALUE   (LST)  VALUE       VALUE  FROM      YEAR
                                                  NORMAL
..................................................................
TEMPERATURE (F)
 YESTERDAY
  MAXIMUM         48    948 PM  76    1991  51     -3       51
  MINIMUM         32    307 AM  17    1966  35     -3       35
  AVERAGE         40                        43     -3       43

PRECIPITATION (IN)
  YESTERDAY        0.01          2.12 2005   0.13  -0.12      T
  MONTH TO DATE    1.34                      3.64  -2.30     2.39
  SINCE MAR 1      1.34                      3.64  -2.30     2.39
  SINCE JAN 1      8.32                      9.53  -1.21     9.41

SNOWFALL (IN)
  YESTERDAY        0.0           1.2  1984   0.1   -0.1      0.0
  MONTH TO DATE    0.1                       4.9   -4.8     13.0
  SINCE OCT 1     56.3                      26.5   29.8     64.3
  SINCE JUL 1     56.3                      26.5   29.8     64.3
  SNOW DEPTH       0

DEGREE DAYS
 HEATING
  YESTERDAY       25                        22      3       22
  MONTH TO DATE  872                       733    139      736
  SINCE MAR 1    872                       733    139      736
  SINCE JUL 1   4920                      4620    300     4359

 COOLING
  YESTERDAY        0                         0      0        0
  MONTH TO DATE    0                         0      0        0
  SINCE MAR 1      0                         0      0        0
  SINCE JAN 1      0                         0      0        0
..................................................................


WIND (MPH)
  HIGHEST WIND SPEED    14   HIGHEST WIND DIRECTION     S (190)
  HIGHEST GUST SPEED    18   HIGHEST GUST DIRECTION     S (190)
  AVERAGE WIND SPEED     2.8


SKY COVER
  AVERAGE SKY COVER 0.7


WEATHER CONDITIONS
 THE FOLLOWING WEATHER WAS RECORDED YESTERDAY.
  LIGHT RAIN
  FOG


RELATIVE HUMIDITY (PERCENT)
 HIGHEST    93           600 PM
 LOWEST     64          1200 AM
 AVERAGE    79

..........................................................


THE BRIDGEPORT CT CLIMATE NORMALS FOR TODAY
                         NORMAL    RECORD    YEAR
 MAXIMUM TEMPERATURE (F)   52        80      1998
 MINIMUM TEMPERATURE (F)   35        19      1966


SUNRISE AND SUNSET
MARCH 29 2014.........SUNRISE   641 AM EDT   SUNSET   714 PM EDT
MARCH 30 2014.........SUNRISE   639 AM EDT   SUNSET   715 PM EDT


-  INDICATES NEGATIVE NUMBERS.
R  INDICATES RECORD WAS SET OR TIED.
MM INDICATES DATA IS MISSING.
T  INDICATES TRACE AMOUNT.




$$
