000
CDUS41 KOKX 050623
CLIBDR


CLIMATE REPORT
NATIONAL WEATHER SERVICE NEW YORK NY
123 AM EST FRI JAN 5 2018


...................................

...THE BRIDGEPORT CT CLIMATE SUMMARY FOR JANUARY 4 2018...

CLIMATE NORMAL PERIOD 1981 TO 2010
CLIMATE RECORD PERIOD 1948 TO 2018


WEATHER ITEM   OBSERVED TIME   RECORD YEAR NORMAL DEPARTURE LAST
                VALUE   (LST)  VALUE       VALUE  FROM      YEAR
                                                  NORMAL
..................................................................
TEMPERATURE (F)
 YESTERDAY
  MAXIMUM         27    808 PM  59    1998  38    -11       53
  MINIMUM         22   1159 PM  -1    1981  24     -2       36
  AVERAGE         25                        31     -6       45

PRECIPITATION (IN)
  YESTERDAY        0.80          2.80 1982   0.10   0.70     0.01
  MONTH TO DATE    0.80                      0.41   0.39     0.77
  SINCE DEC 1      2.49                      3.74  -1.25     4.20
  SINCE JAN 1      0.80                      0.41   0.39     0.77

SNOWFALL (IN)
  YESTERDAY        8.0 R         5.3  1988   0.2    7.8      0.0
  MONTH TO DATE    8.0                       1.0    7.0      0.0
  SINCE OCT 1     16.7                       6.8    9.9      6.0
  SINCE JUL 1     16.7                       6.8    9.9      6.0
  SNOW DEPTH       2

DEGREE DAYS
 HEATING
  YESTERDAY       40                        34      6       20
  MONTH TO DATE  186                       136     50       97
  SINCE DEC 1   1157                      1055    102      934
  SINCE JUL 1   1912                      2029   -117     1662

 COOLING
  YESTERDAY        0                         0      0        0
  MONTH TO DATE    0                         0      0        0
  SINCE DEC 1      0                         0      0        0
  SINCE JAN 1      0                         0      0        0
..................................................................


WIND (MPH)
  HIGHEST WIND SPEED    36   HIGHEST WIND DIRECTION    NW (320)
  HIGHEST GUST SPEED    52   HIGHEST GUST DIRECTION    NW (330)
  AVERAGE WIND SPEED    22.6


SKY COVER
  AVERAGE SKY COVER 1.0


WEATHER CONDITIONS
 THE FOLLOWING WEATHER WAS RECORDED YESTERDAY.
  SNOW
  LIGHT SNOW
  FOG
  FOG W/VISIBILITY <= 1/4 MILE
  HAZE


RELATIVE HUMIDITY (PERCENT)
 HIGHEST    92          1000 AM
 LOWEST     55          1100 PM
 AVERAGE    74

..........................................................


THE BRIDGEPORT CT CLIMATE NORMALS FOR TODAY
                         NORMAL    RECORD    YEAR
 MAXIMUM TEMPERATURE (F)   38        60      1993
 MINIMUM TEMPERATURE (F)   23         0      1981


SUNRISE AND SUNSET
JANUARY  5 2018.......SUNRISE   718 AM EST   SUNSET   438 PM EST
JANUARY  6 2018.......SUNRISE   718 AM EST   SUNSET   439 PM EST


-  INDICATES NEGATIVE NUMBERS.
R  INDICATES RECORD WAS SET OR TIED.
MM INDICATES DATA IS MISSING.
T  INDICATES TRACE AMOUNT.




$$
