000
CDUS41 KOKX 022036
CLIBDR


CLIMATE REPORT
NATIONAL WEATHER SERVICE NEW YORK NY
436 PM EDT SAT SEP 2 2017


...................................

...THE BRIDGEPORT CT CLIMATE SUMMARY FOR SEPTEMBER 2 2017...
VALID TODAY AS OF 0400 PM LOCAL TIME.

CLIMATE NORMAL PERIOD 1981 TO 2010
CLIMATE RECORD PERIOD 1948 TO 2017


WEATHER ITEM   OBSERVED TIME   RECORD YEAR NORMAL DEPARTURE LAST
                VALUE   (LST)  VALUE       VALUE  FROM      YEAR
                                                  NORMAL
..................................................................
TEMPERATURE (F)
 TODAY
  MAXIMUM         65    206 PM  99    1953  78    -13       80
  MINIMUM         51    547 AM  50    1992  63    -12       65
                                      1970
                                      1967
  AVERAGE         58                        71    -13       73

PRECIPITATION (IN)
  TODAY            0.00          2.20 2002   0.11  -0.11     0.00
  MONTH TO DATE    0.00                      0.22  -0.22     0.63
  SINCE SEP 1      0.00                      0.22  -0.22     0.63
  SINCE JAN 1     28.59                     29.12  -0.53    25.39

SNOWFALL (IN)
  TODAY            0.0           0.0  2002   0.0    0.0      0.0
                                      2001
  MONTH TO DATE    0.0                       0.0    0.0      0.0
  SINCE OCT 1     40.9                      27.6   13.3     27.3
  SINCE JUL 1      0.0                       0.0    0.0      0.0
  SNOW DEPTH       0

DEGREE DAYS
 HEATING
  TODAY            7                         0      7        0
  MONTH TO DATE    9                         0      9        0
  SINCE SEP 1      9                         0      9        0
  SINCE JUL 1      9                         4      5        0

 COOLING
  TODAY            0                         6     -6        8
  MONTH TO DATE    0                        12    -12       18
  SINCE SEP 1      0                        12    -12       18
  SINCE JAN 1    837                       730    107     1070
..................................................................


WIND (MPH)
  HIGHEST WIND SPEED    12   HIGHEST WIND DIRECTION     N (360)
  HIGHEST GUST SPEED    14   HIGHEST GUST DIRECTION     N (360)
  AVERAGE WIND SPEED     6.5


SKY COVER
  AVERAGE SKY COVER 0.0


WEATHER CONDITIONS
 THE FOLLOWING WEATHER WAS RECORDED TODAY.
  NO SIGNIFICANT WEATHER WAS OBSERVED.


RELATIVE HUMIDITY (PERCENT)
 HIGHEST    77           600 AM
 LOWEST     44           100 PM
 AVERAGE    61

..........................................................


THE BRIDGEPORT CT CLIMATE NORMALS FOR TOMORROW
                         NORMAL    RECORD    YEAR
 MAXIMUM TEMPERATURE (F)   78        91      1993
 MINIMUM TEMPERATURE (F)   63        46      1967


SUNRISE AND SUNSET
SEPTEMBER  2 2017.....SUNRISE   620 AM EDT   SUNSET   723 PM EDT
SEPTEMBER  3 2017.....SUNRISE   621 AM EDT   SUNSET   722 PM EDT


-  INDICATES NEGATIVE NUMBERS.
R  INDICATES RECORD WAS SET OR TIED.
MM INDICATES DATA IS MISSING.
T  INDICATES TRACE AMOUNT.




$$
