000
CDUS41 KOKX 010616
CLIBDR


CLIMATE REPORT
NATIONAL WEATHER SERVICE NEW YORK NY
216 AM EDT WED NOV 1 2017


...................................

...THE BRIDGEPORT CT CLIMATE SUMMARY FOR OCTOBER 31 2017...

CLIMATE NORMAL PERIOD 1981 TO 2010
CLIMATE RECORD PERIOD 1948 TO 2017


WEATHER ITEM   OBSERVED TIME   RECORD YEAR NORMAL DEPARTURE LAST
                VALUE   (LST)  VALUE       VALUE  FROM      YEAR
                                                  NORMAL
..................................................................
TEMPERATURE (F)
 YESTERDAY
  MAXIMUM         59    310 PM  75    2004  58      1       57
  MINIMUM         42   1052 PM  26    1988  42      0       42
  AVERAGE         51                        50      1       50

PRECIPITATION (IN)
  YESTERDAY        0.00          0.92 1989   0.11  -0.11     0.00
  MONTH TO DATE    7.37                      3.64   3.73     4.25
  SINCE SEP 1      9.10                      7.12   1.98     6.98
  SINCE JAN 1     37.69                     36.02   1.67    31.74

SNOWFALL (IN)
  YESTERDAY        0.0           0.0  2002   0.0    0.0      0.0
                                      2001
  MONTH TO DATE    0.0                       0.0    0.0       T
  SINCE OCT 1      0.0                       0.0    0.0       T
  SINCE JUL 1      0.0                       0.0    0.0       T
  SNOW DEPTH       0

DEGREE DAYS
 HEATING
  YESTERDAY       14                        15     -1       15
  MONTH TO DATE  134                       323   -189      227
  SINCE SEP 1    159                       386   -227      242
  SINCE JUL 1    159                       390   -231      242

 COOLING
  YESTERDAY        0                         0      0        0
  MONTH TO DATE   59                         9     50       27
  SINCE SEP 1    216                       107    109      218
  SINCE JAN 1   1053                       825    228     1270
..................................................................


WIND (MPH)
  HIGHEST WIND SPEED    25   HIGHEST WIND DIRECTION    SW (230)
  HIGHEST GUST SPEED    32   HIGHEST GUST DIRECTION    SW (220)
  AVERAGE WIND SPEED     9.3


SKY COVER
  AVERAGE SKY COVER 0.0


WEATHER CONDITIONS
 THE FOLLOWING WEATHER WAS RECORDED YESTERDAY.
  NO SIGNIFICANT WEATHER WAS OBSERVED.


RELATIVE HUMIDITY (PERCENT)
 HIGHEST    67          1100 PM
 LOWEST     33           100 PM
 AVERAGE    50

..........................................................


THE BRIDGEPORT CT CLIMATE NORMALS FOR TODAY
                         NORMAL    RECORD    YEAR
 MAXIMUM TEMPERATURE (F)   58        70      1974
 MINIMUM TEMPERATURE (F)   42        32      2016
                                             2002
                                             1964


SUNRISE AND SUNSET
NOVEMBER  1 2017......SUNRISE   724 AM EDT   SUNSET   548 PM EDT
NOVEMBER  2 2017......SUNRISE   725 AM EDT   SUNSET   547 PM EDT


-  INDICATES NEGATIVE NUMBERS.
R  INDICATES RECORD WAS SET OR TIED.
MM INDICATES DATA IS MISSING.
T  INDICATES TRACE AMOUNT.




$$
