000
CDUS41 KOKX 080628
CLIBDR


CLIMATE REPORT
NATIONAL WEATHER SERVICE NEW YORK NY
228 AM EDT MON AUG 8 2016


...................................

...THE BRIDGEPORT CT CLIMATE SUMMARY FOR AUGUST 7 2016...

CLIMATE NORMAL PERIOD 1981 TO 2010
CLIMATE RECORD PERIOD 1948 TO 2016


WEATHER ITEM   OBSERVED TIME   RECORD YEAR NORMAL DEPARTURE LAST
                VALUE   (LST)  VALUE       VALUE  FROM      YEAR
                                                  NORMAL
..................................................................
TEMPERATURE (F)
 YESTERDAY
  MAXIMUM         90    328 PM  94    2001  82      8       80
  MINIMUM         71    528 AM  55    1964  67      4       65
                                      1948
  AVERAGE         81                        74      7       73

PRECIPITATION (IN)
  YESTERDAY        0.00          1.70 1978   0.13  -0.13     0.00
  MONTH TO DATE    0.19                      0.95  -0.76      T
  SINCE JUN 1      6.25                      8.02  -1.77     7.40
  SINCE JAN 1     21.79                     25.89  -4.10    21.70

SNOWFALL (IN)
  YESTERDAY        0.0           0.1  2008   0.0    0.0      0.0
  MONTH TO DATE    0.0                       0.0    0.0      0.0
  SINCE OCT 1     27.3                      27.6   -0.3     59.7
  SINCE JUL 1      0.0                       0.0    0.0      0.0
  SNOW DEPTH       0

DEGREE DAYS
 HEATING
  YESTERDAY        0                         0      0        0
  MONTH TO DATE    0                         0      0        0
  SINCE JUN 1      4                        33    -29       52
  SINCE JUL 1      0                         1     -1        0

 COOLING
  YESTERDAY       16                         9      7        8
  MONTH TO DATE   74                        68      6       83
  SINCE JUN 1    643                       500    143      597
  SINCE JAN 1    701                       524    177      651
..................................................................


WIND (MPH)
  HIGHEST WIND SPEED    16   HIGHEST WIND DIRECTION    SW (220)
  HIGHEST GUST SPEED    20   HIGHEST GUST DIRECTION    NW (300)
  AVERAGE WIND SPEED     7.6


SKY COVER
  AVERAGE SKY COVER 0.0


WEATHER CONDITIONS
 THE FOLLOWING WEATHER WAS RECORDED YESTERDAY.
  NO SIGNIFICANT WEATHER WAS OBSERVED.


RELATIVE HUMIDITY (PERCENT)
 HIGHEST    73          1200 AM
 LOWEST     34           600 PM
 AVERAGE    54

..........................................................


THE BRIDGEPORT CT CLIMATE NORMALS FOR TODAY
                         NORMAL    RECORD    YEAR
 MAXIMUM TEMPERATURE (F)   82        95      2007
 MINIMUM TEMPERATURE (F)   67        54      1950
                                             1948


SUNRISE AND SUNSET
AUGUST  8 2016........SUNRISE   555 AM EDT   SUNSET   800 PM EDT
AUGUST  9 2016........SUNRISE   556 AM EDT   SUNSET   759 PM EDT


-  INDICATES NEGATIVE NUMBERS.
R  INDICATES RECORD WAS SET OR TIED.
MM INDICATES DATA IS MISSING.
T  INDICATES TRACE AMOUNT.




$$
