000
CDUS41 KOKX 040616
CLIBDR


CLIMATE REPORT
NATIONAL WEATHER SERVICE NEW YORK NY
216 AM EDT WED OCT 4 2017


...................................

...THE BRIDGEPORT CT CLIMATE SUMMARY FOR OCTOBER 3 2017...

CLIMATE NORMAL PERIOD 1981 TO 2010
CLIMATE RECORD PERIOD 1948 TO 2017


WEATHER ITEM   OBSERVED TIME   RECORD YEAR NORMAL DEPARTURE LAST
                VALUE   (LST)  VALUE       VALUE  FROM      YEAR
                                                  NORMAL
..................................................................
TEMPERATURE (F)
 YESTERDAY
  MAXIMUM         68   1227 PM  80    2000  68      0       71
  MINIMUM         50    606 AM  37    2003  51     -1       60
  AVERAGE         59                        60     -1       66

PRECIPITATION (IN)
  YESTERDAY        0.00          2.38 1976   0.11  -0.11     0.14
  MONTH TO DATE    0.00                      0.35  -0.35     0.14
  SINCE SEP 1      1.73                      3.83  -2.10     2.87
  SINCE JAN 1     30.32                     32.73  -2.41    27.63

SNOWFALL (IN)
  YESTERDAY        0.0           0.0  2002   0.0    0.0      0.0
                                      2001
  MONTH TO DATE    0.0                       0.0    0.0      0.0
  SINCE OCT 1      0.0                       0.0    0.0      0.0
  SINCE JUL 1      0.0                       0.0    0.0      0.0
  SNOW DEPTH       0

DEGREE DAYS
 HEATING
  YESTERDAY        6                         6      0        0
  MONTH TO DATE   19                        18      1       11
  SINCE SEP 1     44                        82    -38       26
  SINCE JUL 1     44                        86    -42       26

 COOLING
  YESTERDAY        0                         1     -1        1
  MONTH TO DATE    0                         3     -3        1
  SINCE SEP 1    157                       101     56      192
  SINCE JAN 1    994                       819    175     1244
..................................................................


WIND (MPH)
  HIGHEST WIND SPEED    12   HIGHEST WIND DIRECTION    SW (230)
  HIGHEST GUST SPEED    15   HIGHEST GUST DIRECTION    SE (120)
  AVERAGE WIND SPEED     6.0


SKY COVER
  AVERAGE SKY COVER 0.1


WEATHER CONDITIONS
 THE FOLLOWING WEATHER WAS RECORDED YESTERDAY.
  NO SIGNIFICANT WEATHER WAS OBSERVED.


RELATIVE HUMIDITY (PERCENT)
 HIGHEST    89           200 AM
 LOWEST     52           400 PM
 AVERAGE    71

..........................................................


THE BRIDGEPORT CT CLIMATE NORMALS FOR TODAY
                         NORMAL    RECORD    YEAR
 MAXIMUM TEMPERATURE (F)   67        83      1954
 MINIMUM TEMPERATURE (F)   51        34      1996
                                             1987


SUNRISE AND SUNSET
OCTOBER  4 2017.......SUNRISE   653 AM EDT   SUNSET   629 PM EDT
OCTOBER  5 2017.......SUNRISE   654 AM EDT   SUNSET   627 PM EDT


-  INDICATES NEGATIVE NUMBERS.
R  INDICATES RECORD WAS SET OR TIED.
MM INDICATES DATA IS MISSING.
T  INDICATES TRACE AMOUNT.




$$
