000
CDUS41 KOKX 211245 CCA
CLIBDR

CLIMATE REPORT...CORRECTED
NATIONAL WEATHER SERVICE NEW YORK NY
845 AM EDT SAT MAR 21 2015


...................................

...THE BRIDGEPORT CT CLIMATE SUMMARY FOR MARCH 20 2015...

CLIMATE NORMAL PERIOD 1981 TO 2010
CLIMATE RECORD PERIOD 1948 TO 2015


WEATHER ITEM   OBSERVED TIME   RECORD YEAR NORMAL DEPARTURE LAST
                VALUE   (LST)  VALUE       VALUE  FROM      YEAR
                                                  NORMAL
..................................................................
TEMPERATURE (F)
 YESTERDAY
  MAXIMUM         33   1201 PM  68    2010  48    -15       55
  MINIMUM         27    117 AM  11    1949  32     -5       40
  AVERAGE         30                        40    -10       48

PRECIPITATION (IN)
  YESTERDAY        0.30          1.12 1951   0.13   0.17     0.08
  MONTH TO DATE    3.86                      2.54   1.32     1.33
  SINCE MAR 1      3.86                      2.54   1.32     1.33
  SINCE JAN 1     10.20                      8.43   1.77     8.31

SNOWFALL (IN)
  YESTERDAY        5.3           5.5  1958   0.1    4.9      0.0
  MONTH TO DATE   16.4                       4.0   12.4      0.1
  SINCE OCT 1     57.5                      25.6   31.9     56.6
  SINCE JUL 1     57.5                      25.6   31.9     56.6
  SNOW DEPTH       T

DEGREE DAYS
 HEATING
  YESTERDAY       35                        25     10       17
  MONTH TO DATE  643                       548     95      637
  SINCE MAR 1    643                       548     95      637
  SINCE JUL 1   4749                      4435    314     4685

 COOLING
  YESTERDAY        0                         0      0        0
  MONTH TO DATE    0                         0      0        0
  SINCE MAR 1      0                         0      0        0
  SINCE JAN 1      0                         0      0        0
..................................................................


WIND (MPH)
  HIGHEST WIND SPEED    15   HIGHEST WIND DIRECTION    NE (60)
  HIGHEST GUST SPEED    18   HIGHEST GUST DIRECTION     E (70)
  AVERAGE WIND SPEED     9.4


SKY COVER
  AVERAGE SKY COVER 0.7


WEATHER CONDITIONS
 THE FOLLOWING WEATHER WAS RECORDED YESTERDAY.
  SNOW
  LIGHT SNOW
  FOG


RELATIVE HUMIDITY (PERCENT)
 HIGHEST    92           200 PM
 LOWEST     39           500 AM
 AVERAGE    66

..........................................................


THE BRIDGEPORT CT CLIMATE NORMALS FOR TODAY
                         NORMAL    RECORD    YEAR
 MAXIMUM TEMPERATURE (F)   49        66      2012
 MINIMUM TEMPERATURE (F)   33        14      1986


SUNRISE AND SUNSET
MARCH 21 2015.........SUNRISE   655 AM EDT   SUNSET   705 PM EDT
MARCH 22 2015.........SUNRISE   653 AM EDT   SUNSET   707 PM EDT


-  INDICATES NEGATIVE NUMBERS.
R  INDICATES RECORD WAS SET OR TIED.
MM INDICATES DATA IS MISSING.
T  INDICATES TRACE AMOUNT.




$$
