000
CDUS41 KOKX 060617
CLIBDR


CLIMATE REPORT
NATIONAL WEATHER SERVICE NEW YORK NY
117 AM EST MON FEB 6 2017


...................................

...THE BRIDGEPORT CT CLIMATE SUMMARY FOR FEBRUARY 5 2017...

CLIMATE NORMAL PERIOD 1981 TO 2010
CLIMATE RECORD PERIOD 1948 TO 2017


WEATHER ITEM   OBSERVED TIME   RECORD YEAR NORMAL DEPARTURE LAST
                VALUE   (LST)  VALUE       VALUE  FROM      YEAR
                                                  NORMAL
..................................................................
TEMPERATURE (F)
 YESTERDAY
  MAXIMUM         41   1159 PM  60    1991  38      3       43
  MINIMUM         30    341 AM   2    1996  24      6       21
  AVERAGE         36                        31      5       32

PRECIPITATION (IN)
  YESTERDAY        0.00          1.35 1997   0.10  -0.10     0.80
  MONTH TO DATE    T                         0.46  -0.46     2.06
  SINCE DEC 1      6.71                      6.89  -0.18     9.26
  SINCE JAN 1      3.28                      3.56  -0.28     4.32

SNOWFALL (IN)
  YESTERDAY        0.0          11.0  2001   0.3   -0.3      8.0
  MONTH TO DATE    0.0                       1.4   -1.4      8.0
  SINCE OCT 1     17.0                      14.9    2.1     19.0
  SINCE JUL 1     17.0                      14.9    2.1     19.0
  SNOW DEPTH       0

DEGREE DAYS
 HEATING
  YESTERDAY       29                        34     -5       33
  MONTH TO DATE  154                       171    -17      112
  SINCE DEC 1   1854                      2173   -319     1636
  SINCE JUL 1   2582                      3147   -565     2380

 COOLING
  YESTERDAY        0                         0      0        0
  MONTH TO DATE    0                         0      0        0
  SINCE DEC 1      0                         0      0        0
  SINCE JAN 1      0                         0      0        0
..................................................................


WIND (MPH)
  HIGHEST WIND SPEED    22   HIGHEST WIND DIRECTION    SW (210)
  HIGHEST GUST SPEED    27   HIGHEST GUST DIRECTION     S (200)
  AVERAGE WIND SPEED    11.2


SKY COVER
  AVERAGE SKY COVER 0.5


WEATHER CONDITIONS
 THE FOLLOWING WEATHER WAS RECORDED YESTERDAY.
  NO SIGNIFICANT WEATHER WAS OBSERVED.


RELATIVE HUMIDITY (PERCENT)
 HIGHEST    64           400 PM
 LOWEST     43          1200 AM
 AVERAGE    54

..........................................................


THE BRIDGEPORT CT CLIMATE NORMALS FOR TODAY
                         NORMAL    RECORD    YEAR
 MAXIMUM TEMPERATURE (F)   38        53      1991
 MINIMUM TEMPERATURE (F)   24         4      1995


SUNRISE AND SUNSET
FEBRUARY  6 2017......SUNRISE   658 AM EST   SUNSET   516 PM EST
FEBRUARY  7 2017......SUNRISE   657 AM EST   SUNSET   517 PM EST


-  INDICATES NEGATIVE NUMBERS.
R  INDICATES RECORD WAS SET OR TIED.
MM INDICATES DATA IS MISSING.
T  INDICATES TRACE AMOUNT.




$$
