000
CDUS41 KOKX 110625
CLIBDR


CLIMATE REPORT
NATIONAL WEATHER SERVICE NEW YORK NY
125 AM EST THU JAN 11 2018


...................................

...THE BRIDGEPORT CT CLIMATE SUMMARY FOR JANUARY 10 2018...

CLIMATE NORMAL PERIOD 1981 TO 2010
CLIMATE RECORD PERIOD 1948 TO 2018


WEATHER ITEM   OBSERVED TIME   RECORD YEAR NORMAL DEPARTURE LAST
                VALUE   (LST)  VALUE       VALUE  FROM      YEAR
                                                  NORMAL
..................................................................
TEMPERATURE (F)
 YESTERDAY
  MAXIMUM         36    304 PM  60    2016  37     -1       46
  MINIMUM         19    653 AM  -2    2004  23     -4       13
  AVERAGE         28                        30     -2       30

PRECIPITATION (IN)
  YESTERDAY        0.00          1.45 1977   0.10  -0.10     0.00
  MONTH TO DATE    0.89                      1.03  -0.14     1.01
  SINCE DEC 1      2.58                      4.36  -1.78     4.44
  SINCE JAN 1      0.89                      1.03  -0.14     1.01

SNOWFALL (IN)
  YESTERDAY        0.0           5.7  1965   0.3   -0.3      0.0
  MONTH TO DATE    9.3                       2.6    6.7      6.9
  SINCE OCT 1     18.0                       8.4    9.6     12.9
  SINCE JUL 1     18.0                       8.4    9.6     12.9
  SNOW DEPTH       5

DEGREE DAYS
 HEATING
  YESTERDAY       37                        35      2       35
  MONTH TO DATE  456                       346    110      333
  SINCE DEC 1   1427                      1265    162     1170
  SINCE JUL 1   2182                      2239    -57     1898

 COOLING
  YESTERDAY        0                         0      0        0
  MONTH TO DATE    0                         0      0        0
  SINCE DEC 1      0                         0      0        0
  SINCE JAN 1      0                         0      0        0
..................................................................


WIND (MPH)
  HIGHEST WIND SPEED     7   HIGHEST WIND DIRECTION    SE (140)
  HIGHEST GUST SPEED    10   HIGHEST GUST DIRECTION     N (340)
  AVERAGE WIND SPEED     2.7


SKY COVER
  AVERAGE SKY COVER 0.2


WEATHER CONDITIONS
 THE FOLLOWING WEATHER WAS RECORDED YESTERDAY.
  NO SIGNIFICANT WEATHER WAS OBSERVED.


RELATIVE HUMIDITY (PERCENT)
 HIGHEST    82          1000 PM
 LOWEST     52           300 PM
 AVERAGE    67

..........................................................


THE BRIDGEPORT CT CLIMATE NORMALS FOR TODAY
                         NORMAL    RECORD    YEAR
 MAXIMUM TEMPERATURE (F)   37        56      1975
 MINIMUM TEMPERATURE (F)   23         2      1982
                                             1968


SUNRISE AND SUNSET
JANUARY 11 2018.......SUNRISE   717 AM EST   SUNSET   444 PM EST
JANUARY 12 2018.......SUNRISE   717 AM EST   SUNSET   445 PM EST


-  INDICATES NEGATIVE NUMBERS.
R  INDICATES RECORD WAS SET OR TIED.
MM INDICATES DATA IS MISSING.
T  INDICATES TRACE AMOUNT.




$$
