076
CDUS41 KOKX 100616
CLIBDR


CLIMATE REPORT
NATIONAL WEATHER SERVICE NEW YORK NY
116 AM EST SAT FEB 10 2018


...................................

...THE BRIDGEPORT CT CLIMATE SUMMARY FOR FEBRUARY 9 2018...

CLIMATE NORMAL PERIOD 1981 TO 2010
CLIMATE RECORD PERIOD 1948 TO 2018


WEATHER ITEM   OBSERVED TIME   RECORD YEAR NORMAL DEPARTURE LAST
                VALUE   (LST)  VALUE       VALUE  FROM      YEAR
                                                  NORMAL
..................................................................
TEMPERATURE (F)
 YESTERDAY
  MAXIMUM         34   1124 PM  58    1949  39     -5       41
  MINIMUM         20    719 AM   5    1963  24     -4       16
  AVERAGE         27                        32     -5       29

PRECIPITATION (IN)
  YESTERDAY        T             2.17 1969   0.09  -0.09     0.84
  MONTH TO DATE    2.46                      0.81   1.65     0.99
  SINCE DEC 1      6.65                      7.24  -0.59     7.70
  SINCE JAN 1      4.96                      3.91   1.05     4.27

SNOWFALL (IN)
  YESTERDAY       MM            15.9  1969   0.3   MM       10.3
  MONTH TO DATE    0.5                       2.5   -2.0     10.3
  SINCE OCT 1     20.6                      16.0    4.6     27.3
  SINCE JUL 1     20.6                      16.0    4.6     27.3
  SNOW DEPTH       0

DEGREE DAYS
 HEATING
  YESTERDAY       38                        34      4       36
  MONTH TO DATE  308                       307      1      256
  SINCE DEC 1   2402                      2309     93     1956
  SINCE JUL 1   3157                      3283   -126     2684

 COOLING
  YESTERDAY        0                         0      0        0
  MONTH TO DATE    0                         0      0        0
  SINCE DEC 1      0                         0      0        0
  SINCE JAN 1      0                         0      0        0
..................................................................


WIND (MPH)
  HIGHEST WIND SPEED    12   HIGHEST WIND DIRECTION     S (190)
  HIGHEST GUST SPEED    15   HIGHEST GUST DIRECTION     S (190)
  AVERAGE WIND SPEED     4.3


SKY COVER
  AVERAGE SKY COVER 0.4


WEATHER CONDITIONS
 THE FOLLOWING WEATHER WAS RECORDED YESTERDAY.
  HAZE


RELATIVE HUMIDITY (PERCENT)
 HIGHEST    82          1100 PM
 LOWEST     47          1200 PM
 AVERAGE    65

..........................................................


THE BRIDGEPORT CT CLIMATE NORMALS FOR TODAY
                         NORMAL    RECORD    YEAR
 MAXIMUM TEMPERATURE (F)   39        54      2001
 MINIMUM TEMPERATURE (F)   25         4      1994
                                             1983


SUNRISE AND SUNSET
FEBRUARY 10 2018......SUNRISE   653 AM EST   SUNSET   521 PM EST
FEBRUARY 11 2018......SUNRISE   652 AM EST   SUNSET   522 PM EST


-  INDICATES NEGATIVE NUMBERS.
R  INDICATES RECORD WAS SET OR TIED.
MM INDICATES DATA IS MISSING.
T  INDICATES TRACE AMOUNT.




$$
