000
CDUS41 KOKX 092147
CLIBDR


CLIMATE REPORT
NATIONAL WEATHER SERVICE NEW YORK NY
446 PM EST THU MAR 9 2017


...................................

...THE BRIDGEPORT CT CLIMATE SUMMARY FOR MARCH 9 2017...
VALID TODAY AS OF 0400 PM LOCAL TIME.

CLIMATE NORMAL PERIOD 1981 TO 2010
CLIMATE RECORD PERIOD 1948 TO 2017


WEATHER ITEM   OBSERVED TIME   RECORD YEAR NORMAL DEPARTURE LAST
                VALUE   (LST)  VALUE       VALUE  FROM      YEAR
                                                  NORMAL
..................................................................
TEMPERATURE (F)
 TODAY
  MAXIMUM         61R   211 PM  60    2016  45     16       60
                                      2002
                                      1987
  MINIMUM         47    611 AM   9    2007  29     18       38
  AVERAGE         54                        37     17       49

PRECIPITATION (IN)
  TODAY            0.00          2.14 1998   0.12  -0.12     0.00
  MONTH TO DATE    0.40                      1.12  -0.72     0.34
  SINCE MAR 1      0.40                      1.12  -0.72     0.34
  SINCE JAN 1      5.59                      7.01  -1.42     7.50

SNOWFALL (IN)
  TODAY            0.0           4.0  1976   0.2   -0.2      0.0
  MONTH TO DATE    T                         2.1   -2.1      0.3
  SINCE OCT 1     29.8                      23.7    6.1     25.2
  SINCE JUL 1     29.8                      23.7    6.1     25.2
  SNOW DEPTH       0

DEGREE DAYS
 HEATING
  TODAY           11                        28    -17       16
  MONTH TO DATE  225                       260    -35      239
  SINCE MAR 1    225                       260    -35      239
  SINCE JUL 1   3392                      4147   -755     3374

 COOLING
  TODAY            0                         0      0        0
  MONTH TO DATE    0                         0      0        0
  SINCE MAR 1      0                         0      0        0
  SINCE JAN 1      0                         0      0        0
..................................................................


WIND (MPH)
  HIGHEST WIND SPEED    36   HIGHEST WIND DIRECTION    NW (300)
  HIGHEST GUST SPEED    49   HIGHEST GUST DIRECTION     W (280)
  AVERAGE WIND SPEED    16.9


SKY COVER
  AVERAGE SKY COVER 0.2


WEATHER CONDITIONS
 THE FOLLOWING WEATHER WAS RECORDED TODAY.
  NO SIGNIFICANT WEATHER WAS OBSERVED.


RELATIVE HUMIDITY (PERCENT)
 HIGHEST    53           500 AM
 LOWEST     16          1000 AM
 AVERAGE    35

..........................................................


THE BRIDGEPORT CT CLIMATE NORMALS FOR TOMORROW
                         NORMAL    RECORD    YEAR
 MAXIMUM TEMPERATURE (F)   45        70      2006
 MINIMUM TEMPERATURE (F)   30         8      1984


SUNRISE AND SUNSET
MARCH  9 2017.........SUNRISE   614 AM EST   SUNSET   553 PM EST
MARCH 10 2017.........SUNRISE   612 AM EST   SUNSET   554 PM EST


-  INDICATES NEGATIVE NUMBERS.
R  INDICATES RECORD WAS SET OR TIED.
MM INDICATES DATA IS MISSING.
T  INDICATES TRACE AMOUNT.




$$
