277
CDUS41 KOKX 142040
CLIBDR


CLIMATE REPORT
NATIONAL WEATHER SERVICE NEW YORK NY
440 PM EDT WED JUN 14 2017


...................................

...THE BRIDGEPORT CT CLIMATE SUMMARY FOR JUNE 14 2017...
VALID TODAY AS OF 0400 PM LOCAL TIME.

CLIMATE NORMAL PERIOD 1981 TO 2010
CLIMATE RECORD PERIOD 1948 TO 2017


WEATHER ITEM   OBSERVED TIME   RECORD YEAR NORMAL DEPARTURE LAST
                VALUE   (LST)  VALUE       VALUE  FROM      YEAR
                                                  NORMAL
..................................................................
TEMPERATURE (F)
 TODAY
  MAXIMUM         84    244 PM  93    1988  77      7       81
  MINIMUM         72    503 AM  49    1978  60     12       57
  AVERAGE         78                        68     10       69

PRECIPITATION (IN)
  TODAY            T             1.03 1998   0.13  -0.13     0.00
  MONTH TO DATE    0.38                      1.96  -1.58     1.09
  SINCE JUN 1      0.38                      1.96  -1.58     1.09
  SINCE JAN 1     20.22                     19.83   0.39    16.63

SNOWFALL (IN)
  TODAY            0.0           0.0  2002   0.0    0.0      0.0
                                      2001
  MONTH TO DATE    0.0                       0.0    0.0      0.0
  SINCE OCT 1     40.9                      27.6   13.3     27.3
  SINCE JUL 1     40.9                      27.6   13.3     27.3
  SNOW DEPTH       0

DEGREE DAYS
 HEATING
  TODAY            0                         1     -1        0
  MONTH TO DATE   25                        25      0        4
  SINCE JUN 1     25                        25      0        4
  SINCE JUL 1   4565                      5385   -820     4421

 COOLING
  TODAY           13                         4      9        4
  MONTH TO DATE   74                        44     30       50
  SINCE JUN 1     74                        44     30       50
  SINCE JAN 1    118                        68     50      108
..................................................................


WIND (MPH)
  HIGHEST WIND SPEED    14   HIGHEST WIND DIRECTION     N (360)
  HIGHEST GUST SPEED    19   HIGHEST GUST DIRECTION     N (10)
  AVERAGE WIND SPEED     8.1


SKY COVER
  AVERAGE SKY COVER 0.6


WEATHER CONDITIONS
 THE FOLLOWING WEATHER WAS RECORDED TODAY.
  NO SIGNIFICANT WEATHER WAS OBSERVED.


RELATIVE HUMIDITY (PERCENT)
 HIGHEST    73           500 AM
 LOWEST     37           300 PM
 AVERAGE    55

..........................................................


THE BRIDGEPORT CT CLIMATE NORMALS FOR TOMORROW
                         NORMAL    RECORD    YEAR
 MAXIMUM TEMPERATURE (F)   77        94      1987
 MINIMUM TEMPERATURE (F)   60        45      1978


SUNRISE AND SUNSET
JUNE 14 2017..........SUNRISE   519 AM EDT   SUNSET   827 PM EDT
JUNE 15 2017..........SUNRISE   519 AM EDT   SUNSET   827 PM EDT


-  INDICATES NEGATIVE NUMBERS.
R  INDICATES RECORD WAS SET OR TIED.
MM INDICATES DATA IS MISSING.
T  INDICATES TRACE AMOUNT.




$$
