000
CDUS41 KOKX 062032
CLIBDR


CLIMATE REPORT
NATIONAL WEATHER SERVICE NEW YORK NY
432 PM EDT SAT SEP 6 2014


...................................

...THE BRIDGEPORT CT CLIMATE SUMMARY FOR SEPTEMBER 6 2014...
VALID TODAY AS OF 0400 PM LOCAL TIME.

CLIMATE NORMAL PERIOD 1981 TO 2010
CLIMATE RECORD PERIOD 1948 TO 2014


WEATHER ITEM   OBSERVED TIME   RECORD YEAR NORMAL DEPARTURE LAST
                VALUE   (LST)  VALUE       VALUE  FROM      YEAR
                                                  NORMAL
..................................................................
TEMPERATURE (F)
 TODAY
  MAXIMUM         88    215 PM  92    1983  77     11       69
  MINIMUM         76    609 AM  48    1988  62     14       53
                                      1984
  AVERAGE         82                        70     12       61

PRECIPITATION (IN)
  TODAY            0.05          2.90 2008   0.11  -0.06     0.00
  MONTH TO DATE    0.05                      0.68  -0.63     0.04
  SINCE SEP 1      0.05                      0.68  -0.63     0.04
  SINCE JAN 1     31.29                     29.58   1.71    26.82

SNOWFALL (IN)
  TODAY            0.0           0.0  2002   0.0    0.0      0.0
                                      2001
  MONTH TO DATE    0.0                       0.0    0.0      0.0
  SINCE OCT 1     57.4                      27.6   29.8     64.3
  SINCE JUL 1      0.0                       0.0    0.0      0.0
  SNOW DEPTH       0

DEGREE DAYS
 HEATING
  TODAY            0                         1     -1        4
  MONTH TO DATE    0                         2     -2        4
  SINCE SEP 1      0                         2     -2        4
  SINCE JUL 1      0                         6     -6        4

 COOLING
  TODAY           17                         5     12        0
  MONTH TO DATE   85                        34     51       41
  SINCE SEP 1     85                        34     51       41
  SINCE JAN 1    819                       752     67      926
..................................................................


WIND (MPH)
  HIGHEST WIND SPEED    13   HIGHEST WIND DIRECTION     W (280)
  HIGHEST GUST SPEED    18   HIGHEST GUST DIRECTION     W (270)
  AVERAGE WIND SPEED     7.8


SKY COVER
  AVERAGE SKY COVER 0.4


WEATHER CONDITIONS
 THE FOLLOWING WEATHER WAS RECORDED TODAY.
  RAIN


RELATIVE HUMIDITY (PERCENT)
 HIGHEST    94           400 AM
 LOWEST     63           200 PM
 AVERAGE    79

..........................................................


THE BRIDGEPORT CT CLIMATE NORMALS FOR TOMORROW
                         NORMAL    RECORD    YEAR
 MAXIMUM TEMPERATURE (F)   77        91      1983
 MINIMUM TEMPERATURE (F)   62        46      1962


SUNRISE AND SUNSET
SEPTEMBER  6 2014.....SUNRISE   624 AM EDT   SUNSET   717 PM EDT
SEPTEMBER  7 2014.....SUNRISE   625 AM EDT   SUNSET   715 PM EDT


-  INDICATES NEGATIVE NUMBERS.
R  INDICATES RECORD WAS SET OR TIED.
MM INDICATES DATA IS MISSING.
T  INDICATES TRACE AMOUNT.




$$
