000
CDUS41 KOKX 072048
CLIBDR


CLIMATE REPORT
NATIONAL WEATHER SERVICE NEW YORK NY
448 PM EDT MON AUG 7 2017


...................................

...THE BRIDGEPORT CT CLIMATE SUMMARY FOR AUGUST 7 2017...
VALID TODAY AS OF 0400 PM LOCAL TIME.

CLIMATE NORMAL PERIOD 1981 TO 2010
CLIMATE RECORD PERIOD 1948 TO 2017


WEATHER ITEM   OBSERVED TIME   RECORD YEAR NORMAL DEPARTURE LAST
                VALUE   (LST)  VALUE       VALUE  FROM      YEAR
                                                  NORMAL
..................................................................
TEMPERATURE (F)
 TODAY
  MAXIMUM         70   1120 AM  94    2001  82    -12       90
  MINIMUM         64    447 AM  55    1964  67     -3       71
                                      1948
  AVERAGE         67                        74     -7       81

PRECIPITATION (IN)
  TODAY            0.48          1.70 1978   0.13   0.35     0.00
  MONTH TO DATE    2.04                      0.95   1.09     0.19
  SINCE JUN 1      6.98                      8.02  -1.04     6.25
  SINCE JAN 1     26.82                     25.89   0.93    21.79

SNOWFALL (IN)
  TODAY            0.0           0.1  2008   0.0    0.0      0.0
  MONTH TO DATE    0.0                       0.0    0.0      0.0
  SINCE OCT 1     40.9                      27.6   13.3     27.3
  SINCE JUL 1      0.0                       0.0    0.0      0.0
  SNOW DEPTH       0

DEGREE DAYS
 HEATING
  TODAY            0                         0      0        0
  MONTH TO DATE    0                         0      0        0
  SINCE JUN 1     25                        33     -8        4
  SINCE JUL 1      0                         1     -1        0

 COOLING
  TODAY            2                         9     -7       16
  MONTH TO DATE   65                        68     -3       74
  SINCE JUN 1    602                       500    102      643
  SINCE JAN 1    646                       524    122      701
..................................................................


WIND (MPH)
  HIGHEST WIND SPEED     8   HIGHEST WIND DIRECTION     E (100)
  HIGHEST GUST SPEED    11   HIGHEST GUST DIRECTION    SE (140)
  AVERAGE WIND SPEED     3.0


SKY COVER
  AVERAGE SKY COVER 0.8


WEATHER CONDITIONS
 THE FOLLOWING WEATHER WAS RECORDED TODAY.
  HEAVY RAIN
  RAIN
  LIGHT RAIN
  FOG


RELATIVE HUMIDITY (PERCENT)
 HIGHEST    87           200 PM
 LOWEST     73          1200 AM
 AVERAGE    80

..........................................................


THE BRIDGEPORT CT CLIMATE NORMALS FOR TOMORROW
                         NORMAL    RECORD    YEAR
 MAXIMUM TEMPERATURE (F)   82        95      2007
 MINIMUM TEMPERATURE (F)   67        54      1950
                                             1948


SUNRISE AND SUNSET
AUGUST  7 2017........SUNRISE   554 AM EDT   SUNSET   802 PM EDT
AUGUST  8 2017........SUNRISE   555 AM EDT   SUNSET   800 PM EDT


-  INDICATES NEGATIVE NUMBERS.
R  INDICATES RECORD WAS SET OR TIED.
MM INDICATES DATA IS MISSING.
T  INDICATES TRACE AMOUNT.




$$
