000
CDUS41 KOKX 220620
CLIBDR


CLIMATE REPORT
NATIONAL WEATHER SERVICE NEW YORK NY
119 AM EST SUN FEB 22 2015


...................................

...THE BRIDGEPORT CT CLIMATE SUMMARY FOR FEBRUARY 21 2015...

CLIMATE NORMAL PERIOD 1981 TO 2010
CLIMATE RECORD PERIOD 1948 TO 2015


WEATHER ITEM   OBSERVED TIME   RECORD YEAR NORMAL DEPARTURE LAST
                VALUE   (LST)  VALUE       VALUE  FROM      YEAR
                                                  NORMAL
..................................................................
TEMPERATURE (F)
 YESTERDAY
  MAXIMUM         31   1159 PM  59    2002  41    -10       47
  MINIMUM          3    545 AM   1    1950  26    -23       34
  AVERAGE         17                        34    -17       41

PRECIPITATION (IN)
  YESTERDAY        0.64          1.40 1951   0.10   0.54     0.12
  MONTH TO DATE    1.97                      2.00  -0.03     4.18
  SINCE DEC 1     11.73                      8.43   3.30    11.29
  SINCE JAN 1      6.08                      5.10   0.98     6.96

SNOWFALL (IN)
  YESTERDAY        2.6           5.5  2005   0.3    2.3      0.0
  MONTH TO DATE   19.8                       6.1   13.7     32.1
  SINCE OCT 1     39.4                      19.6   19.8     56.5
  SINCE JUL 1     39.4                      19.6   19.8     56.5
  SNOW DEPTH      11

DEGREE DAYS
 HEATING
  YESTERDAY       48                        32     16       24
  MONTH TO DATE  949                       697    252      752
  SINCE DEC 1   2892                      2699    193     2843
  SINCE JUL 1   3798                      3673    125     3796

 COOLING
  YESTERDAY        0                         0      0        0
  MONTH TO DATE    0                         0      0        0
  SINCE DEC 1      0                         0      0        0
  SINCE JAN 1      0                         0      0        0
..................................................................


WIND (MPH)
  HIGHEST WIND SPEED    22   HIGHEST WIND DIRECTION    SW (220)
  HIGHEST GUST SPEED    28   HIGHEST GUST DIRECTION    SW (220)
  AVERAGE WIND SPEED     5.9


SKY COVER
  AVERAGE SKY COVER 0.5


WEATHER CONDITIONS
 THE FOLLOWING WEATHER WAS RECORDED YESTERDAY.
  FREEZING RAIN
  LT FREEZING RAIN
  SNOW
  LIGHT SNOW
  FOG
  FOG W/VISIBILITY <= 1/4 MILE


RELATIVE HUMIDITY (PERCENT)
 HIGHEST   100           400 PM
 LOWEST     52           100 AM
 AVERAGE    76

..........................................................


THE BRIDGEPORT CT CLIMATE NORMALS FOR TODAY
                         NORMAL    RECORD    YEAR
 MAXIMUM TEMPERATURE (F)   41        64      1991
 MINIMUM TEMPERATURE (F)   26         6      1963


SUNRISE AND SUNSET
FEBRUARY 22 2015......SUNRISE   638 AM EST   SUNSET   535 PM EST
FEBRUARY 23 2015......SUNRISE   636 AM EST   SUNSET   536 PM EST


-  INDICATES NEGATIVE NUMBERS.
R  INDICATES RECORD WAS SET OR TIED.
MM INDICATES DATA IS MISSING.
T  INDICATES TRACE AMOUNT.




$$
