487
CDUS41 KOKX 260619
CLIBDR


CLIMATE REPORT
NATIONAL WEATHER SERVICE NEW YORK NY
219 AM EDT SUN MAR 26 2017


...................................

...THE BRIDGEPORT CT CLIMATE SUMMARY FOR MARCH 25 2017...

CLIMATE NORMAL PERIOD 1981 TO 2010
CLIMATE RECORD PERIOD 1948 TO 2017


WEATHER ITEM   OBSERVED TIME   RECORD YEAR NORMAL DEPARTURE LAST
                VALUE   (LST)  VALUE       VALUE  FROM      YEAR
                                                  NORMAL
..................................................................
TEMPERATURE (F)
 YESTERDAY
  MAXIMUM         55   1239 PM  68    1987  50      5       63
  MINIMUM         38    143 AM  15    1956  34      4       41
  AVERAGE         47                        42      5       52

PRECIPITATION (IN)
  YESTERDAY        0.01          1.77 1969   0.13  -0.12     0.01
  MONTH TO DATE    2.00                      3.23  -1.23     1.58
  SINCE MAR 1      2.00                      3.23  -1.23     1.58
  SINCE JAN 1      7.19                      9.12  -1.93     8.74

SNOWFALL (IN)
  YESTERDAY       MM             T    2007   0.1   MM        0.0
  MONTH TO DATE   11.1                       4.5    6.6      2.3
  SINCE OCT 1     40.9                      26.1   14.8     27.2
  SINCE JUL 1     40.9                      26.1   14.8     27.2
  SNOW DEPTH       0

DEGREE DAYS
 HEATING
  YESTERDAY       18                        23     -5       13
  MONTH TO DATE  716                       666     50      513
  SINCE MAR 1    716                       666     50      513
  SINCE JUL 1   3883                      4553   -670     3648

 COOLING
  YESTERDAY        0                         0      0        0
  MONTH TO DATE    0                         0      0        0
  SINCE MAR 1      0                         0      0        0
  SINCE JAN 1      0                         0      0        0
..................................................................


WIND (MPH)
  HIGHEST WIND SPEED    17   HIGHEST WIND DIRECTION     N (10)
  HIGHEST GUST SPEED    24   HIGHEST GUST DIRECTION     N (10)
  AVERAGE WIND SPEED     5.9


SKY COVER
  AVERAGE SKY COVER 0.5


WEATHER CONDITIONS
 THE FOLLOWING WEATHER WAS RECORDED YESTERDAY.
  LIGHT RAIN


RELATIVE HUMIDITY (PERCENT)
 HIGHEST    79           500 AM
 LOWEST     54           200 PM
 AVERAGE    67

..........................................................


THE BRIDGEPORT CT CLIMATE NORMALS FOR TODAY
                         NORMAL    RECORD    YEAR
 MAXIMUM TEMPERATURE (F)   50        70      1954
 MINIMUM TEMPERATURE (F)   34        15      1960


SUNRISE AND SUNSET
MARCH 26 2017.........SUNRISE   645 AM EDT   SUNSET   711 PM EDT
MARCH 27 2017.........SUNRISE   644 AM EDT   SUNSET   712 PM EDT


-  INDICATES NEGATIVE NUMBERS.
R  INDICATES RECORD WAS SET OR TIED.
MM INDICATES DATA IS MISSING.
T  INDICATES TRACE AMOUNT.




$$
