000
CDUS41 KOKX 110622
CLIBDR


CLIMATE REPORT
NATIONAL WEATHER SERVICE NEW YORK NY
221 AM EDT SAT OCT 11 2014


...................................

...THE BRIDGEPORT CT CLIMATE SUMMARY FOR OCTOBER 10 2014...

CLIMATE NORMAL PERIOD 1981 TO 2010
CLIMATE RECORD PERIOD 1948 TO 2014


WEATHER ITEM   OBSERVED TIME   RECORD YEAR NORMAL DEPARTURE LAST
                VALUE   (LST)  VALUE       VALUE  FROM      YEAR
                                                  NORMAL
..................................................................
TEMPERATURE (F)
 YESTERDAY
  MAXIMUM         63    311 PM  85    2011  65     -2       63
                                      1949
  MINIMUM         47    517 AM  33    1979  48     -1       52
  AVERAGE         55                        57     -2       58

PRECIPITATION (IN)
  YESTERDAY        0.00          2.06 1971   0.13  -0.13      T
  MONTH TO DATE    1.03                      1.20  -0.17     0.26
  SINCE SEP 1      3.13                      4.68  -1.55     2.98
  SINCE JAN 1     34.37                     33.58   0.79    29.76

SNOWFALL (IN)
  YESTERDAY        0.0           0.0  2002   0.0    0.0      0.0
                                      2001
  MONTH TO DATE    0.0                       0.0    0.0      0.0
  SINCE OCT 1      0.0                       0.0    0.0      0.0
  SINCE JUL 1      0.0                       0.0    0.0      0.0
  SNOW DEPTH       0

DEGREE DAYS
 HEATING
  YESTERDAY       10                         9      1        7
  MONTH TO DATE   52                        72    -20       20
  SINCE SEP 1     92                       136    -44      101
  SINCE JUL 1     92                       140    -48      101

 COOLING
  YESTERDAY        0                         0      0        0
  MONTH TO DATE    6                         8     -2       20
  SINCE SEP 1    137                       106     31      116
  SINCE JAN 1    871                       824     47     1001
..................................................................


WIND (MPH)
  HIGHEST WIND SPEED    13   HIGHEST WIND DIRECTION    SW (220)
  HIGHEST GUST SPEED    16   HIGHEST GUST DIRECTION    NW (330)
  AVERAGE WIND SPEED     4.3


SKY COVER
  AVERAGE SKY COVER 0.3


WEATHER CONDITIONS
 THE FOLLOWING WEATHER WAS RECORDED YESTERDAY.
  NO SIGNIFICANT WEATHER WAS OBSERVED.


RELATIVE HUMIDITY (PERCENT)
 HIGHEST    80           500 AM
 LOWEST     39          1100 AM
 AVERAGE    60

..........................................................


THE BRIDGEPORT CT CLIMATE NORMALS FOR TODAY
                         NORMAL    RECORD    YEAR
 MAXIMUM TEMPERATURE (F)   65        83      1949
 MINIMUM TEMPERATURE (F)   48        33      1993
                                             1979
                                             1964


SUNRISE AND SUNSET
OCTOBER 11 2014.......SUNRISE   700 AM EDT   SUNSET   618 PM EDT
OCTOBER 12 2014.......SUNRISE   701 AM EDT   SUNSET   617 PM EDT


-  INDICATES NEGATIVE NUMBERS.
R  INDICATES RECORD WAS SET OR TIED.
MM INDICATES DATA IS MISSING.
T  INDICATES TRACE AMOUNT.




$$
