000
CDUS41 KOKX 012044
CLIBDR


CLIMATE REPORT
NATIONAL WEATHER SERVICE NEW YORK NY
444 PM EDT TUE JUL 1 2014


...................................

...THE BRIDGEPORT CT CLIMATE SUMMARY FOR JULY 1 2014...
VALID TODAY AS OF 0400 PM LOCAL TIME.

CLIMATE NORMAL PERIOD 1981 TO 2010
CLIMATE RECORD PERIOD 1948 TO 2014


WEATHER ITEM   OBSERVED TIME   RECORD YEAR NORMAL DEPARTURE LAST
                VALUE   (LST)  VALUE       VALUE  FROM      YEAR
                                                  NORMAL
..................................................................
TEMPERATURE (F)
 TODAY
  MAXIMUM         87    226 PM  95    1963  81      6       81
  MINIMUM         71    439 AM  49    1988  65      6       73
  AVERAGE         79                        73      6       77

PRECIPITATION (IN)
  TODAY            0.00          1.08 1971   0.09  -0.09     0.16
  MONTH TO DATE    0.00                      0.09  -0.09     0.16
  SINCE JUN 1      4.01                      3.70   0.31     9.64
  SINCE JAN 1     25.67                     21.57   4.10    23.24

SNOWFALL (IN)
  TODAY            0.0           0.0  2002   0.0    0.0      0.0
                                      2001
  MONTH TO DATE    0.0                       0.0    0.0      0.0
  SINCE OCT 1     57.4                      27.6   29.8     64.3
  SINCE JUL 1      0.0                       0.0    0.0      0.0
  SNOW DEPTH       0

DEGREE DAYS
 HEATING
  TODAY            0                         0      0        0
  MONTH TO DATE    0                         0      0        0
  SINCE JUN 1      4                        32    -28       18
  SINCE JUL 1      0                         0      0        0

 COOLING
  TODAY           14                         8      6       12
  MONTH TO DATE   14                         8      6       12
  SINCE JUN 1    160                       151      9      187
  SINCE JAN 1    183                       175      8      225
..................................................................


WIND (MPH)
  HIGHEST WIND SPEED    16   HIGHEST WIND DIRECTION     S (190)
  HIGHEST GUST SPEED    21   HIGHEST GUST DIRECTION    SW (210)
  AVERAGE WIND SPEED     7.9


SKY COVER
  AVERAGE SKY COVER 0.1


WEATHER CONDITIONS
 THE FOLLOWING WEATHER WAS RECORDED TODAY.
  NO SIGNIFICANT WEATHER WAS OBSERVED.


RELATIVE HUMIDITY (PERCENT)
 HIGHEST    90           100 AM
 LOWEST     61           300 PM
 AVERAGE    76

..........................................................


THE BRIDGEPORT CT CLIMATE NORMALS FOR TOMORROW
                         NORMAL    RECORD    YEAR
 MAXIMUM TEMPERATURE (F)   81       100      1966
 MINIMUM TEMPERATURE (F)   65        51      1982


SUNRISE AND SUNSET
JULY  1 2014..........SUNRISE   524 AM EDT   SUNSET   829 PM EDT
JULY  2 2014..........SUNRISE   524 AM EDT   SUNSET   829 PM EDT


-  INDICATES NEGATIVE NUMBERS.
R  INDICATES RECORD WAS SET OR TIED.
MM INDICATES DATA IS MISSING.
T  INDICATES TRACE AMOUNT.




$$
