000
CDUS41 KOKX 090616
CLIBDR


CLIMATE REPORT
NATIONAL WEATHER SERVICE NEW YORK NY
216 AM EDT TUE SEP 9 2014


...................................

...THE BRIDGEPORT CT CLIMATE SUMMARY FOR SEPTEMBER 8 2014...

CLIMATE NORMAL PERIOD 1981 TO 2010
CLIMATE RECORD PERIOD 1948 TO 2014


WEATHER ITEM   OBSERVED TIME   RECORD YEAR NORMAL DEPARTURE LAST
                VALUE   (LST)  VALUE       VALUE  FROM      YEAR
                                                  NORMAL
..................................................................
TEMPERATURE (F)
 YESTERDAY
  MAXIMUM         75    215 PM  90    2010  77     -2       83
  MINIMUM         61    609 AM  49    1962  61      0       60
  AVERAGE         68                        69     -1       72

PRECIPITATION (IN)
  YESTERDAY        0.00          2.08 1969   0.11  -0.11     0.00
  MONTH TO DATE    0.74                      0.91  -0.17     0.04
  SINCE SEP 1      0.74                      0.91  -0.17     0.04
  SINCE JAN 1     31.98                     29.81   2.17    26.82

SNOWFALL (IN)
  YESTERDAY        0.0           0.0  2002   0.0    0.0      0.0
                                      2001
  MONTH TO DATE    0.0                       0.0    0.0      0.0
  SINCE OCT 1     57.4                      27.6   29.8     64.3
  SINCE JUL 1      0.0                       0.0    0.0      0.0
  SNOW DEPTH       0

DEGREE DAYS
 HEATING
  YESTERDAY        0                         1     -1        0
  MONTH TO DATE    0                         4     -4        4
  SINCE SEP 1      0                         4     -4        4
  SINCE JUL 1      0                         8     -8        4

 COOLING
  YESTERDAY        3                         5     -2        7
  MONTH TO DATE   92                        44     48       49
  SINCE SEP 1     92                        44     48       49
  SINCE JAN 1    826                       762     64      934
..................................................................


WIND (MPH)
  HIGHEST WIND SPEED    21   HIGHEST WIND DIRECTION     E (100)
  HIGHEST GUST SPEED    27   HIGHEST GUST DIRECTION     E (90)
  AVERAGE WIND SPEED    12.4


SKY COVER
  AVERAGE SKY COVER 0.2


WEATHER CONDITIONS
 THE FOLLOWING WEATHER WAS RECORDED YESTERDAY.
  NO SIGNIFICANT WEATHER WAS OBSERVED.


RELATIVE HUMIDITY (PERCENT)
 HIGHEST    84           400 AM
 LOWEST     50           200 PM
 AVERAGE    67

..........................................................


THE BRIDGEPORT CT CLIMATE NORMALS FOR TODAY
                         NORMAL    RECORD    YEAR
 MAXIMUM TEMPERATURE (F)   76        89      1959
 MINIMUM TEMPERATURE (F)   61        48      1986
                                             1956


SUNRISE AND SUNSET
SEPTEMBER  9 2014.....SUNRISE   627 AM EDT   SUNSET   712 PM EDT
SEPTEMBER 10 2014.....SUNRISE   628 AM EDT   SUNSET   710 PM EDT


-  INDICATES NEGATIVE NUMBERS.
R  INDICATES RECORD WAS SET OR TIED.
MM INDICATES DATA IS MISSING.
T  INDICATES TRACE AMOUNT.




$$
