000
CDUS41 KOKX 190618
CLIBDR


CLIMATE REPORT
NATIONAL WEATHER SERVICE NEW YORK NY
217 AM EDT WED APR 19 2017


...................................

...THE BRIDGEPORT CT CLIMATE SUMMARY FOR APRIL 18 2017...

CLIMATE NORMAL PERIOD 1981 TO 2010
CLIMATE RECORD PERIOD 1948 TO 2017


WEATHER ITEM   OBSERVED TIME   RECORD YEAR NORMAL DEPARTURE LAST
                VALUE   (LST)  VALUE       VALUE  FROM      YEAR
                                                  NORMAL
..................................................................
TEMPERATURE (F)
 YESTERDAY
  MAXIMUM         60    313 PM  85    2002  59      1       74
  MINIMUM         47   1159 PM  32    1962  42      5       43
  AVERAGE         54                        50      4       59

PRECIPITATION (IN)
  YESTERDAY        0.00          1.01 1969   0.14  -0.14     0.00
  MONTH TO DATE    3.11                      2.56   0.55     2.00
  SINCE MAR 1      7.45                      6.61   0.84     4.17
  SINCE JAN 1     12.64                     12.50   0.14    11.33

SNOWFALL (IN)
  YESTERDAY        0.0           T    2001   0.0    0.0      0.0
  MONTH TO DATE    0.0                       0.8   -0.8      0.1
  SINCE OCT 1     40.9                      27.5   13.4     27.3
  SINCE JUL 1     40.9                      27.5   13.4     27.3
  SNOW DEPTH       0

DEGREE DAYS
 HEATING
  YESTERDAY       11                        15     -4        6
  MONTH TO DATE  222                       319    -97      336
  SINCE MAR 1   1070                      1116    -46      959
  SINCE JUL 1   4237                      5003   -766     4094

 COOLING
  YESTERDAY        0                         0      0        0
  MONTH TO DATE    0                         0      0        0
  SINCE MAR 1      0                         0      0        0
  SINCE JAN 1      0                         0      0        0
..................................................................


WIND (MPH)
  HIGHEST WIND SPEED    17   HIGHEST WIND DIRECTION    SE (120)
  HIGHEST GUST SPEED    23   HIGHEST GUST DIRECTION    SE (120)
  AVERAGE WIND SPEED     9.8


SKY COVER
  AVERAGE SKY COVER 0.1


WEATHER CONDITIONS
 THE FOLLOWING WEATHER WAS RECORDED YESTERDAY.
  NO SIGNIFICANT WEATHER WAS OBSERVED.


RELATIVE HUMIDITY (PERCENT)
 HIGHEST    76          1100 PM
 LOWEST     33          1200 AM
 AVERAGE    55

..........................................................


THE BRIDGEPORT CT CLIMATE NORMALS FOR TODAY
                         NORMAL    RECORD    YEAR
 MAXIMUM TEMPERATURE (F)   59        82      1976
 MINIMUM TEMPERATURE (F)   42        31      2001
                                             1990


SUNRISE AND SUNSET
APRIL 19 2017.........SUNRISE   607 AM EDT   SUNSET   737 PM EDT
APRIL 20 2017.........SUNRISE   605 AM EDT   SUNSET   738 PM EDT


-  INDICATES NEGATIVE NUMBERS.
R  INDICATES RECORD WAS SET OR TIED.
MM INDICATES DATA IS MISSING.
T  INDICATES TRACE AMOUNT.




$$
