000
CDUS41 KOKX 072047
CLIBDR


CLIMATE REPORT
NATIONAL WEATHER SERVICE NEW YORK NY
446 PM EDT FRI JUL 7 2017


...................................

...THE BRIDGEPORT CT CLIMATE SUMMARY FOR JULY 7 2017...
VALID TODAY AS OF 0400 PM LOCAL TIME.

CLIMATE NORMAL PERIOD 1981 TO 2010
CLIMATE RECORD PERIOD 1948 TO 2017


WEATHER ITEM   OBSERVED TIME   RECORD YEAR NORMAL DEPARTURE LAST
                VALUE   (LST)  VALUE       VALUE  FROM      YEAR
                                                  NORMAL
..................................................................
TEMPERATURE (F)
 TODAY
  MAXIMUM         76    259 PM  95    2010  82     -6       88
                                      1994
                                      1993
  MINIMUM         67   1133 AM  55    1979  66      1       73
  AVERAGE         72                        74     -2       81

PRECIPITATION (IN)
  TODAY            1.13          2.01 1984   0.10   1.03     1.75
  MONTH TO DATE    1.13                      0.63   0.50     2.57
  SINCE JUN 1      3.53                      4.24  -0.71     3.83
  SINCE JAN 1     23.37                     22.11   1.26    19.37

SNOWFALL (IN)
  TODAY            0.0           0.0  2002   0.0    0.0      0.0
                                      2001
  MONTH TO DATE    0.0                       0.0    0.0      0.0
  SINCE OCT 1     40.9                      27.6   13.3     27.3
  SINCE JUL 1      0.0                       0.0    0.0      0.0
  SNOW DEPTH       0

DEGREE DAYS
 HEATING
  TODAY            0                         0      0        0
  MONTH TO DATE    0                         0      0        0
  SINCE JUN 1     25                        32     -7        4
  SINCE JUL 1      0                         0      0        0

 COOLING
  TODAY            7                         9     -2       16
  MONTH TO DATE   79                        59     20       77
  SINCE JUN 1    293                       202     91      249
  SINCE JAN 1    337                       226    111      307
..................................................................


WIND (MPH)
  HIGHEST WIND SPEED    22   HIGHEST WIND DIRECTION     N (360)
  HIGHEST GUST SPEED    29   HIGHEST GUST DIRECTION     N (10)
  AVERAGE WIND SPEED    10.0


SKY COVER
  AVERAGE SKY COVER 1.0


WEATHER CONDITIONS
 THE FOLLOWING WEATHER WAS RECORDED TODAY.
  HEAVY RAIN
  RAIN
  LIGHT RAIN
  FOG


RELATIVE HUMIDITY (PERCENT)
 HIGHEST    90           800 AM
 LOWEST     74           300 PM
 AVERAGE    82

..........................................................


THE BRIDGEPORT CT CLIMATE NORMALS FOR TOMORROW
                         NORMAL    RECORD    YEAR
 MAXIMUM TEMPERATURE (F)   82        95      1993
 MINIMUM TEMPERATURE (F)   66        56      2000
                                             1948


SUNRISE AND SUNSET
JULY  7 2017..........SUNRISE   527 AM EDT   SUNSET   828 PM EDT
JULY  8 2017..........SUNRISE   528 AM EDT   SUNSET   827 PM EDT


-  INDICATES NEGATIVE NUMBERS.
R  INDICATES RECORD WAS SET OR TIED.
MM INDICATES DATA IS MISSING.
T  INDICATES TRACE AMOUNT.




$$
