000
CDUS41 KOKX 030622
CLIBDR


CLIMATE REPORT
NATIONAL WEATHER SERVICE NEW YORK NY
122 AM EST FRI FEB 3 2017


...................................

...THE BRIDGEPORT CT CLIMATE SUMMARY FOR FEBRUARY 2 2017...

CLIMATE NORMAL PERIOD 1981 TO 2010
CLIMATE RECORD PERIOD 1948 TO 2017


WEATHER ITEM   OBSERVED TIME   RECORD YEAR NORMAL DEPARTURE LAST
                VALUE   (LST)  VALUE       VALUE  FROM      YEAR
                                                  NORMAL
..................................................................
TEMPERATURE (F)
 YESTERDAY
  MAXIMUM         46    220 PM  52    1983  38      8       51
                                      1973
  MINIMUM         30   1148 PM  -3    1961  24      6       31
  AVERAGE         38                        31      7       41

PRECIPITATION (IN)
  YESTERDAY        0.00          2.27 1973   0.09  -0.09     0.00
  MONTH TO DATE    T                         0.18  -0.18      T
  SINCE DEC 1      6.71                      6.61   0.10     7.20
  SINCE JAN 1      3.28                      3.28   0.00     2.26

SNOWFALL (IN)
  YESTERDAY        0.0          10.3  2015   0.2   -0.2      0.0
  MONTH TO DATE    0.0                       0.5   -0.5      0.0
  SINCE OCT 1     17.0                      14.0    3.0     11.0
  SINCE JUL 1     17.0                      14.0    3.0     11.0
  SNOW DEPTH       0

DEGREE DAYS
 HEATING
  YESTERDAY       27                        34     -7       24
  MONTH TO DATE   54                        69    -15       42
  SINCE DEC 1   1754                      2071   -317     1566
  SINCE JUL 1   2482                      3045   -563     2310

 COOLING
  YESTERDAY        0                         0      0        0
  MONTH TO DATE    0                         0      0        0
  SINCE DEC 1      0                         0      0        0
  SINCE JAN 1      0                         0      0        0
..................................................................


WIND (MPH)
  HIGHEST WIND SPEED    23   HIGHEST WIND DIRECTION     W (290)
  HIGHEST GUST SPEED    32   HIGHEST GUST DIRECTION     W (270)
  AVERAGE WIND SPEED     8.9


SKY COVER
  AVERAGE SKY COVER 0.4


WEATHER CONDITIONS
 THE FOLLOWING WEATHER WAS RECORDED YESTERDAY.
  NO SIGNIFICANT WEATHER WAS OBSERVED.


RELATIVE HUMIDITY (PERCENT)
 HIGHEST    75           100 AM
 LOWEST     27           200 PM
 AVERAGE    51

..........................................................


THE BRIDGEPORT CT CLIMATE NORMALS FOR TODAY
                         NORMAL    RECORD    YEAR
 MAXIMUM TEMPERATURE (F)   38        56      2016
 MINIMUM TEMPERATURE (F)   24         0      1955


SUNRISE AND SUNSET
FEBRUARY  3 2017......SUNRISE   701 AM EST   SUNSET   512 PM EST
FEBRUARY  4 2017......SUNRISE   700 AM EST   SUNSET   513 PM EST


-  INDICATES NEGATIVE NUMBERS.
R  INDICATES RECORD WAS SET OR TIED.
MM INDICATES DATA IS MISSING.
T  INDICATES TRACE AMOUNT.




$$
