000
CDUS41 KOKX 150616
CLIBDR


CLIMATE REPORT
NATIONAL WEATHER SERVICE NEW YORK NY
216 AM EDT FRI APR 15 2016


...................................

...THE BRIDGEPORT CT CLIMATE SUMMARY FOR APRIL 14 2016...

CLIMATE NORMAL PERIOD 1981 TO 2010
CLIMATE RECORD PERIOD 1948 TO 2016


WEATHER ITEM   OBSERVED TIME   RECORD YEAR NORMAL DEPARTURE LAST
                VALUE   (LST)  VALUE       VALUE  FROM      YEAR
                                                  NORMAL
..................................................................
TEMPERATURE (F)
 YESTERDAY
  MAXIMUM         56    504 PM  73    1949  57     -1       68
  MINIMUM         38    516 AM  26    1950  41     -3       48
  AVERAGE         47                        49     -2       58

PRECIPITATION (IN)
  YESTERDAY        0.00          1.19 1964   0.14  -0.14     0.00
  MONTH TO DATE    2.00                      2.01  -0.01     0.40
  SINCE MAR 1      4.17                      6.06  -1.89     5.12
  SINCE JAN 1     11.33                     11.95  -0.62    11.46

SNOWFALL (IN)
  YESTERDAY        0.0           3.7  1950   0.1   -0.1      0.0
  MONTH TO DATE    0.1                       0.7   -0.6      0.0
  SINCE OCT 1     27.3                      27.4   -0.1     59.7
  SINCE JUL 1     27.3                      27.4   -0.1     59.7
  SNOW DEPTH       0

DEGREE DAYS
 HEATING
  YESTERDAY       18                        16      2        7
  MONTH TO DATE  292                       258     34      267
  SINCE MAR 1    915                      1055   -140     1227
  SINCE JUL 1   4050                      4942   -892     5333

 COOLING
  YESTERDAY        0                         0      0        0
  MONTH TO DATE    0                         0      0        0
  SINCE MAR 1      0                         0      0        0
  SINCE JAN 1      0                         0      0        0
..................................................................


WIND (MPH)
  HIGHEST WIND SPEED    13   HIGHEST WIND DIRECTION    SW (220)
  HIGHEST GUST SPEED    16   HIGHEST GUST DIRECTION    SE (150)
  AVERAGE WIND SPEED     7.2


SKY COVER
  AVERAGE SKY COVER 0.0


WEATHER CONDITIONS
 THE FOLLOWING WEATHER WAS RECORDED YESTERDAY.
  NO SIGNIFICANT WEATHER WAS OBSERVED.


RELATIVE HUMIDITY (PERCENT)
 HIGHEST    85           300 AM
 LOWEST     32           300 PM
 AVERAGE    59

..........................................................


THE BRIDGEPORT CT CLIMATE NORMALS FOR TODAY
                         NORMAL    RECORD    YEAR
 MAXIMUM TEMPERATURE (F)   58        81      1960
 MINIMUM TEMPERATURE (F)   41        30      1973
                                             1957


SUNRISE AND SUNSET
APRIL 15 2016.........SUNRISE   613 AM EDT   SUNSET   733 PM EDT
APRIL 16 2016.........SUNRISE   611 AM EDT   SUNSET   734 PM EDT


-  INDICATES NEGATIVE NUMBERS.
R  INDICATES RECORD WAS SET OR TIED.
MM INDICATES DATA IS MISSING.
T  INDICATES TRACE AMOUNT.




$$
