000
CDUS41 KOKX 140646
CLIBDR


CLIMATE REPORT
NATIONAL WEATHER SERVICE NEW YORK NY
246 AM EDT THU MAY 14 2015


...................................

...THE BRIDGEPORT CT CLIMATE SUMMARY FOR MAY 13 2015...

CLIMATE NORMAL PERIOD 1981 TO 2010
CLIMATE RECORD PERIOD 1948 TO 2015


WEATHER ITEM   OBSERVED TIME   RECORD YEAR NORMAL DEPARTURE LAST
                VALUE   (LST)  VALUE       VALUE  FROM      YEAR
                                                  NORMAL
..................................................................
TEMPERATURE (F)
 YESTERDAY
  MAXIMUM         69    107 PM  88    1956  67      2       63
  MINIMUM         52   1159 PM  38    1967  50      2       51
                                      1963
  AVERAGE         61                        58      3       57

PRECIPITATION (IN)
  YESTERDAY        0.00          1.43 2002   0.11  -0.11     0.00
  MONTH TO DATE    0.02                      1.49  -1.47     2.20
  SINCE MAR 1      6.83                      9.67  -2.84    12.88
  SINCE JAN 1     13.17                     15.56  -2.39    19.86

SNOWFALL (IN)
  YESTERDAY        0.0           0.0  2001   0.0    0.0      0.0
  MONTH TO DATE    0.0                       0.0    0.0      0.0
  SINCE OCT 1     59.7                      27.6   32.1     57.4
  SINCE JUL 1     59.7                      27.6   32.1     57.4
  SNOW DEPTH       0

DEGREE DAYS
 HEATING
  YESTERDAY        4                         7     -3        8
  MONTH TO DATE   57                       117    -60       73
  SINCE MAR 1   1468                      1385     83     1505
  SINCE JUL 1   5574                      5272    302     5553

 COOLING
  YESTERDAY        0                         0      0        0
  MONTH TO DATE   17                         0     17        9
  SINCE MAR 1     17                         2     15        9
  SINCE JAN 1     17                         2     15        9
..................................................................


WIND (MPH)
  HIGHEST WIND SPEED    23   HIGHEST WIND DIRECTION    NW (310)
  HIGHEST GUST SPEED    34   HIGHEST GUST DIRECTION    NW (310)
  AVERAGE WIND SPEED    11.7


SKY COVER
  AVERAGE SKY COVER 0.4


WEATHER CONDITIONS
 THE FOLLOWING WEATHER WAS RECORDED YESTERDAY.
  NO SIGNIFICANT WEATHER WAS OBSERVED.


RELATIVE HUMIDITY (PERCENT)
 HIGHEST    61           400 AM
 LOWEST     37           500 PM
 AVERAGE    49

..........................................................


THE BRIDGEPORT CT CLIMATE NORMALS FOR TODAY
                         NORMAL    RECORD    YEAR
 MAXIMUM TEMPERATURE (F)   67        80      1985
 MINIMUM TEMPERATURE (F)   50        37      1996


SUNRISE AND SUNSET
MAY 14 2015...........SUNRISE   536 AM EDT   SUNSET   803 PM EDT
MAY 15 2015...........SUNRISE   535 AM EDT   SUNSET   804 PM EDT


-  INDICATES NEGATIVE NUMBERS.
R  INDICATES RECORD WAS SET OR TIED.
MM INDICATES DATA IS MISSING.
T  INDICATES TRACE AMOUNT.




$$
