000
CDUS41 KOKX 170616
CLIBDR


CLIMATE REPORT
NATIONAL WEATHER SERVICE NEW YORK NY
116 AM EST MON NOV 17 2014


...................................

...THE BRIDGEPORT CT CLIMATE SUMMARY FOR NOVEMBER 16 2014...

CLIMATE NORMAL PERIOD 1981 TO 2010
CLIMATE RECORD PERIOD 1948 TO 2014


WEATHER ITEM   OBSERVED TIME   RECORD YEAR NORMAL DEPARTURE LAST
                VALUE   (LST)  VALUE       VALUE  FROM      YEAR
                                                  NORMAL
..................................................................
TEMPERATURE (F)
 YESTERDAY
  MAXIMUM         46   1045 PM  71    2001  53     -7       57
  MINIMUM         27    244 AM  21    1996  38    -11       39
  AVERAGE         37                        46     -9       48

PRECIPITATION (IN)
  YESTERDAY        T             1.12 1983   0.11  -0.11     0.02
  MONTH TO DATE    1.11                      1.71  -0.60     0.28
  SINCE SEP 1      6.19                      8.83  -2.64     3.32
  SINCE JAN 1     37.43                     37.73  -0.30    30.10

SNOWFALL (IN)
  YESTERDAY        0.0           T    1985   0.1   -0.1      0.0
  MONTH TO DATE    T                         0.2   -0.2      0.1
  SINCE OCT 1      T                         0.2   -0.2      0.1
  SINCE JUL 1      T                         0.2   -0.2      0.1
  SNOW DEPTH       0

DEGREE DAYS
 HEATING
  YESTERDAY       28                        19      9       17
  MONTH TO DATE  300                       276     24      290
  SINCE SEP 1    569                       662    -93      609
  SINCE JUL 1    569                       666    -97      609

 COOLING
  YESTERDAY        0                         0      0        0
  MONTH TO DATE    0                         0      0        0
  SINCE SEP 1    150                       107     43      118
  SINCE JAN 1    884                       825     59     1003
..................................................................


WIND (MPH)
  HIGHEST WIND SPEED    15   HIGHEST WIND DIRECTION    SW (220)
  HIGHEST GUST SPEED    18   HIGHEST GUST DIRECTION    SW (220)
  AVERAGE WIND SPEED     5.9


SKY COVER
  AVERAGE SKY COVER 0.7


WEATHER CONDITIONS
 THE FOLLOWING WEATHER WAS RECORDED YESTERDAY.
  LIGHT RAIN


RELATIVE HUMIDITY (PERCENT)
 HIGHEST    78           700 AM
 LOWEST     43           100 PM
 AVERAGE    61

..........................................................


THE BRIDGEPORT CT CLIMATE NORMALS FOR TODAY
                         NORMAL    RECORD    YEAR
 MAXIMUM TEMPERATURE (F)   53        66      2006
                                             1953
 MINIMUM TEMPERATURE (F)   38        25      1967


SUNRISE AND SUNSET
NOVEMBER 17 2014......SUNRISE   643 AM EST   SUNSET   432 PM EST
NOVEMBER 18 2014......SUNRISE   644 AM EST   SUNSET   431 PM EST


-  INDICATES NEGATIVE NUMBERS.
R  INDICATES RECORD WAS SET OR TIED.
MM INDICATES DATA IS MISSING.
T  INDICATES TRACE AMOUNT.




$$
