000
CDUS41 KOKX 150619
CLIBDR


CLIMATE REPORT
NATIONAL WEATHER SERVICE NEW YORK NY
118 AM EST THU JAN 15 2015


...................................

...THE BRIDGEPORT CT CLIMATE SUMMARY FOR JANUARY 14 2015...

CLIMATE NORMAL PERIOD 1981 TO 2010
CLIMATE RECORD PERIOD 1948 TO 2015


WEATHER ITEM   OBSERVED TIME   RECORD YEAR NORMAL DEPARTURE LAST
                VALUE   (LST)  VALUE       VALUE  FROM      YEAR
                                                  NORMAL
..................................................................
TEMPERATURE (F)
 YESTERDAY
  MAXIMUM         29    356 PM  60    1950  37     -8       46
  MINIMUM         14    358 AM   1    2004  23     -9       37
  AVERAGE         22                        30     -8       42

PRECIPITATION (IN)
  YESTERDAY        T             1.59 2006   0.10  -0.10     0.61
  MONTH TO DATE    1.60                      1.46   0.14     2.36
  SINCE DEC 1      7.25                      4.79   2.46     6.69
  SINCE JAN 1      1.60                      1.46   0.14     2.36

SNOWFALL (IN)
  YESTERDAY        T             4.9  1978   0.2   -0.2      0.0
  MONTH TO DATE    4.2                       3.6    0.6      5.2
  SINCE OCT 1      5.1                       9.4   -4.3     16.2
  SINCE JUL 1      5.1                       9.4   -4.3     16.2
  SNOW DEPTH       0

DEGREE DAYS
 HEATING
  YESTERDAY       43                        35      8       23
  MONTH TO DATE  514                       486     28      510
  SINCE DEC 1   1312                      1405    -93     1431
  SINCE JUL 1   2218                      2379   -161     2384

 COOLING
  YESTERDAY        0                         0      0        0
  MONTH TO DATE    0                         0      0        0
  SINCE DEC 1      0                         0      0        0
  SINCE JAN 1      0                         0      0        0
..................................................................


WIND (MPH)
  HIGHEST WIND SPEED    16   HIGHEST WIND DIRECTION     N (10)
  HIGHEST GUST SPEED    19   HIGHEST GUST DIRECTION     N (10)
  AVERAGE WIND SPEED    10.1


SKY COVER
  AVERAGE SKY COVER 0.7


WEATHER CONDITIONS
 THE FOLLOWING WEATHER WAS RECORDED YESTERDAY.
  LIGHT SNOW


RELATIVE HUMIDITY (PERCENT)
 HIGHEST    81          1100 PM
 LOWEST     51          1200 AM
 AVERAGE    66

..........................................................


THE BRIDGEPORT CT CLIMATE NORMALS FOR TODAY
                         NORMAL    RECORD    YEAR
 MAXIMUM TEMPERATURE (F)   37        61      1995
 MINIMUM TEMPERATURE (F)   23        -5      1957


SUNRISE AND SUNSET
JANUARY 15 2015.......SUNRISE   716 AM EST   SUNSET   448 PM EST
JANUARY 16 2015.......SUNRISE   715 AM EST   SUNSET   449 PM EST


-  INDICATES NEGATIVE NUMBERS.
R  INDICATES RECORD WAS SET OR TIED.
MM INDICATES DATA IS MISSING.
T  INDICATES TRACE AMOUNT.




$$
