020
CDUS41 KOKX 200619
CLIBDR


CLIMATE REPORT
NATIONAL WEATHER SERVICE NEW YORK NY
218 AM EDT WED APR 20 2016


...................................

...THE BRIDGEPORT CT CLIMATE SUMMARY FOR APRIL 19 2016...

CLIMATE NORMAL PERIOD 1981 TO 2010
CLIMATE RECORD PERIOD 1948 TO 2016


WEATHER ITEM   OBSERVED TIME   RECORD YEAR NORMAL DEPARTURE LAST
                VALUE   (LST)  VALUE       VALUE  FROM      YEAR
                                                  NORMAL
..................................................................
TEMPERATURE (F)
 YESTERDAY
  MAXIMUM         68    320 PM  82    1976  59      9       61
  MINIMUM         48    259 AM  31    2001  42      6       45
                                      1990
  AVERAGE         58                        51      7       53

PRECIPITATION (IN)
  YESTERDAY        0.00          1.40 1978   0.13  -0.13     0.00
  MONTH TO DATE    2.00                      2.69  -0.69     0.61
  SINCE MAR 1      4.17                      6.74  -2.57     5.33
  SINCE JAN 1     11.33                     12.63  -1.30    11.67

SNOWFALL (IN)
  YESTERDAY        0.0           0.5  1983   0.0    0.0      0.0
  MONTH TO DATE    0.1                       0.8   -0.7      0.0
  SINCE OCT 1     27.3                      27.5   -0.2     59.7
  SINCE JUL 1     27.3                      27.5   -0.2     59.7
  SNOW DEPTH       0

DEGREE DAYS
 HEATING
  YESTERDAY        7                        14     -7       12
  MONTH TO DATE  343                       333     10      313
  SINCE MAR 1    966                      1130   -164     1273
  SINCE JUL 1   4101                      5017   -916     5379

 COOLING
  YESTERDAY        0                         0      0        0
  MONTH TO DATE    0                         0      0        0
  SINCE MAR 1      0                         0      0        0
  SINCE JAN 1      0                         0      0        0
..................................................................


WIND (MPH)
  HIGHEST WIND SPEED    29   HIGHEST WIND DIRECTION    NW (320)
  HIGHEST GUST SPEED    37   HIGHEST GUST DIRECTION    NW (330)
  AVERAGE WIND SPEED    12.1


SKY COVER
  AVERAGE SKY COVER 0.1


WEATHER CONDITIONS
 THE FOLLOWING WEATHER WAS RECORDED YESTERDAY.
  NO SIGNIFICANT WEATHER WAS OBSERVED.


RELATIVE HUMIDITY (PERCENT)
 HIGHEST    86           100 AM
 LOWEST     19           700 PM
 AVERAGE    53

..........................................................


THE BRIDGEPORT CT CLIMATE NORMALS FOR TODAY
                         NORMAL    RECORD    YEAR
 MAXIMUM TEMPERATURE (F)   59        84      1952
 MINIMUM TEMPERATURE (F)   43        32      1988
                                             1956


SUNRISE AND SUNSET
APRIL 20 2016.........SUNRISE   605 AM EDT   SUNSET   738 PM EDT
APRIL 21 2016.........SUNRISE   603 AM EDT   SUNSET   739 PM EDT


-  INDICATES NEGATIVE NUMBERS.
R  INDICATES RECORD WAS SET OR TIED.
MM INDICATES DATA IS MISSING.
T  INDICATES TRACE AMOUNT.




$$
