633
CDUS41 KOKX 140622
CLIBDR


CLIMATE REPORT
NATIONAL WEATHER SERVICE NEW YORK NY
222 AM EDT WED JUN 14 2017


...................................

...THE BRIDGEPORT CT CLIMATE SUMMARY FOR JUNE 13 2017...

CLIMATE NORMAL PERIOD 1981 TO 2010
CLIMATE RECORD PERIOD 1948 TO 2017


WEATHER ITEM   OBSERVED TIME   RECORD YEAR NORMAL DEPARTURE LAST
                VALUE   (LST)  VALUE       VALUE  FROM      YEAR
                                                  NORMAL
..................................................................
TEMPERATURE (F)
 YESTERDAY
  MAXIMUM         94R   442 PM  93    1961  76     18       77
                                      1956
  MINIMUM         71    424 AM  48    1976  60     11       56
  AVERAGE         83                        68     15       67

PRECIPITATION (IN)
  YESTERDAY        0.00          1.65 2014   0.13  -0.13     0.00
  MONTH TO DATE    0.38                      1.83  -1.45     1.09
  SINCE JUN 1      0.38                      1.83  -1.45     1.09
  SINCE JAN 1     20.22                     19.70   0.52    16.63

SNOWFALL (IN)
  YESTERDAY        0.0           0.0  2002   0.0    0.0      0.0
                                      2001
  MONTH TO DATE    0.0                       0.0    0.0      0.0
  SINCE OCT 1     40.9                      27.6   13.3     27.3
  SINCE JUL 1     40.9                      27.6   13.3     27.3
  SNOW DEPTH       0

DEGREE DAYS
 HEATING
  YESTERDAY        0                         1     -1        0
  MONTH TO DATE   25                        24      1        4
  SINCE JUN 1     25                        24      1        4
  SINCE JUL 1   4565                      5384   -819     4421

 COOLING
  YESTERDAY       18                         4     14        2
  MONTH TO DATE   61                        40     21       46
  SINCE JUN 1     61                        40     21       46
  SINCE JAN 1    105                        64     41      104
..................................................................


WIND (MPH)
  HIGHEST WIND SPEED    17   HIGHEST WIND DIRECTION     N (360)
  HIGHEST GUST SPEED    22   HIGHEST GUST DIRECTION     N (340)
  AVERAGE WIND SPEED     8.0


SKY COVER
  AVERAGE SKY COVER 0.2


WEATHER CONDITIONS
 THE FOLLOWING WEATHER WAS RECORDED YESTERDAY.
  NO SIGNIFICANT WEATHER WAS OBSERVED.


RELATIVE HUMIDITY (PERCENT)
 HIGHEST    79           100 AM
 LOWEST     41           500 PM
 AVERAGE    60

..........................................................


THE BRIDGEPORT CT CLIMATE NORMALS FOR TODAY
                         NORMAL    RECORD    YEAR
 MAXIMUM TEMPERATURE (F)   77        93      1988
 MINIMUM TEMPERATURE (F)   60        49      1978


SUNRISE AND SUNSET
JUNE 14 2017..........SUNRISE   519 AM EDT   SUNSET   827 PM EDT
JUNE 15 2017..........SUNRISE   519 AM EDT   SUNSET   827 PM EDT


-  INDICATES NEGATIVE NUMBERS.
R  INDICATES RECORD WAS SET OR TIED.
MM INDICATES DATA IS MISSING.
T  INDICATES TRACE AMOUNT.




$$
