549
CDUS41 KOKX 170617
CLIBDR


CLIMATE REPORT
NATIONAL WEATHER SERVICE NEW YORK NY
216 AM EDT MON APR 17 2017


...................................

...THE BRIDGEPORT CT CLIMATE SUMMARY FOR APRIL 16 2017...

CLIMATE NORMAL PERIOD 1981 TO 2010
CLIMATE RECORD PERIOD 1948 TO 2017


WEATHER ITEM   OBSERVED TIME   RECORD YEAR NORMAL DEPARTURE LAST
                VALUE   (LST)  VALUE       VALUE  FROM      YEAR
                                                  NORMAL
..................................................................
TEMPERATURE (F)
 YESTERDAY
  MAXIMUM         78    111 PM  85    2002  58     20       67
  MINIMUM         50    527 AM  29    1981  41      9       40
  AVERAGE         64                        50     14       54

PRECIPITATION (IN)
  YESTERDAY        T             5.28 1996   0.14  -0.14     0.00
  MONTH TO DATE    3.11                      2.29   0.82     2.00
  SINCE MAR 1      7.45                      6.34   1.11     4.17
  SINCE JAN 1     12.64                     12.23   0.41    11.33

SNOWFALL (IN)
  YESTERDAY        0.0           0.1  2014   0.0    0.0      0.0
  MONTH TO DATE    0.0                       0.7   -0.7      0.1
  SINCE OCT 1     40.9                      27.4   13.5     27.3
  SINCE JUL 1     40.9                      27.4   13.5     27.3
  SNOW DEPTH       0

DEGREE DAYS
 HEATING
  YESTERDAY        1                        15    -14       11
  MONTH TO DATE  211                       289    -78      319
  SINCE MAR 1   1059                      1086    -27      942
  SINCE JUL 1   4226                      4973   -747     4077

 COOLING
  YESTERDAY        0                         0      0        0
  MONTH TO DATE    0                         0      0        0
  SINCE MAR 1      0                         0      0        0
  SINCE JAN 1      0                         0      0        0
..................................................................


WIND (MPH)
  HIGHEST WIND SPEED    24   HIGHEST WIND DIRECTION    NW (310)
  HIGHEST GUST SPEED    32   HIGHEST GUST DIRECTION    NW (320)
  AVERAGE WIND SPEED     9.3


SKY COVER
  AVERAGE SKY COVER 0.3


WEATHER CONDITIONS
 THE FOLLOWING WEATHER WAS RECORDED YESTERDAY.
  LIGHT RAIN
  FOG
  HAZE


RELATIVE HUMIDITY (PERCENT)
 HIGHEST    89           100 AM
 LOWEST     44           200 PM
 AVERAGE    67

..........................................................


THE BRIDGEPORT CT CLIMATE NORMALS FOR TODAY
                         NORMAL    RECORD    YEAR
 MAXIMUM TEMPERATURE (F)   58        89      2002
 MINIMUM TEMPERATURE (F)   42        30      1962


SUNRISE AND SUNSET
APRIL 17 2017.........SUNRISE   610 AM EDT   SUNSET   735 PM EDT
APRIL 18 2017.........SUNRISE   608 AM EDT   SUNSET   736 PM EDT


-  INDICATES NEGATIVE NUMBERS.
R  INDICATES RECORD WAS SET OR TIED.
MM INDICATES DATA IS MISSING.
T  INDICATES TRACE AMOUNT.




$$
