000
CDUS41 KOKX 192142
CLIBDR


CLIMATE REPORT
NATIONAL WEATHER SERVICE NEW YORK NY
441 PM EST SAT NOV 19 2016


...................................

...THE BRIDGEPORT CT CLIMATE SUMMARY FOR NOVEMBER 19 2016...
VALID TODAY AS OF 0400 PM LOCAL TIME.

CLIMATE NORMAL PERIOD 1981 TO 2010
CLIMATE RECORD PERIOD 1948 TO 2016


WEATHER ITEM   OBSERVED TIME   RECORD YEAR NORMAL DEPARTURE LAST
                VALUE   (LST)  VALUE       VALUE  FROM      YEAR
                                                  NORMAL
..................................................................
TEMPERATURE (F)
 TODAY
  MAXIMUM         57    234 PM  65    1957  52      5       61
  MINIMUM         42    611 AM  23    2014  37      5       55
  AVERAGE         50                        45      5       58

PRECIPITATION (IN)
  TODAY            0.00          0.84 1986   0.12  -0.12     0.67
  MONTH TO DATE    0.78                      2.06  -1.28     1.18
  SINCE SEP 1      7.76                      9.18  -1.42     6.47
  SINCE JAN 1     32.52                     38.08  -5.56    30.06

SNOWFALL (IN)
  TODAY            0.0           1.9  1955   0.0    0.0      0.0
  MONTH TO DATE    0.0                       0.2   -0.2      0.0
  SINCE OCT 1      T                         0.2   -0.2       T
  SINCE JUL 1      T                         0.2   -0.2       T
  SNOW DEPTH       0

DEGREE DAYS
 HEATING
  TODAY           15                        20     -5        7
  MONTH TO DATE  264                       336    -72      234
  SINCE SEP 1    506                       722   -216      524
  SINCE JUL 1    506                       726   -220      524

 COOLING
  TODAY            0                         0      0        0
  MONTH TO DATE    0                         0      0        2
  SINCE SEP 1    218                       107    111      202
  SINCE JAN 1   1270                       825    445     1122
..................................................................


WIND (MPH)
  HIGHEST WIND SPEED    13   HIGHEST WIND DIRECTION     E (80)
  HIGHEST GUST SPEED    16   HIGHEST GUST DIRECTION     E (90)
  AVERAGE WIND SPEED     4.9


SKY COVER
  AVERAGE SKY COVER 0.0


WEATHER CONDITIONS
 THE FOLLOWING WEATHER WAS RECORDED TODAY.
  NO SIGNIFICANT WEATHER WAS OBSERVED.


RELATIVE HUMIDITY (PERCENT)
 HIGHEST    82           700 AM
 LOWEST     59          1000 AM
 AVERAGE    71

..........................................................


THE BRIDGEPORT CT CLIMATE NORMALS FOR TOMORROW
                         NORMAL    RECORD    YEAR
 MAXIMUM TEMPERATURE (F)   52        69      1948
 MINIMUM TEMPERATURE (F)   37        19      1951


SUNRISE AND SUNSET
NOVEMBER 19 2016......SUNRISE   646 AM EST   SUNSET   430 PM EST
NOVEMBER 20 2016......SUNRISE   647 AM EST   SUNSET   429 PM EST


-  INDICATES NEGATIVE NUMBERS.
R  INDICATES RECORD WAS SET OR TIED.
MM INDICATES DATA IS MISSING.
T  INDICATES TRACE AMOUNT.




$$
