000
CDUS41 KOKX 020618
CLIBDR


CLIMATE REPORT
NATIONAL WEATHER SERVICE NEW YORK NY
218 AM EDT WED APR 2 2014


...................................

...THE BRIDGEPORT CT CLIMATE SUMMARY FOR APRIL 1 2014...

CLIMATE NORMAL PERIOD 1981 TO 2010
CLIMATE RECORD PERIOD 1948 TO 2014


WEATHER ITEM   OBSERVED TIME   RECORD YEAR NORMAL DEPARTURE LAST
                VALUE   (LST)  VALUE       VALUE  FROM      YEAR
                                                  NORMAL
..................................................................
TEMPERATURE (F)
 YESTERDAY
  MAXIMUM         53    350 PM  71    1955  53      0       59
  MINIMUM         33    515 AM  21    1970  36     -3       36
  AVERAGE         43                        44     -1       48

PRECIPITATION (IN)
  YESTERDAY        0.00          2.21 1973   0.14  -0.14     0.02
  MONTH TO DATE    0.00                      0.14  -0.14     0.02
  SINCE MAR 1      5.22                      4.19   1.03     2.56
  SINCE JAN 1     12.20                     10.08   2.12     9.58

SNOWFALL (IN)
  YESTERDAY        0.0           4.0  1997   0.1   -0.1      0.0
  MONTH TO DATE    0.0                       0.1   -0.1      0.0
  SINCE OCT 1     57.0                      26.8   30.2     64.3
  SINCE JUL 1     57.0                      26.8   30.2     64.3
  SNOW DEPTH       0

DEGREE DAYS
 HEATING
  YESTERDAY       22                        21      1       17
  MONTH TO DATE   22                        21      1       17
  SINCE MAR 1    956                       818    138      812
  SINCE JUL 1   5004                      4705    299     4435

 COOLING
  YESTERDAY        0                         0      0        0
  MONTH TO DATE    0                         0      0        0
  SINCE MAR 1      0                         0      0        0
  SINCE JAN 1      0                         0      0        0
..................................................................


WIND (MPH)
  HIGHEST WIND SPEED    14   HIGHEST WIND DIRECTION    SW (210)
  HIGHEST GUST SPEED    16   HIGHEST GUST DIRECTION    SW (220)
  AVERAGE WIND SPEED     7.1


SKY COVER
  AVERAGE SKY COVER 0.1


WEATHER CONDITIONS
 THE FOLLOWING WEATHER WAS RECORDED YESTERDAY.
  NO SIGNIFICANT WEATHER WAS OBSERVED.


RELATIVE HUMIDITY (PERCENT)
 HIGHEST    85          1000 PM
 LOWEST     44           400 PM
 AVERAGE    65

..........................................................


THE BRIDGEPORT CT CLIMATE NORMALS FOR TODAY
                         NORMAL    RECORD    YEAR
 MAXIMUM TEMPERATURE (F)   53        72      1955
 MINIMUM TEMPERATURE (F)   37        24      1964


SUNRISE AND SUNSET
APRIL  2 2014.........SUNRISE   634 AM EDT   SUNSET   719 PM EDT
APRIL  3 2014.........SUNRISE   633 AM EDT   SUNSET   720 PM EDT


-  INDICATES NEGATIVE NUMBERS.
R  INDICATES RECORD WAS SET OR TIED.
MM INDICATES DATA IS MISSING.
T  INDICATES TRACE AMOUNT.




$$
