000
CDUS41 KOKX 050616
CLIBDR


CLIMATE REPORT
NATIONAL WEATHER SERVICE NEW YORK NY
216 AM EDT MON SEP 5 2016


...................................

...THE BRIDGEPORT CT CLIMATE SUMMARY FOR SEPTEMBER 4 2016...

CLIMATE NORMAL PERIOD 1981 TO 2010
CLIMATE RECORD PERIOD 1948 TO 2016


WEATHER ITEM   OBSERVED TIME   RECORD YEAR NORMAL DEPARTURE LAST
                VALUE   (LST)  VALUE       VALUE  FROM      YEAR
                                                  NORMAL
..................................................................
TEMPERATURE (F)
 YESTERDAY
  MAXIMUM         82    316 PM  91    1973  78      4       81
  MINIMUM         61    535 AM  51    1997  62     -1       69
  AVERAGE         72                        70      2       75

PRECIPITATION (IN)
  YESTERDAY        0.00          0.93 1988   0.11  -0.11     0.00
  MONTH TO DATE    0.63                      0.45   0.18     0.00
  SINCE SEP 1      0.63                      0.45   0.18     0.00
  SINCE JAN 1     25.39                     29.35  -3.96    23.59

SNOWFALL (IN)
  YESTERDAY        0.0           0.0  2002   0.0    0.0      0.0
                                      2001
  MONTH TO DATE    0.0                       0.0    0.0      0.0
  SINCE OCT 1     27.3                      27.6   -0.3     59.7
  SINCE JUL 1      0.0                       0.0    0.0      0.0
  SNOW DEPTH       0

DEGREE DAYS
 HEATING
  YESTERDAY        0                         0      0        0
  MONTH TO DATE    0                         0      0        0
  SINCE SEP 1      0                         0      0        0
  SINCE JUL 1      0                         4     -4        0

 COOLING
  YESTERDAY        7                         6      1       10
  MONTH TO DATE   30                        24      6       50
  SINCE SEP 1     30                        24      6       50
  SINCE JAN 1   1082                       742    340      970
..................................................................


WIND (MPH)
  HIGHEST WIND SPEED    20   HIGHEST WIND DIRECTION    NE (30)
  HIGHEST GUST SPEED    28   HIGHEST GUST DIRECTION    NE (30)
  AVERAGE WIND SPEED    10.4


SKY COVER
  AVERAGE SKY COVER 0.0


WEATHER CONDITIONS
 THE FOLLOWING WEATHER WAS RECORDED YESTERDAY.
  NO SIGNIFICANT WEATHER WAS OBSERVED.


RELATIVE HUMIDITY (PERCENT)
 HIGHEST    84           100 AM
 LOWEST     36           500 PM
 AVERAGE    60

..........................................................


THE BRIDGEPORT CT CLIMATE NORMALS FOR TODAY
                         NORMAL    RECORD    YEAR
 MAXIMUM TEMPERATURE (F)   77        91      1961
 MINIMUM TEMPERATURE (F)   62        49      1982


SUNRISE AND SUNSET
SEPTEMBER  5 2016.....SUNRISE   623 AM EDT   SUNSET   718 PM EDT
SEPTEMBER  6 2016.....SUNRISE   624 AM EDT   SUNSET   716 PM EDT


-  INDICATES NEGATIVE NUMBERS.
R  INDICATES RECORD WAS SET OR TIED.
MM INDICATES DATA IS MISSING.
T  INDICATES TRACE AMOUNT.




$$
