547
CDUS41 KOKX 150622
CLIBDR


CLIMATE REPORT
NATIONAL WEATHER SERVICE NEW YORK NY
222 AM EDT SUN MAY 15 2016


...................................

...THE BRIDGEPORT CT CLIMATE SUMMARY FOR MAY 14 2016...

CLIMATE NORMAL PERIOD 1981 TO 2010
CLIMATE RECORD PERIOD 1948 TO 2016


WEATHER ITEM   OBSERVED TIME   RECORD YEAR NORMAL DEPARTURE LAST
                VALUE   (LST)  VALUE       VALUE  FROM      YEAR
                                                  NORMAL
..................................................................
TEMPERATURE (F)
 YESTERDAY
  MAXIMUM         72    143 PM  80    1985  67      5       69
  MINIMUM         51    454 AM  37    1996  50      1       49
  AVERAGE         62                        58      4       59

PRECIPITATION (IN)
  YESTERDAY        0.04          1.15 1957   0.11  -0.07     0.00
  MONTH TO DATE    1.86                      1.60   0.26     0.02
  SINCE MAR 1      6.74                      9.78  -3.04     6.83
  SINCE JAN 1     13.90                     15.67  -1.77    13.17

SNOWFALL (IN)
  YESTERDAY        0.0           0.0  2002   0.0    0.0      0.0
                                      2001
  MONTH TO DATE    0.0                       0.0    0.0      0.0
  SINCE OCT 1     27.3                      27.6   -0.3     59.7
  SINCE JUL 1     27.3                      27.6   -0.3     59.7
  SNOW DEPTH       0

DEGREE DAYS
 HEATING
  YESTERDAY        3                         7     -4        6
  MONTH TO DATE  141                       124     17       63
  SINCE MAR 1   1225                      1392   -167     1477
  SINCE JUL 1   4360                      5279   -919     5583

 COOLING
  YESTERDAY        0                         0      0        0
  MONTH TO DATE    0                         0      0       17
  SINCE MAR 1      0                         2     -2       17
  SINCE JAN 1      0                         2     -2       17
..................................................................


WIND (MPH)
  HIGHEST WIND SPEED    24   HIGHEST WIND DIRECTION    SW (210)
  HIGHEST GUST SPEED    30   HIGHEST GUST DIRECTION    SW (210)
  AVERAGE WIND SPEED     8.1


SKY COVER
  AVERAGE SKY COVER 0.5


WEATHER CONDITIONS
 THE FOLLOWING WEATHER WAS RECORDED YESTERDAY.
  LIGHT RAIN
  FOG
  FOG W/VISIBILITY <= 1/4 MILE


RELATIVE HUMIDITY (PERCENT)
 HIGHEST   100           100 AM
 LOWEST     49           200 PM
 AVERAGE    75

..........................................................


THE BRIDGEPORT CT CLIMATE NORMALS FOR TODAY
                         NORMAL    RECORD    YEAR
 MAXIMUM TEMPERATURE (F)   67        82      1951
 MINIMUM TEMPERATURE (F)   50        40      1996
                                             1971


SUNRISE AND SUNSET
MAY 15 2016...........SUNRISE   534 AM EDT   SUNSET   804 PM EDT
MAY 16 2016...........SUNRISE   533 AM EDT   SUNSET   805 PM EDT


-  INDICATES NEGATIVE NUMBERS.
R  INDICATES RECORD WAS SET OR TIED.
MM INDICATES DATA IS MISSING.
T  INDICATES TRACE AMOUNT.




$$
