000
CDUS41 KOKX 190618
CLIBDR


CLIMATE REPORT
NATIONAL WEATHER SERVICE NEW YORK NY
218 AM EDT SUN MAR 19 2017


...................................

...THE BRIDGEPORT CT CLIMATE SUMMARY FOR MARCH 18 2017...

CLIMATE NORMAL PERIOD 1981 TO 2010
CLIMATE RECORD PERIOD 1948 TO 2017


WEATHER ITEM   OBSERVED TIME   RECORD YEAR NORMAL DEPARTURE LAST
                VALUE   (LST)  VALUE       VALUE  FROM      YEAR
                                                  NORMAL
..................................................................
TEMPERATURE (F)
 YESTERDAY
  MAXIMUM         39    845 PM  76    2011  48     -9       56
  MINIMUM         27    245 AM   9    1967  32     -5       40
  AVERAGE         33                        40     -7       48

PRECIPITATION (IN)
  YESTERDAY        T             2.75 1983   0.13  -0.13     0.00
  MONTH TO DATE    1.99                      2.27  -0.28     1.38
  SINCE MAR 1      1.99                      2.27  -0.28     1.38
  SINCE JAN 1      7.18                      8.16  -0.98     8.54

SNOWFALL (IN)
  YESTERDAY        T             3.7  1949   0.1   -0.1      0.0
  MONTH TO DATE   11.1                       3.7    7.4      0.3
  SINCE OCT 1     40.9                      25.3   15.6     25.2
  SINCE JUL 1     40.9                      25.3   15.6     25.2
  SNOW DEPTH       6

DEGREE DAYS
 HEATING
  YESTERDAY       32                        25      7       17
  MONTH TO DATE  543                       498     45      368
  SINCE MAR 1    543                       498     45      368
  SINCE JUL 1   3710                      4385   -675     3503

 COOLING
  YESTERDAY        0                         0      0        0
  MONTH TO DATE    0                         0      0        0
  SINCE MAR 1      0                         0      0        0
  SINCE JAN 1      0                         0      0        0
..................................................................


WIND (MPH)
  HIGHEST WIND SPEED    23   HIGHEST WIND DIRECTION     E (90)
  HIGHEST GUST SPEED    29   HIGHEST GUST DIRECTION     E (100)
  AVERAGE WIND SPEED    13.2


SKY COVER
  AVERAGE SKY COVER 0.6


WEATHER CONDITIONS
 THE FOLLOWING WEATHER WAS RECORDED YESTERDAY.
  NO SIGNIFICANT WEATHER WAS OBSERVED.


RELATIVE HUMIDITY (PERCENT)
 HIGHEST    70           300 PM
 LOWEST     43           800 AM
 AVERAGE    57

..........................................................


THE BRIDGEPORT CT CLIMATE NORMALS FOR TODAY
                         NORMAL    RECORD    YEAR
 MAXIMUM TEMPERATURE (F)   48        68      2012
 MINIMUM TEMPERATURE (F)   32         4      1967


SUNRISE AND SUNSET
MARCH 19 2017.........SUNRISE   657 AM EDT   SUNSET   704 PM EDT
MARCH 20 2017.........SUNRISE   656 AM EDT   SUNSET   705 PM EDT


-  INDICATES NEGATIVE NUMBERS.
R  INDICATES RECORD WAS SET OR TIED.
MM INDICATES DATA IS MISSING.
T  INDICATES TRACE AMOUNT.




$$
