000
CDUS41 KOKX 310636
CLIBDR


CLIMATE REPORT
NATIONAL WEATHER SERVICE NEW YORK NY
130 AM EST SUN DEC 31 2017


...................................

...THE BRIDGEPORT CT CLIMATE SUMMARY FOR DECEMBER 30 2017...

CLIMATE NORMAL PERIOD 1981 TO 2010
CLIMATE RECORD PERIOD 1948 TO 2017


WEATHER ITEM   OBSERVED TIME   RECORD YEAR NORMAL DEPARTURE LAST
                VALUE   (LST)  VALUE       VALUE  FROM      YEAR
                                                  NORMAL
..................................................................
TEMPERATURE (F)
 YESTERDAY
  MAXIMUM         22    345 PM  61    1984  38    -16       43
  MINIMUM         12    412 AM  -1    1962  24    -12       34
  AVERAGE         17                        31    -14       39

PRECIPITATION (IN)
  YESTERDAY        0.10          1.69 1948   0.10   0.00     0.00
  MONTH TO DATE    1.69                      3.24  -1.55     3.43
  SINCE DEC 1      1.69                      3.24  -1.55     3.43
  SINCE JAN 1     41.25                     42.65  -1.40    39.40

SNOWFALL (IN)
  YESTERDAY        1.9          10.0  2000   0.3    1.6      0.0
  MONTH TO DATE    8.7                       4.9    3.8      6.0
  SINCE OCT 1      8.7                       5.6    3.1      6.0
  SINCE JUL 1      8.7                       5.6    3.1      6.0
  SNOW DEPTH       0

DEGREE DAYS
 HEATING
  YESTERDAY       48                        34     14       26
  MONTH TO DATE  918                       887     31      811
  SINCE DEC 1    918                       887     31      811
  SINCE JUL 1   1673                      1861   -188     1539

 COOLING
  YESTERDAY        0                         0      0        0
  MONTH TO DATE    0                         0      0        0
  SINCE DEC 1      0                         0      0        0
  SINCE JAN 1   1053                       825    228     1270
..................................................................


WIND (MPH)
  HIGHEST WIND SPEED    12   HIGHEST WIND DIRECTION    SW (220)
  HIGHEST GUST SPEED    14   HIGHEST GUST DIRECTION     W (270)
  AVERAGE WIND SPEED     4.4


SKY COVER
  AVERAGE SKY COVER 0.6


WEATHER CONDITIONS
 THE FOLLOWING WEATHER WAS RECORDED YESTERDAY.
  SNOW
  LIGHT SNOW
  FOG
  HAZE


RELATIVE HUMIDITY (PERCENT)
 HIGHEST    84           100 PM
 LOWEST     58           200 AM
 AVERAGE    71

..........................................................


THE BRIDGEPORT CT CLIMATE NORMALS FOR TODAY
                         NORMAL    RECORD    YEAR
 MAXIMUM TEMPERATURE (F)   38        57      1965
 MINIMUM TEMPERATURE (F)   24         0      1962


SUNRISE AND SUNSET
DECEMBER 31 2017......SUNRISE   718 AM EST   SUNSET   434 PM EST
JANUARY  1 2018.......SUNRISE   718 AM EST   SUNSET   435 PM EST


-  INDICATES NEGATIVE NUMBERS.
R  INDICATES RECORD WAS SET OR TIED.
MM INDICATES DATA IS MISSING.
T  INDICATES TRACE AMOUNT.




$$
