000
CDUS41 KOKX 012044
CLIBDR


CLIMATE REPORT
NATIONAL WEATHER SERVICE NEW YORK NY
444 PM EDT THU JUN 1 2017


...................................

...THE BRIDGEPORT CT CLIMATE SUMMARY FOR JUNE 1 2017...
VALID TODAY AS OF 0400 PM LOCAL TIME.

CLIMATE NORMAL PERIOD 1981 TO 2010
CLIMATE RECORD PERIOD 1948 TO 2017


WEATHER ITEM   OBSERVED TIME   RECORD YEAR NORMAL DEPARTURE LAST
                VALUE   (LST)  VALUE       VALUE  FROM      YEAR
                                                  NORMAL
..................................................................
TEMPERATURE (F)
 TODAY
  MAXIMUM         81    244 PM  88    1951  73      8       78
  MINIMUM         59    322 AM  41    1967  56      3       63
  AVERAGE         70                        64      6       71

PRECIPITATION (IN)
  TODAY            0.12          1.48 1950   0.15  -0.03     0.00
  MONTH TO DATE    0.12                      0.15  -0.03     0.00
  SINCE JUN 1      0.12                      0.15  -0.03     0.00
  SINCE JAN 1     19.96                     18.02   1.94    15.54

SNOWFALL (IN)
  TODAY            0.0           0.0  2002   0.0    0.0      0.0
                                      2001
  MONTH TO DATE    0.0                       0.0    0.0      0.0
  SINCE OCT 1     40.9                      27.6   13.3     27.3
  SINCE JUL 1     40.9                      27.6   13.3     27.3
  SNOW DEPTH       0

DEGREE DAYS
 HEATING
  TODAY            0                         3     -3        0
  MONTH TO DATE    0                         3     -3        0
  SINCE JUN 1      0                         3     -3        0
  SINCE JUL 1   4540                      5363   -823     4417

 COOLING
  TODAY            5                         2      3        6
  MONTH TO DATE    5                         2      3        6
  SINCE JUN 1      5                         2      3        6
  SINCE JAN 1     49                        26     23       64
..................................................................


WIND (MPH)
  HIGHEST WIND SPEED    15   HIGHEST WIND DIRECTION    SW (210)
  HIGHEST GUST SPEED    18   HIGHEST GUST DIRECTION    SW (210)
  AVERAGE WIND SPEED     6.7


SKY COVER
  AVERAGE SKY COVER 0.2


WEATHER CONDITIONS
 THE FOLLOWING WEATHER WAS RECORDED TODAY.
  THUNDERSTORM
  RAIN
  LIGHT RAIN
  FOG


RELATIVE HUMIDITY (PERCENT)
 HIGHEST    90           200 AM
 LOWEST     52           100 PM
 AVERAGE    71

..........................................................


THE BRIDGEPORT CT CLIMATE NORMALS FOR TOMORROW
                         NORMAL    RECORD    YEAR
 MAXIMUM TEMPERATURE (F)   73        88      1989
 MINIMUM TEMPERATURE (F)   56        43      1966


SUNRISE AND SUNSET
JUNE  1 2017..........SUNRISE   522 AM EDT   SUNSET   819 PM EDT
JUNE  2 2017..........SUNRISE   522 AM EDT   SUNSET   820 PM EDT


-  INDICATES NEGATIVE NUMBERS.
R  INDICATES RECORD WAS SET OR TIED.
MM INDICATES DATA IS MISSING.
T  INDICATES TRACE AMOUNT.




$$
