565
CDUS41 KOKX 010619
CLIBDR


CLIMATE REPORT
NATIONAL WEATHER SERVICE NEW YORK NY
118 AM EST MON FEB 1 2016


...................................

...THE BRIDGEPORT CT CLIMATE SUMMARY FOR JANUARY 31 2016...

CLIMATE NORMAL PERIOD 1981 TO 2010
CLIMATE RECORD PERIOD 1948 TO 2016


WEATHER ITEM   OBSERVED TIME   RECORD YEAR NORMAL DEPARTURE LAST
                VALUE   (LST)  VALUE       VALUE  FROM      YEAR
                                                  NORMAL
..................................................................
TEMPERATURE (F)
 YESTERDAY
  MAXIMUM         50    353 PM  58    2013  37     13       24
  MINIMUM         35   1057 PM   5    1965  23     12       10
  AVERAGE         43                        30     13       17

PRECIPITATION (IN)
  YESTERDAY        0.00          0.60 1949   0.10  -0.10     0.00
  MONTH TO DATE    2.26                      3.10  -0.84     4.11
  SINCE DEC 1      7.20                      6.43   0.77     9.76
  SINCE JAN 1      2.26                      3.10  -0.84     4.11

SNOWFALL (IN)
  YESTERDAY        0.0           3.5  1949   0.3   -0.3      0.0
  MONTH TO DATE   10.3                       7.7    2.6     18.7
  SINCE OCT 1     11.0                      13.5   -2.5     19.6
  SINCE JUL 1     11.0                      13.5   -2.5     19.6
  SNOW DEPTH       1

DEGREE DAYS
 HEATING
  YESTERDAY       22                        35    -13       48
  MONTH TO DATE  980                      1081   -101     1145
  SINCE DEC 1   1524                      2002   -478     1943
  SINCE JUL 1   2268                      2976   -708     2849

 COOLING
  YESTERDAY        0                         0      0        0
  MONTH TO DATE    0                         0      0        0
  SINCE DEC 1      0                         0      0        0
  SINCE JAN 1      0                         0      0        0
..................................................................


WIND (MPH)
  HIGHEST WIND SPEED    15   HIGHEST WIND DIRECTION    SW (220)
  HIGHEST GUST SPEED    18   HIGHEST GUST DIRECTION    SW (220)
  AVERAGE WIND SPEED     6.5


SKY COVER
  AVERAGE SKY COVER 0.0


WEATHER CONDITIONS
 THE FOLLOWING WEATHER WAS RECORDED YESTERDAY.
  NO SIGNIFICANT WEATHER WAS OBSERVED.


RELATIVE HUMIDITY (PERCENT)
 HIGHEST    92          1100 PM
 LOWEST     46           400 PM
 AVERAGE    69

..........................................................


THE BRIDGEPORT CT CLIMATE NORMALS FOR TODAY
                         NORMAL    RECORD    YEAR
 MAXIMUM TEMPERATURE (F)   38        62      2012
 MINIMUM TEMPERATURE (F)   24         0      1961


SUNRISE AND SUNSET
FEBRUARY  1 2016......SUNRISE   704 AM EST   SUNSET   509 PM EST
FEBRUARY  2 2016......SUNRISE   703 AM EST   SUNSET   510 PM EST


-  INDICATES NEGATIVE NUMBERS.
R  INDICATES RECORD WAS SET OR TIED.
MM INDICATES DATA IS MISSING.
T  INDICATES TRACE AMOUNT.




$$
